{"id":777982,"date":"2025-10-27T16:56:12","date_gmt":"2025-10-27T13:56:12","guid":{"rendered":"https:\/\/roveyayinevi.com.tr\/index.php\/urun\/dort-halife-uc-cinayet\/"},"modified":"2026-04-16T02:41:38","modified_gmt":"2026-04-15T23:41:38","slug":"dort-halife-uc-cinayet","status":"publish","type":"product","link":"https:\/\/roveyayinevi.com.tr\/index.php\/urun\/dort-halife-uc-cinayet\/","title":{"rendered":"D\u00f6rt Halife \u00dc\u00e7 Cinayet"},"content":{"rendered":"<p>Fetih olgusunun dayand\u0131\u011f\u0131 temel muharrik olan cihat \u00fclk\u00fcs\u00fc ve buna ba\u011fl\u0131 olarak \u015fehit olmak, d\u00f6rt halife de d\u00e2hil ashab\u0131n temenni etti\u011fi bir \u015feydi. K\u00e2firlerle sava\u015farak \u015fehit olma temennisi d\u00f6rt halife i\u00e7in ger\u00e7ekle\u015fmemi\u015ftir. Hz. Eb\u00fb Bekir hastalanarak vefat etmi\u015f; Hz. \u00d6mer, bir Mecusi taraf\u0131ndan \u015fehit edilmi\u015f; Hz. Osman ve Hz. Ali ise kendilerini M\u00fcsl\u00fcman olarak tan\u0131mlayan ve \u0130slam \u00fcmmeti aras\u0131ndan \u00e7\u0131kan ki\u015filerce u\u011frad\u0131klar\u0131 suikastlarla \u00f6ld\u00fcr\u00fclm\u00fc\u015flerdir.Bu \u00e7al\u0131\u015fmada, d\u00f6rt halifenin vefatlar\u0131, \u00e7e\u015fitli y\u00f6nleriyle, sebepleri, sonu\u00e7lar\u0131 ve etkileriyle ele al\u0131nmaya \u00e7al\u0131\u015f\u0131lm\u0131\u015ft\u0131r. \u0130nceledi\u011fimiz d\u00f6nemde Hz. Eb\u00fb Bekir hari\u00e7 halifelerin hepsinin bir suikast neticesinde vefat etmesi, tarihin sadece iyi \u00f6rnekler \u00fczerinden anlat\u0131lmas\u0131n\u0131n eksik ve yetersiz oldu\u011funu g\u00f6stermektedir. Kanaatimizce ba\u015fta ilk halifeler d\u00f6nemi olmak \u00fczere tarih so\u011fukkanl\u0131l\u0131kla, anla\u015f\u0131larak ve sindirilerek okunmal\u0131d\u0131r. Esas\u0131nda burada anlatt\u0131\u011f\u0131m\u0131z, zaaflar\u0131yla ve g\u00fc\u00e7l\u00fc y\u00f6nleriyle insan\u0131n tarihidir.<\/p>\n","protected":false},"excerpt":{"rendered":"<p>Fetih olgusunun dayand\u0131\u011f\u0131 temel muharrik olan cihat \u00fclk\u00fcs\u00fc ve buna ba\u011fl\u0131 olarak \u015fehit olmak, d\u00f6rt halife de d\u00e2hil ashab\u0131n temenni etti\u011fi bir \u015feydi. K\u00e2firlerle sava\u015farak \u015fehit<span class=\"excerpt-hellip\"> [\u2026]<\/span><\/p>\n","protected":false},"featured_media":0,"template":"","meta":{"_monsterinsights_skip_tracking":false,"_monsterinsights_sitenote_active":false,"_monsterinsights_sitenote_note":"","_monsterinsights_sitenote_category":0},"product_brand":[],"product_cat":[12718,12719,18109],"product_tag":[],"class_list":{"0":"post-777982","1":"product","2":"type-product","3":"status-publish","5":"product_cat-din","6":"product_cat-islam","7":"product_cat-islam-tarihi","8":"pa_cilt-ciltsiz","9":"pa_tur-kitap","10":"pa_yayinevi-beyan-yayinlari","11":"pa_yazar-adnan-demircan","13":"first","14":"instock","15":"sale","16":"shipping-taxable","17":"purchasable","18":"product-type-simple"},"_links":{"self":[{"href":"https:\/\/roveyayinevi.com.tr\/index.php\/wp-json\/wp\/v2\/product\/777982","targetHints":{"allow":["GET"]}}],"collection":[{"href":"https:\/\/roveyayinevi.com.tr\/index.php\/wp-json\/wp\/v2\/product"}],"about":[{"href":"https:\/\/roveyayinevi.com.tr\/index.php\/wp-json\/wp\/v2\/types\/product"}],"wp:attachment":[{"href":"https:\/\/roveyayinevi.com.tr\/index.php\/wp-json\/wp\/v2\/media?parent=777982"}],"wp:term":[{"taxonomy":"product_brand","embeddable":true,"href":"https:\/\/roveyayinevi.com.tr\/index.php\/wp-json\/wp\/v2\/product_brand?post=777982"},{"taxonomy":"product_cat","embeddable":true,"href":"https:\/\/roveyayinevi.com.tr\/index.php\/wp-json\/wp\/v2\/product_cat?post=777982"},{"taxonomy":"product_tag","embeddable":true,"href":"https:\/\/roveyayinevi.com.tr\/index.php\/wp-json\/wp\/v2\/product_tag?post=777982"}],"curies":[{"name":"wp","href":"https:\/\/api.w.org\/{rel}","templated":true}]}}