{"id":777977,"date":"2025-10-27T15:48:32","date_gmt":"2025-10-27T12:48:32","guid":{"rendered":"https:\/\/roveyayinevi.com.tr\/index.php\/urun\/enerji-kan-kokuyor\/"},"modified":"2025-11-07T06:02:13","modified_gmt":"2025-11-07T03:02:13","slug":"enerji-kan-kokuyor","status":"publish","type":"product","link":"https:\/\/roveyayinevi.com.tr\/index.php\/urun\/enerji-kan-kokuyor\/","title":{"rendered":"Enerji Kan Kokuyor"},"content":{"rendered":"<p>D\u00fcnya ge\u00e7mi\u015fine k\u0131saca g\u00f6z gezdirdi\u011fimizde bir sava\u015flar tarihiyle kar\u015f\u0131la\u015f\u0131r\u0131z. Bu sava\u015flar\u0131n pek az\u0131 ama\u00e7s\u0131z ger\u00e7ekle\u015fmi\u015ftir. \u00d6zellikle s\u00f6m\u00fcrgeci imparatorluklar\u0131n, evren \u00fczerindeki do\u011fal kaynaklara umars\u0131zca h\u00fccum etmeye ba\u015flad\u0131\u011f\u0131 tarihten bug\u00fcne dek, insanlar\u0131n t\u00fckenmek bilmeyen doyumsuzlu\u011fu \u00e7ok daha a\u00e7\u0131k bir \u015fekilde g\u00f6z\u00fcm\u00fcze \u00e7arpmaktad\u0131r.Sava\u015flar\u0131 ilgin\u00e7 k\u0131lan durum ise; bir enerji aray\u0131\u015f\u0131 u\u011fruna insanlar\u0131n y\u0131llarca s\u00fcrecek sava\u015flara girip bu sava\u015flar\u0131n yak\u0131t\u0131n\u0131 da yine bir ba\u015fka kaynaklar\u0131 s\u00f6m\u00fcrerek elde etmek zorunda kalmalar\u0131d\u0131r. \u0130nsano\u011flunun bitmek bilmeyen enerji iste\u011fi, bir d\u00f6ng\u00fc haline gelerek yery\u00fcz\u00fcn\u00fc bir felaket sahnesine \u00e7evirmektedir. Bug\u00fcn bu felaketi, hayatlar\u0131n\u0131n her an\u0131nda, her zerresinde hisseden, belki de bizim habersiz oldu\u011fumuz milyonlarca insan ya\u015famaktad\u0131r. Bu felaketin izini ise k\u00fcresel \u0131s\u0131nma iddialar\u0131nda aramam\u0131za gerek yok. Felaket, Asya K\u0131tas\u0131\u2019n\u0131n kalbindedir. Yakla\u015f\u0131k elli y\u0131l \u00f6nce D\u00fcnya`n\u0131n en b\u00fcy\u00fck g\u00f6l\u00fc olan Aral, bug\u00fcn sular\u0131n\u0131n y\u00fczde doksan\u0131n\u0131 yitirmi\u015f durumdad\u0131r. Hiro\u015fima halen ak\u0131llarda, Halep\u00e7e ise hemen yan\u0131 ba\u015f\u0131m\u0131zda iken; her an bir \u00c7ernobil daha ya\u015famayaca\u011f\u0131m\u0131z\u0131 kim garanti edebilir? Irak\u2019ta, Afganistan\u2019da, Orta Asya`da ve D\u00fcnya\u2019n\u0131n belki de ismini bile \u015fimdiye kadar duymad\u0131\u011f\u0131m\u0131z bir\u00e7ok yerinde, zihnimizin alamad\u0131\u011f\u0131 vah\u015fet dolu geli\u015fmeler ya\u015fanmaktad\u0131r. Her g\u00fcn y\u00fczlerce ki\u015finin katledildi\u011fi haberini televizyonlardan duymak do\u011fal kabul edilir olmu\u015fken; bu \u00e7at\u0131\u015fmalar\u0131n, vah\u015fice k\u0131y\u0131mlar\u0131n alt\u0131nda tek bir ger\u00e7ek yatmaktad\u0131r: Enerji. Art\u0131k enerji i\u00e7in ise devir, Biyokimyasal Sava\u015f devridir.Ke\u015fke, sava\u015fman\u0131n bile ahl\u00e2ki kurallar\u0131 olsayd\u0131.<\/p>\n","protected":false},"excerpt":{"rendered":"<p>D\u00fcnya ge\u00e7mi\u015fine k\u0131saca g\u00f6z gezdirdi\u011fimizde bir sava\u015flar tarihiyle kar\u015f\u0131la\u015f\u0131r\u0131z. Bu sava\u015flar\u0131n pek az\u0131 ama\u00e7s\u0131z ger\u00e7ekle\u015fmi\u015ftir. \u00d6zellikle s\u00f6m\u00fcrgeci imparatorluklar\u0131n, evren \u00fczerindeki do\u011fal kaynaklara umars\u0131zca h\u00fccum etmeye ba\u015flad\u0131\u011f\u0131<span class=\"excerpt-hellip\"> [\u2026]<\/span><\/p>\n","protected":false},"featured_media":0,"template":"","meta":{"_monsterinsights_skip_tracking":false,"_monsterinsights_sitenote_active":false,"_monsterinsights_sitenote_note":"","_monsterinsights_sitenote_category":0},"product_brand":[],"product_cat":[13590,12337],"product_tag":[],"class_list":{"0":"post-777977","1":"product","2":"type-product","3":"status-publish","5":"product_cat-arastirma-inceleme-politika-siyaset","6":"product_cat-politika-siyaset","7":"pa_cilt-ciltsiz","8":"pa_tur-kitap","9":"pa_yayinevi-motto-yayinlari","10":"pa_yazar-dogan-aydal","12":"first","13":"instock","14":"sale","15":"shipping-taxable","16":"purchasable","17":"product-type-simple"},"_links":{"self":[{"href":"https:\/\/roveyayinevi.com.tr\/index.php\/wp-json\/wp\/v2\/product\/777977","targetHints":{"allow":["GET"]}}],"collection":[{"href":"https:\/\/roveyayinevi.com.tr\/index.php\/wp-json\/wp\/v2\/product"}],"about":[{"href":"https:\/\/roveyayinevi.com.tr\/index.php\/wp-json\/wp\/v2\/types\/product"}],"wp:attachment":[{"href":"https:\/\/roveyayinevi.com.tr\/index.php\/wp-json\/wp\/v2\/media?parent=777977"}],"wp:term":[{"taxonomy":"product_brand","embeddable":true,"href":"https:\/\/roveyayinevi.com.tr\/index.php\/wp-json\/wp\/v2\/product_brand?post=777977"},{"taxonomy":"product_cat","embeddable":true,"href":"https:\/\/roveyayinevi.com.tr\/index.php\/wp-json\/wp\/v2\/product_cat?post=777977"},{"taxonomy":"product_tag","embeddable":true,"href":"https:\/\/roveyayinevi.com.tr\/index.php\/wp-json\/wp\/v2\/product_tag?post=777977"}],"curies":[{"name":"wp","href":"https:\/\/api.w.org\/{rel}","templated":true}]}}