{"id":777976,"date":"2025-10-27T15:39:42","date_gmt":"2025-10-27T12:39:42","guid":{"rendered":"https:\/\/roveyayinevi.com.tr\/index.php\/urun\/maden-savaslari\/"},"modified":"2025-11-07T05:53:19","modified_gmt":"2025-11-07T02:53:19","slug":"maden-savaslari","status":"publish","type":"product","link":"https:\/\/roveyayinevi.com.tr\/index.php\/urun\/maden-savaslari\/","title":{"rendered":"Maden Sava\u015flar\u0131"},"content":{"rendered":"<p>D\u00fcnyan\u0131n; ba\u011fr\u0131nda saklad\u0131\u011f\u0131 onca zenginlik, yery\u00fcz\u00fcn\u00fcn kalk\u0131nmas\u0131 i\u00e7in b\u00fcy\u00fck bir \u00fcmit olabilecekken, ele ge\u00e7irip sahip olma d\u00fcrt\u00fcs\u00fc her \u015feyin \u00f6n\u00fcne ge\u00e7ti. Son y\u00fczy\u0131llar\u0131n neredeyse t\u00fcm sava\u015flar\u0131 madenler i\u00e7in yap\u0131ld\u0131; sun\u00ee ayr\u0131mlar yarat\u0131ld\u0131, halklar birbirine k\u0131rd\u0131r\u0131ld\u0131, haritalar yeniden \u00e7izildi, s\u0131n\u0131rlara kan s\u0131zd\u0131.Okuyacaklar\u0131n\u0131z, ke\u015fke k\u00f6t\u00fc bir filmin senaryosu olsayd\u0131; ama bu hik\u00e2ye, Avrupal\u0131n\u0131n, Orta Afrika\u2019ya geldi\u011fi bilinen ilk tarihten itibaren ba\u015flayan kurgu d\u0131\u015f\u0131 bir ger\u00e7eklik.Elinizde bulunan bu kitap, toplanan bilgilerin sadece k\u00fc\u00e7\u00fcc\u00fck bir k\u0131sm\u0131d\u0131r. Bu bilgilerin bir kitap haline getirilme arzusu ise; \u00f6ncelikle Avrupal\u0131n\u0131n, insan olarak ve \u00fclke olarak, davran\u0131\u015f mekanizmalar\u0131nda tekrarlanan benzerlikleri, taktikleri ve bunlar\u0131n sebep oldu\u011fu sonu\u00e7lar\u0131, b\u00fct\u00fcn \u00e7\u0131plakl\u0131\u011f\u0131 ve bir\u00e7ok detaylar\u0131 ile g\u00f6sterme arzusudur.<\/p>\n","protected":false},"excerpt":{"rendered":"<p>D\u00fcnyan\u0131n; ba\u011fr\u0131nda saklad\u0131\u011f\u0131 onca zenginlik, yery\u00fcz\u00fcn\u00fcn kalk\u0131nmas\u0131 i\u00e7in b\u00fcy\u00fck bir \u00fcmit olabilecekken, ele ge\u00e7irip sahip olma d\u00fcrt\u00fcs\u00fc her \u015feyin \u00f6n\u00fcne ge\u00e7ti. Son y\u00fczy\u0131llar\u0131n neredeyse t\u00fcm sava\u015flar\u0131<span class=\"excerpt-hellip\"> [\u2026]<\/span><\/p>\n","protected":false},"featured_media":0,"template":"","meta":{"_monsterinsights_skip_tracking":false,"_monsterinsights_sitenote_active":false,"_monsterinsights_sitenote_note":"","_monsterinsights_sitenote_category":0},"product_brand":[],"product_cat":[12370,12304],"product_tag":[],"class_list":{"0":"post-777976","1":"product","2":"type-product","3":"status-publish","5":"product_cat-arastirma-inceleme","6":"product_cat-tarih","7":"pa_cilt-ciltsiz","8":"pa_tur-kitap","9":"pa_yayinevi-motto-yayinlari","10":"pa_yazar-dogan-aydal","12":"first","13":"instock","14":"sale","15":"shipping-taxable","16":"purchasable","17":"product-type-simple"},"_links":{"self":[{"href":"https:\/\/roveyayinevi.com.tr\/index.php\/wp-json\/wp\/v2\/product\/777976","targetHints":{"allow":["GET"]}}],"collection":[{"href":"https:\/\/roveyayinevi.com.tr\/index.php\/wp-json\/wp\/v2\/product"}],"about":[{"href":"https:\/\/roveyayinevi.com.tr\/index.php\/wp-json\/wp\/v2\/types\/product"}],"wp:attachment":[{"href":"https:\/\/roveyayinevi.com.tr\/index.php\/wp-json\/wp\/v2\/media?parent=777976"}],"wp:term":[{"taxonomy":"product_brand","embeddable":true,"href":"https:\/\/roveyayinevi.com.tr\/index.php\/wp-json\/wp\/v2\/product_brand?post=777976"},{"taxonomy":"product_cat","embeddable":true,"href":"https:\/\/roveyayinevi.com.tr\/index.php\/wp-json\/wp\/v2\/product_cat?post=777976"},{"taxonomy":"product_tag","embeddable":true,"href":"https:\/\/roveyayinevi.com.tr\/index.php\/wp-json\/wp\/v2\/product_tag?post=777976"}],"curies":[{"name":"wp","href":"https:\/\/api.w.org\/{rel}","templated":true}]}}