{"id":777973,"date":"2025-10-27T14:14:41","date_gmt":"2025-10-27T11:14:41","guid":{"rendered":"https:\/\/roveyayinevi.com.tr\/index.php\/urun\/osmanlinin-son-savasi\/"},"modified":"2026-04-16T02:19:47","modified_gmt":"2026-04-15T23:19:47","slug":"osmanlinin-son-savasi","status":"publish","type":"product","link":"https:\/\/roveyayinevi.com.tr\/index.php\/urun\/osmanlinin-son-savasi\/","title":{"rendered":"Osmanl\u0131&#8217;n\u0131n Son Sava\u015f\u0131"},"content":{"rendered":"<p>Bu \u00fclke, 1914 A\u011fustosu\u2019nda bir mukadderat an\u0131na varm\u0131\u015f olarak, ka\u00e7\u0131namayaca\u011f\u0131 bir \u00f6l\u00fcm kal\u0131m m\u00fccadelesine \u00e7a\u011fr\u0131lm\u0131\u015ft\u0131. T\u00fcrkiye, Avrupa tarihindeki bu en \u015fekillendirici ve b\u00fcy\u00fck m\u00fccadelenin alt\u0131 ana muharip taraflar\u0131ndan biri olmakla kalmam\u0131\u015f, sava\u015f\u0131n sonu\u00e7lar\u0131na da \u00e7ok \u00f6nemli bir etki icra etmi\u015ftir. O noktaya nas\u0131l ve nerelerden geldi\u011fimizi unutup da, bug\u00fcn i\u00e7in anlaml\u0131 bir konu\u015fma yapamay\u0131z. Ge\u00e7mi\u015fin ve g\u00f6\u00e7\u00fcp gitmi\u015f o nesillerin ac\u0131lar\u0131n\u0131 hissedemez, i\u00e7inden \u00e7\u0131kamad\u0131klar\u0131 ikilemlerini de anlayamay\u0131z. B\u00fct\u00fcn bu d\u00f6nemi \u00f6zensiz ve bilgiden yoksun \u015fekilde ele almaya hakk\u0131m\u0131z yok. Mesele, tarihimizdeki bu en kritik d\u00f6nemi kendi \u015fartlar\u0131 ve b\u00fct\u00fcnselli\u011fi i\u00e7inde kavrayabilmektir. Ac\u0131lar aras\u0131nda bir hiyerar\u015fi de yarat\u0131lamaz, hat\u0131ralara sayg\u0131s\u0131zl\u0131k da\u2026 \u00c7\u00f6z\u00fcl\u00fcp yok olmakta olan bir \u00fclkede meydana gelen insanl\u0131k trajedilerinin vebalini tek y\u00f6ne do\u011fru atmak, dahas\u0131, bu ac\u0131lar\u0131 g\u00fc\u00e7lerinin doru\u011fundaki Avrupal\u0131lar\u0131n kendi serbest iradeleriyle yol a\u00e7t\u0131klar\u0131 b\u00fcy\u00fck insan\u00ee trajediler ve Holokost\u2019la ayn\u0131 d\u00fczleme oturtmak ve tek tarafl\u0131 cereyan etmi\u015f gibi g\u00f6stermek, -ki bu meselenin insan\u00ee \u00f6z\u00fcne do\u011fru yol al\u0131nmas\u0131n\u0131 engellemekte- eski bir siyasi m\u00fccadeleyi bilin\u00e7li \u015fekilde modern zamanlara ta\u015f\u0131maktad\u0131r. Bu y\u00fczden de iyi niyetli ve ne olup bitti\u011fini ger\u00e7ekten anlama gayreti i\u00e7inde olan bir tarih m\u00fcnaka\u015fas\u0131yla kar\u015f\u0131 kar\u015f\u0131ya de\u011filiz. Yeni nesiller, yery\u00fcz\u00fcn\u00fcn ba\u011flant\u0131 noktalar\u0131ndan koptu\u011fu bu zaman diliminin i\u00e7erdi\u011fi anlam\u0131, basit ve y\u00fczeysel zorlamalar\u0131n dayatt\u0131\u011f\u0131 dar \u00e7er\u00e7eveler i\u00e7inden de\u011fil, derinlerde yakalamaktan yana olacaklard\u0131r. <\/p>\n","protected":false},"excerpt":{"rendered":"<p>Bu \u00fclke, 1914 A\u011fustosu\u2019nda bir mukadderat an\u0131na varm\u0131\u015f olarak, ka\u00e7\u0131namayaca\u011f\u0131 bir \u00f6l\u00fcm kal\u0131m m\u00fccadelesine \u00e7a\u011fr\u0131lm\u0131\u015ft\u0131. T\u00fcrkiye, Avrupa tarihindeki bu en \u015fekillendirici ve b\u00fcy\u00fck m\u00fccadelenin alt\u0131 ana<span class=\"excerpt-hellip\"> [\u2026]<\/span><\/p>\n","protected":false},"featured_media":0,"template":"","meta":{"_monsterinsights_skip_tracking":false,"_monsterinsights_sitenote_active":false,"_monsterinsights_sitenote_note":"","_monsterinsights_sitenote_category":0},"product_brand":[],"product_cat":[13517,12304],"product_tag":[],"class_list":{"0":"post-777973","1":"product","2":"type-product","3":"status-publish","5":"product_cat-osmanli-tarihi","6":"product_cat-tarih","7":"pa_cilt-ciltsiz","8":"pa_tur-kitap","9":"pa_yayinevi-otuken-nesriyat","10":"pa_yazar-altay-cengizer","12":"first","13":"instock","14":"sale","15":"shipping-taxable","16":"purchasable","17":"product-type-simple"},"_links":{"self":[{"href":"https:\/\/roveyayinevi.com.tr\/index.php\/wp-json\/wp\/v2\/product\/777973","targetHints":{"allow":["GET"]}}],"collection":[{"href":"https:\/\/roveyayinevi.com.tr\/index.php\/wp-json\/wp\/v2\/product"}],"about":[{"href":"https:\/\/roveyayinevi.com.tr\/index.php\/wp-json\/wp\/v2\/types\/product"}],"wp:attachment":[{"href":"https:\/\/roveyayinevi.com.tr\/index.php\/wp-json\/wp\/v2\/media?parent=777973"}],"wp:term":[{"taxonomy":"product_brand","embeddable":true,"href":"https:\/\/roveyayinevi.com.tr\/index.php\/wp-json\/wp\/v2\/product_brand?post=777973"},{"taxonomy":"product_cat","embeddable":true,"href":"https:\/\/roveyayinevi.com.tr\/index.php\/wp-json\/wp\/v2\/product_cat?post=777973"},{"taxonomy":"product_tag","embeddable":true,"href":"https:\/\/roveyayinevi.com.tr\/index.php\/wp-json\/wp\/v2\/product_tag?post=777973"}],"curies":[{"name":"wp","href":"https:\/\/api.w.org\/{rel}","templated":true}]}}