{"id":777965,"date":"2025-10-27T05:55:16","date_gmt":"2025-10-27T02:55:16","guid":{"rendered":"https:\/\/roveyayinevi.com.tr\/index.php\/urun\/didar-i-hurriyet-kartpostallarla-ikinci-mesrutiyet-1908-1913\/"},"modified":"2025-10-29T11:54:52","modified_gmt":"2025-10-29T08:54:52","slug":"didar-i-hurriyet-kartpostallarla-ikinci-mesrutiyet-1908-1913","status":"publish","type":"product","link":"https:\/\/roveyayinevi.com.tr\/index.php\/urun\/didar-i-hurriyet-kartpostallarla-ikinci-mesrutiyet-1908-1913\/","title":{"rendered":"Didar-\u0131 H\u00fcrriyet &#8211; Kartpostallarla \u0130kinci Me\u015frutiyet (1908-1913)"},"content":{"rendered":"<p>Did\u00e2r-\u0131 H\u00fcrriyet\u2019in yaz\u0131l\u0131\u015f amac\u0131 d\u00f6nemin siyasal ve sosyal arka plan\u0131n\u0131, o g\u00fcnlere damgas\u0131n\u0131 vuran asker\u00ee ve siyas\u00ee akt\u00f6rlerin davran\u0131\u015f nedenlerini ara\u015ft\u0131rmaya ve anlamaya \u00e7al\u0131\u015fmakt\u0131r. &#8230; Kitab\u0131, metin ve onunla uyumlu belge niteli\u011findeki 382 kartpostal\u0131n yan\u0131 s\u0131ra, d\u00f6nemin ruhunu yans\u0131tan siyas\u00ee-satirik mizah dergisi Kalem\u2019den ald\u0131\u011f\u0131m 19 karikat\u00fcr\u00fcn yard\u0131m\u0131yla g\u00f6r\u00fcn\u00fcr k\u0131lmaya gayret ettim.\u2013Sacit KutluDr. Sacit Kutlu\u2019nun, \u201c\u00d6zg\u00fcrl\u00fc\u011f\u00fcn G\u00fczel Y\u00fcz\u00fc\u201d anlam\u0131na gelen Did\u00e2r-\u0131 H\u00fcrriyet ba\u015fl\u0131kl\u0131 kitab\u0131, resimleriyle bir belgesel-film tad\u0131nda. Buradaki d\u00f6rty\u00fcze yak\u0131n kartpostal\u0131n \u00e7o\u011funu ben ilk kez g\u00f6r\u00fcyorum. Sacit Bey bunlar\u0131n \u00f6yk\u00fcs\u00fcn\u00fc de do\u011fru ve dengeli olarak anlat\u0131yor.\u2014Mete Tun\u00e7aySacit Kutlu bu harikulade kitab\u0131nda kartpostallar\u0131 bir araya getiriyor, ayr\u0131ca yazar\u0131n \u00e7ok iyi haz\u0131rlanm\u0131\u015f metni d\u00f6neme dair bilgimizi ve anlay\u0131\u015f\u0131m\u0131z\u0131 geli\u015ftiriyor. Kendi kitab\u0131m\u0131 yazarken bu \u00f6nemli kayna\u011f\u0131n elimde olmas\u0131n\u0131 dilerdim.\u2014Feroz Ahmed<\/p>\n","protected":false},"excerpt":{"rendered":"<p>Did\u00e2r-\u0131 H\u00fcrriyet\u2019in yaz\u0131l\u0131\u015f amac\u0131 d\u00f6nemin siyasal ve sosyal arka plan\u0131n\u0131, o g\u00fcnlere damgas\u0131n\u0131 vuran asker\u00ee ve siyas\u00ee akt\u00f6rlerin davran\u0131\u015f nedenlerini ara\u015ft\u0131rmaya ve anlamaya \u00e7al\u0131\u015fmakt\u0131r. &#8230; Kitab\u0131,<span class=\"excerpt-hellip\"> [\u2026]<\/span><\/p>\n","protected":false},"featured_media":0,"template":"","meta":{"_monsterinsights_skip_tracking":false,"_monsterinsights_sitenote_active":false,"_monsterinsights_sitenote_note":"","_monsterinsights_sitenote_category":0},"product_brand":[],"product_cat":[13517,12304],"product_tag":[],"class_list":{"0":"post-777965","1":"product","2":"type-product","3":"status-publish","5":"product_cat-osmanli-tarihi","6":"product_cat-tarih","7":"pa_cilt-ciltsiz","8":"pa_tur-kitap","9":"pa_yayinevi-alfa-yayinlari","10":"pa_yazar-sacit-kutlu","12":"first","13":"instock","14":"sale","15":"shipping-taxable","16":"purchasable","17":"product-type-simple"},"_links":{"self":[{"href":"https:\/\/roveyayinevi.com.tr\/index.php\/wp-json\/wp\/v2\/product\/777965","targetHints":{"allow":["GET"]}}],"collection":[{"href":"https:\/\/roveyayinevi.com.tr\/index.php\/wp-json\/wp\/v2\/product"}],"about":[{"href":"https:\/\/roveyayinevi.com.tr\/index.php\/wp-json\/wp\/v2\/types\/product"}],"wp:attachment":[{"href":"https:\/\/roveyayinevi.com.tr\/index.php\/wp-json\/wp\/v2\/media?parent=777965"}],"wp:term":[{"taxonomy":"product_brand","embeddable":true,"href":"https:\/\/roveyayinevi.com.tr\/index.php\/wp-json\/wp\/v2\/product_brand?post=777965"},{"taxonomy":"product_cat","embeddable":true,"href":"https:\/\/roveyayinevi.com.tr\/index.php\/wp-json\/wp\/v2\/product_cat?post=777965"},{"taxonomy":"product_tag","embeddable":true,"href":"https:\/\/roveyayinevi.com.tr\/index.php\/wp-json\/wp\/v2\/product_tag?post=777965"}],"curies":[{"name":"wp","href":"https:\/\/api.w.org\/{rel}","templated":true}]}}