{"id":777947,"date":"2025-10-27T05:54:44","date_gmt":"2025-10-27T02:54:44","guid":{"rendered":"https:\/\/roveyayinevi.com.tr\/index.php\/urun\/cok-tatli-guneste-eglence\/"},"modified":"2026-04-15T03:43:40","modified_gmt":"2026-04-15T00:43:40","slug":"cok-tatli-guneste-eglence","status":"publish","type":"product","link":"https:\/\/roveyayinevi.com.tr\/index.php\/urun\/cok-tatli-guneste-eglence\/","title":{"rendered":"\u00c7ok Tatl\u0131 &#8211; G\u00fcne\u015fte E\u011flence"},"content":{"rendered":"<p>HAYAT TATLI S\u00dcRPR\u0130ZLERLE VE G\u00dcLEN Y\u00dcZLERLE \u00c7OK DAHA G\u00dcZEL!Tatl\u0131 D\u00fcnya\u2019da p\u0131r\u0131l p\u0131r\u0131l bir g\u00fcn, herkes Arkada\u015fl\u0131k Festivali\u2019ne haz\u0131rlan\u0131yor! Minik Micky ve arkada\u015flar\u0131 piknik i\u00e7in enfes tatl\u0131lar haz\u0131rl\u0131yor: Karamel p\u00fcsk\u00fcrten VOLKAN pastas\u0131, sihirli \u015fim\u015fek kurabiyeleri ve \u00e7amurlu tart! Ancak Micky\u2019nin tarifinde \u00e7ok \u00f6zel bir tat eksik! S\u0130H\u0130RL\u0130 malzemeyi bulmak i\u00e7in yolculuk zaman\u0131! Bu tatl\u0131 macerada Micky ve arkada\u015flar\u0131n\u0131 k\u00f6t\u00fc s\u00fcrprizler bekliyor olabilir!Birbirimizi farkl\u0131l\u0131klar\u0131m\u0131zla kabul edebildi\u011fimiz, kahkahalar att\u0131ran, kalpleri \u0131s\u0131tacak bir hik\u00e2ye.<\/p>\n","protected":false},"excerpt":{"rendered":"<p>HAYAT TATLI S\u00dcRPR\u0130ZLERLE VE G\u00dcLEN Y\u00dcZLERLE \u00c7OK DAHA G\u00dcZEL!Tatl\u0131 D\u00fcnya\u2019da p\u0131r\u0131l p\u0131r\u0131l bir g\u00fcn, herkes Arkada\u015fl\u0131k Festivali\u2019ne haz\u0131rlan\u0131yor! Minik Micky ve arkada\u015flar\u0131 piknik i\u00e7in enfes tatl\u0131lar<span class=\"excerpt-hellip\"> [\u2026]<\/span><\/p>\n","protected":false},"featured_media":0,"template":"","meta":{"_monsterinsights_skip_tracking":false,"_monsterinsights_sitenote_active":false,"_monsterinsights_sitenote_note":"","_monsterinsights_sitenote_category":0},"product_brand":[],"product_cat":[12274,12284],"product_tag":[],"class_list":{"0":"post-777947","1":"product","2":"type-product","3":"status-publish","5":"product_cat-cocuk-ve-genclik-kitaplari","6":"product_cat-hikayeler","7":"pa_cilt-ciltsiz","8":"pa_tur-kitap","9":"pa_yayinevi-is-bankasi-kultur-yayinlari","10":"pa_yazar-pip-bird","12":"first","13":"instock","14":"sale","15":"shipping-taxable","16":"purchasable","17":"product-type-simple"},"_links":{"self":[{"href":"https:\/\/roveyayinevi.com.tr\/index.php\/wp-json\/wp\/v2\/product\/777947","targetHints":{"allow":["GET"]}}],"collection":[{"href":"https:\/\/roveyayinevi.com.tr\/index.php\/wp-json\/wp\/v2\/product"}],"about":[{"href":"https:\/\/roveyayinevi.com.tr\/index.php\/wp-json\/wp\/v2\/types\/product"}],"wp:attachment":[{"href":"https:\/\/roveyayinevi.com.tr\/index.php\/wp-json\/wp\/v2\/media?parent=777947"}],"wp:term":[{"taxonomy":"product_brand","embeddable":true,"href":"https:\/\/roveyayinevi.com.tr\/index.php\/wp-json\/wp\/v2\/product_brand?post=777947"},{"taxonomy":"product_cat","embeddable":true,"href":"https:\/\/roveyayinevi.com.tr\/index.php\/wp-json\/wp\/v2\/product_cat?post=777947"},{"taxonomy":"product_tag","embeddable":true,"href":"https:\/\/roveyayinevi.com.tr\/index.php\/wp-json\/wp\/v2\/product_tag?post=777947"}],"curies":[{"name":"wp","href":"https:\/\/api.w.org\/{rel}","templated":true}]}}