{"id":777923,"date":"2025-10-27T05:53:56","date_gmt":"2025-10-27T02:53:56","guid":{"rendered":"https:\/\/roveyayinevi.com.tr\/index.php\/urun\/daha-iyi-bir-tez-nasil-yazilir\/"},"modified":"2026-04-15T03:43:38","modified_gmt":"2026-04-15T00:43:38","slug":"daha-iyi-bir-tez-nasil-yazilir","status":"publish","type":"product","link":"https:\/\/roveyayinevi.com.tr\/index.php\/urun\/daha-iyi-bir-tez-nasil-yazilir\/","title":{"rendered":"Daha \u0130yi Bir Tez Nas\u0131l Yaz\u0131l\u0131r"},"content":{"rendered":"<p>Basit bir tan\u0131mla tez, geni\u015fletilmi\u015f bir arg\u00fcmand\u0131r. Bir tezin ge\u00e7erli say\u0131labilmesi i\u00e7in alandaki uzmanlar taraf\u0131ndan de\u011ferlendirildi\u011finde, alandaki bilgi birikimine \u00f6zg\u00fcn bir katk\u0131 sunmas\u0131 beklenir. Bu katk\u0131 mant\u0131kl\u0131, yap\u0131land\u0131r\u0131lm\u0131\u015f ve savunulabilir bir ak\u0131l y\u00fcr\u00fctmeye dayanmal\u0131 ve g\u00fcvenilir, do\u011frulanabilir kan\u0131tlarla desteklenmelidir. Bir\u00e7ok akademik \u00e7al\u0131\u015fma aras\u0131nda tezlerin istisnai bir durumu vard\u0131r: Her biri farkl\u0131d\u0131r ve standart veya genel bir yap\u0131lar\u0131 yoktur. Tez dan\u0131\u015fmanlar\u0131n\u0131n \u00e7o\u011fu yaln\u0131zca bir kez tez yazm\u0131\u015ft\u0131r ve yaz\u0131m s\u00fcrecinde g\u00f6sterilen t\u00fcm \u00e7abaya ra\u011fmen bir tezi dikkatlice okuyanlar genellikle yaln\u0131zca proje dan\u0131\u015fmanlar\u0131, tez de\u011ferlendirme komitesi \u00fcyeleri ve belirli bir uzman akademisyen kitlesidir. En ba\u015f\u0131ndan itibaren bir tezin ne oldu\u011fu konusunda sa\u011flam bir fikre sahip olmak \u00f6nemlidir; bu nedenle tezler \u00fczerine yap\u0131lacak bir tart\u0131\u015fmaya ba\u015flamak i\u00e7in en iyi yer muhtemelen tezlerin amac\u0131d\u0131r.<\/p>\n","protected":false},"excerpt":{"rendered":"<p>Basit bir tan\u0131mla tez, geni\u015fletilmi\u015f bir arg\u00fcmand\u0131r. Bir tezin ge\u00e7erli say\u0131labilmesi i\u00e7in alandaki uzmanlar taraf\u0131ndan de\u011ferlendirildi\u011finde, alandaki bilgi birikimine \u00f6zg\u00fcn bir katk\u0131 sunmas\u0131 beklenir. Bu katk\u0131<span class=\"excerpt-hellip\"> [\u2026]<\/span><\/p>\n","protected":false},"featured_media":0,"template":"","meta":{"_monsterinsights_skip_tracking":false,"_monsterinsights_sitenote_active":false,"_monsterinsights_sitenote_note":"","_monsterinsights_sitenote_category":0},"product_brand":[],"product_cat":[52477],"product_tag":[],"class_list":{"0":"post-777923","1":"product","2":"type-product","3":"status-publish","5":"product_cat-arastirma","6":"pa_cilt-ciltsiz","7":"pa_tur-kitap","8":"pa_yayinevi-ani-yayincilik","9":"pa_yazar-david-evans-paul-gruba-justin-zobel","11":"first","12":"instock","13":"sale","14":"shipping-taxable","15":"purchasable","16":"product-type-simple"},"_links":{"self":[{"href":"https:\/\/roveyayinevi.com.tr\/index.php\/wp-json\/wp\/v2\/product\/777923","targetHints":{"allow":["GET"]}}],"collection":[{"href":"https:\/\/roveyayinevi.com.tr\/index.php\/wp-json\/wp\/v2\/product"}],"about":[{"href":"https:\/\/roveyayinevi.com.tr\/index.php\/wp-json\/wp\/v2\/types\/product"}],"wp:attachment":[{"href":"https:\/\/roveyayinevi.com.tr\/index.php\/wp-json\/wp\/v2\/media?parent=777923"}],"wp:term":[{"taxonomy":"product_brand","embeddable":true,"href":"https:\/\/roveyayinevi.com.tr\/index.php\/wp-json\/wp\/v2\/product_brand?post=777923"},{"taxonomy":"product_cat","embeddable":true,"href":"https:\/\/roveyayinevi.com.tr\/index.php\/wp-json\/wp\/v2\/product_cat?post=777923"},{"taxonomy":"product_tag","embeddable":true,"href":"https:\/\/roveyayinevi.com.tr\/index.php\/wp-json\/wp\/v2\/product_tag?post=777923"}],"curies":[{"name":"wp","href":"https:\/\/api.w.org\/{rel}","templated":true}]}}