{"id":777886,"date":"2025-10-27T05:52:39","date_gmt":"2025-10-27T02:52:39","guid":{"rendered":"https:\/\/roveyayinevi.com.tr\/index.php\/urun\/patancali-ve-yoga\/"},"modified":"2026-04-15T03:43:35","modified_gmt":"2026-04-15T00:43:35","slug":"patancali-ve-yoga","status":"publish","type":"product","link":"https:\/\/roveyayinevi.com.tr\/index.php\/urun\/patancali-ve-yoga\/","title":{"rendered":"Patancali ve Yoga"},"content":{"rendered":"<p>Patancali ve Yoga, Bat\u0131\u2019da b\u00fcy\u00fck ilgi g\u00f6ren yogik d\u00fc\u015f\u00fcnceye; onun tarihine, geli\u015fimine ve ne anlama geldi\u011fine dair a\u00e7\u0131k, sade ve anla\u015f\u0131l\u0131r bir bak\u0131\u015f sunuyor. Bu kitap yaln\u0131zca yoga tekniklerini ve uygulamalar\u0131n\u0131 anlatan bir rehber de\u011fil.Yoga, insan\u0131n ac\u0131 ve \u0131st\u0131rab\u0131 a\u015fma aray\u0131\u015f\u0131yla ortaya \u00e7\u0131km\u0131\u015ft\u0131r; ba\u015flang\u0131\u00e7ta, arkaik ve b\u00fcy\u00fcsel ara\u00e7lara benzeyen y\u00f6ntemlerle \u015fekillenmi\u015fti. Bu y\u00f6ntemler Patancali\u2019den \u00e7ok \u00f6nce biliniyordu; fakat Eliade, yogay\u0131 ilk kez sistemli bi\u00e7imde yaz\u0131ya d\u00f6ken d\u00fc\u015f\u00fcn\u00fcr olan Patancali\u2019nin Yoga Sutr\u0101lar\u0131na odaklanmay\u0131 tercih etmi\u015ftir. Patancali\u2019nin izinden giden Hintli d\u00fc\u015f\u00fcn\u00fcrler, yogay\u0131 trans halleri, kendini hipnotize etme ya da yapay vecd durumlar\u0131ndan \u00f6zenle ay\u0131rm\u0131\u015f ve onun \u00f6zg\u00fcn do\u011fas\u0131n\u0131 ke\u015ffetmeye y\u00f6nelmi\u015flerdir. Yogik uygulamalar, farkl\u0131 bi\u00e7imleriyle Hindistan tarihinin ayr\u0131lmaz bir par\u00e7as\u0131n\u0131 olu\u015fturur.Hindistan, en eski zamanlardan beri Bat\u0131\u2019n\u0131n \u201cde\u011fi\u015fmi\u015f bilin\u00e7 halleri\u201d dedi\u011fi deneyimlerle derinden ilgilenmi\u015ftir. Yoga, bireyin belirleyici ko\u015fullanmalardan kurtulmas\u0131n\u0131 sa\u011flar ve onu s\u00f6zc\u00fcklerle tarif edilemeyecek bir \u00f6zg\u00fcrl\u00fck haliyle bulu\u015fturur. Bu \u00f6zg\u00fcrle\u015fmeyle birlikte, modern bilim insanlar\u0131n\u0131 bile hayrete d\u00fc\u015f\u00fcren \u2013ve zaman zaman \u201cb\u00fcy\u00fc\u201d ya da \u201cok\u00fclt\u201d diye nitelendirilen\u2013 ola\u011fan\u00fcst\u00fc zihinsel ve bedensel yetenekler de ortaya \u00e7\u0131kabilir.<\/p>\n","protected":false},"excerpt":{"rendered":"<p>Patancali ve Yoga, Bat\u0131\u2019da b\u00fcy\u00fck ilgi g\u00f6ren yogik d\u00fc\u015f\u00fcnceye; onun tarihine, geli\u015fimine ve ne anlama geldi\u011fine dair a\u00e7\u0131k, sade ve anla\u015f\u0131l\u0131r bir bak\u0131\u015f sunuyor. Bu kitap<span class=\"excerpt-hellip\"> [\u2026]<\/span><\/p>\n","protected":false},"featured_media":0,"template":"","meta":{"_monsterinsights_skip_tracking":false,"_monsterinsights_sitenote_active":false,"_monsterinsights_sitenote_note":"","_monsterinsights_sitenote_category":0},"product_brand":[],"product_cat":[141304],"product_tag":[],"class_list":{"0":"post-777886","1":"product","2":"type-product","3":"status-publish","5":"product_cat-yeni-cikanlar","6":"pa_cilt-ciltsiz","7":"pa_tur-kitap","8":"pa_yayinevi-dogu-bati-yayinlari","9":"pa_yazar-mircea-eliade","11":"first","12":"instock","13":"sale","14":"shipping-taxable","15":"purchasable","16":"product-type-simple"},"_links":{"self":[{"href":"https:\/\/roveyayinevi.com.tr\/index.php\/wp-json\/wp\/v2\/product\/777886","targetHints":{"allow":["GET"]}}],"collection":[{"href":"https:\/\/roveyayinevi.com.tr\/index.php\/wp-json\/wp\/v2\/product"}],"about":[{"href":"https:\/\/roveyayinevi.com.tr\/index.php\/wp-json\/wp\/v2\/types\/product"}],"wp:attachment":[{"href":"https:\/\/roveyayinevi.com.tr\/index.php\/wp-json\/wp\/v2\/media?parent=777886"}],"wp:term":[{"taxonomy":"product_brand","embeddable":true,"href":"https:\/\/roveyayinevi.com.tr\/index.php\/wp-json\/wp\/v2\/product_brand?post=777886"},{"taxonomy":"product_cat","embeddable":true,"href":"https:\/\/roveyayinevi.com.tr\/index.php\/wp-json\/wp\/v2\/product_cat?post=777886"},{"taxonomy":"product_tag","embeddable":true,"href":"https:\/\/roveyayinevi.com.tr\/index.php\/wp-json\/wp\/v2\/product_tag?post=777886"}],"curies":[{"name":"wp","href":"https:\/\/api.w.org\/{rel}","templated":true}]}}