{"id":777885,"date":"2025-10-27T05:52:38","date_gmt":"2025-10-27T02:52:38","guid":{"rendered":"https:\/\/roveyayinevi.com.tr\/index.php\/urun\/yogasutra\/"},"modified":"2026-04-15T03:43:35","modified_gmt":"2026-04-15T00:43:35","slug":"yogasutra","status":"publish","type":"product","link":"https:\/\/roveyayinevi.com.tr\/index.php\/urun\/yogasutra\/","title":{"rendered":"Yogas\u016btra"},"content":{"rendered":"<p>Yoga, akl\u0131n gereksiz d\u00fc\u015f\u00fcncelerden ar\u0131nd\u0131r\u0131larak sars\u0131lmaz bir huzura erdirilmesidir.   \u0130nsan, sahip oldu\u011fu tarzda, yani kendi kalesinde, huzurlu olmak i\u00e7in nas\u0131l bir yol izlemelidir?   Yoga felsefesini Yogas\u016btra adl\u0131 eseriyle sistemle\u015ftiren Patancali, Sutra ad\u0131 verilen k\u0131sa \u00f6zdeyi\u015flerle insanl\u0131\u011fa bu yolu a\u00e7\u0131klamaya \u00e7al\u0131\u015fm\u0131\u015ft\u0131r. O, eserinde, \u201cCahil ki\u015fi; ge\u00e7iciyi kal\u0131c\u0131, kirliyi temiz, kederliyi ne\u015feli, benliksizli\u011fi de benlik olarak d\u00fc\u015f\u00fcn\u00fcr.\u201d der. Ya\u015fama k\u00f6r\u00fc k\u00f6r\u00fcne yap\u0131\u015fmay\u0131 ele\u015ftirir. Ona g\u00f6re \u201chen\u00fcz gelmemi\u015f ac\u0131dan ka\u00e7\u0131nmak\u201d m\u00fcmk\u00fcnd\u00fcr. \u201cK\u00f6t\u00fc d\u00fc\u015f\u00fcnceler rahats\u0131z etti\u011finde onlar\u0131n aksine olanlar geli\u015ftirilmelidir.\u201d \u201cKanaatk\u00e2rl\u0131kla en y\u00fcksek mutluluk elde edilir.\u201d   Patancali bu \u00f6l\u00fcms\u00fcz eserinde, Samkhya felsefesi gibi, kendinden \u00f6nceki felsef\u00ee olu\u015fumlardan da yararlanm\u0131\u015f, kendisinden sonrakilere yol g\u00f6stermi\u015ftir.   Yoga ayn\u0131 zamanda ba\u015fka bir\u00e7ok dinin ya da felsefi g\u00f6r\u00fc\u015f\u00fcn i\u00e7inde uygulanabilen bir metot olmay\u0131 da ba\u015farm\u0131\u015ft\u0131r. <\/p>\n","protected":false},"excerpt":{"rendered":"<p>Yoga, akl\u0131n gereksiz d\u00fc\u015f\u00fcncelerden ar\u0131nd\u0131r\u0131larak sars\u0131lmaz bir huzura erdirilmesidir. \u0130nsan, sahip oldu\u011fu tarzda, yani kendi kalesinde, huzurlu olmak i\u00e7in nas\u0131l bir yol izlemelidir? Yoga felsefesini Yogas\u016btra<span class=\"excerpt-hellip\"> [\u2026]<\/span><\/p>\n","protected":false},"featured_media":0,"template":"","meta":{"_monsterinsights_skip_tracking":false,"_monsterinsights_sitenote_active":false,"_monsterinsights_sitenote_note":"","_monsterinsights_sitenote_category":0},"product_brand":[],"product_cat":[13365,19822],"product_tag":[],"class_list":{"0":"post-777885","1":"product","2":"type-product","3":"status-publish","5":"product_cat-saglik","6":"product_cat-yoga-meditasyon","7":"pa_cilt-ciltsiz","8":"pa_tur-kitap","9":"pa_yayinevi-dogu-bati-yayinlari","10":"pa_yazar-patancali","12":"first","13":"instock","14":"sale","15":"shipping-taxable","16":"purchasable","17":"product-type-simple"},"_links":{"self":[{"href":"https:\/\/roveyayinevi.com.tr\/index.php\/wp-json\/wp\/v2\/product\/777885","targetHints":{"allow":["GET"]}}],"collection":[{"href":"https:\/\/roveyayinevi.com.tr\/index.php\/wp-json\/wp\/v2\/product"}],"about":[{"href":"https:\/\/roveyayinevi.com.tr\/index.php\/wp-json\/wp\/v2\/types\/product"}],"wp:attachment":[{"href":"https:\/\/roveyayinevi.com.tr\/index.php\/wp-json\/wp\/v2\/media?parent=777885"}],"wp:term":[{"taxonomy":"product_brand","embeddable":true,"href":"https:\/\/roveyayinevi.com.tr\/index.php\/wp-json\/wp\/v2\/product_brand?post=777885"},{"taxonomy":"product_cat","embeddable":true,"href":"https:\/\/roveyayinevi.com.tr\/index.php\/wp-json\/wp\/v2\/product_cat?post=777885"},{"taxonomy":"product_tag","embeddable":true,"href":"https:\/\/roveyayinevi.com.tr\/index.php\/wp-json\/wp\/v2\/product_tag?post=777885"}],"curies":[{"name":"wp","href":"https:\/\/api.w.org\/{rel}","templated":true}]}}