{"id":777869,"date":"2025-10-27T05:50:02","date_gmt":"2025-10-27T02:50:02","guid":{"rendered":"https:\/\/roveyayinevi.com.tr\/index.php\/urun\/turkiyenin-goc-ve-iskan-politikasinda-turk-soyluluk-tanim-kapsam-ve-uygulama\/"},"modified":"2026-04-15T03:43:06","modified_gmt":"2026-04-15T00:43:06","slug":"turkiyenin-goc-ve-iskan-politikasinda-turk-soyluluk-tanim-kapsam-ve-uygulama","status":"publish","type":"product","link":"https:\/\/roveyayinevi.com.tr\/index.php\/urun\/turkiyenin-goc-ve-iskan-politikasinda-turk-soyluluk-tanim-kapsam-ve-uygulama\/","title":{"rendered":"T\u00fcrkiye\u2019nin G\u00f6\u00e7 ve \u0130skan Politikas\u0131nda T\u00fcrk Soyluluk: Tan\u0131m, Kapsam ve Uygulama"},"content":{"rendered":"<p>\u00c7al\u0131\u015fma, Osmanl\u0131\u2019dan Cumhuriyet\u2019e kadim bir gelenek olarak aktar\u0131lan g\u00f6\u00e7 ve isk\u00e2n politikas\u0131n\u0131n merkezinde bulunan T\u00fcrk soyluluk kavram\u0131 \u00fczerine yo\u011funla\u015fm\u0131\u015ft\u0131r. Ulus devletin in\u015fas\u0131nda Cumhuriyet\u2019e aktar\u0131lan bu ifade, yabanc\u0131 uyru\u011fa tabi olunsa dahi kurucu de\u011ferlere at\u0131fta bulunarak \u201cT\u00fcrkl\u00fck\u201d kavram\u0131n\u0131n i\u00e7eri\u011finin analizi a\u00e7\u0131s\u0131ndan hem hukuksal hem de siyasal anlamda \u00f6neme sahiptir. Modern anlamda vatanda\u015fl\u0131k alg\u0131s\u0131n\u0131n soyutlanmas\u0131 yoluyla ortaya \u00e7\u0131kan ve geleneksel bir anlama sahip olan T\u00fcrk soyluluk ifadesine y\u00f6nelik bu \u00e7al\u0131\u015fma; soy ve soyda\u015fl\u0131k kavramlar\u0131n\u0131n k\u00fclt\u00fcrel ve siyasal anlamlar\u0131yla modern vatanda\u015fl\u0131k teorilerinin kar\u015f\u0131la\u015ft\u0131rmas\u0131yla ba\u015flam\u0131\u015ft\u0131r. G\u00f6\u00e7 ve isk\u00e2n kavramlar\u0131n\u0131n hukuksal ve tarihsel geli\u015fimi \u00fczerinden sunulan anlat\u0131da, siyasal bir s\u00f6ylem olan T\u00fcrk soylulu\u011fun g\u00fcncel d\u00fczeyde varl\u0131k alan\u0131 bulabilmesiyle neticelendirilmi\u015ftir. T\u00fcrk soylulu\u011fun hukuksal metinlerde yer edinme s\u00fcreci ve uygulama safhas\u0131nda kar\u015f\u0131la\u015f\u0131lan zorluklarla birlikte kapsam\u0131n siyasalla\u015fmas\u0131 ile \u201cT\u00fcrk soylu kimdir?\u201d ifadesi bir sorunsal olarak kar\u015f\u0131m\u0131za \u00e7\u0131kmaktad\u0131r. Cumhuriyet tarihi boyunca, siyasal elitler taraf\u0131ndan n\u00fcfus, g\u00f6\u00e7 ve isk\u00e2n politikalar\u0131 \u00fczerinden anlam kazand\u0131r\u0131lmaya \u00e7al\u0131\u015f\u0131lan bu politika 2013 y\u0131l\u0131nda sivil g\u00f6\u00e7 yasas\u0131n\u0131n ortaya \u00e7\u0131kmas\u0131yla farkl\u0131 bir a\u015famaya ge\u00e7mi\u015ftir. T\u00fcrkiye\u2019nin g\u00f6\u00e7 mevzuat\u0131n\u0131n uluslararas\u0131 hukuk ve Avrupa Birli\u011fi M\u00fcktesebat\u0131yla uyumu \u00e7er\u00e7evesinde yeniden kurgulanmas\u0131 yasal d\u00fczen kar\u015f\u0131s\u0131nda tarihsel bir deneyim olan T\u00fcrk soylulu\u011fu ayr\u0131 bir s\u0131nava tabi tutulmu\u015ftur. \u00c7al\u0131\u015fma, T\u00fcrk soyluluk kavram\u0131n\u0131n g\u00f6\u00e7 ve isk\u00e2n ba\u015fl\u0131klar\u0131 \u00fczerinden g\u00fcncel dinamikler i\u00e7erisinde varl\u0131k alan\u0131 bulabilmesi sav\u0131yla neticelendirilmi\u015ftir. T\u00fcrkiye\u2019nin g\u00f6\u00e7 ve isk\u00e2n tarihinde \u00f6zel bir konuma sahip olan T\u00fcrk soylulu\u011fun, fiiliyatta isk\u00e2n s\u00fcre\u00e7leriyle ili\u015fkilendirilmesinin k\u0131s\u0131tl\u0131l\u0131\u011f\u0131na vurgu yap\u0131lan \u00e7al\u0131\u015fmada, bu durumun isk\u00e2n politikas\u0131n\u0131 s\u0131n\u0131rland\u0131rd\u0131\u011f\u0131na vurgusu yap\u0131lm\u0131\u015ft\u0131r. \u0130sk\u00e2n s\u00fcre\u00e7lerinin n\u00fcfus ve g\u00f6\u00e7 politikas\u0131yla olan ba\u011f\u0131n\u0131n sadece T\u00fcrk soylular \u00fczerinden kurgulanmas\u0131, politikalar\u0131n i\u015flevselli\u011fine zarar getirebilmektedir. G\u00fcncel g\u00f6\u00e7 politikas\u0131nda T\u00fcrk soylulu\u011fun resmi yaz\u0131mda g\u00f6r\u00fcnmeyen \u00e7ehresi, tarihsel uygulama ve mevzuat a\u00e7\u0131s\u0131ndan di\u011fer bir sorunsal\u0131 da ortaya koymaktad\u0131r. Bu durum, \u00e7al\u0131\u015fmam\u0131zda T\u00fcrk soylulu\u011fun tarihsel bir ger\u00e7eklik mi yoksa siyasal bir s\u00f6ylem mi oldu\u011funa y\u00f6nelik soruyu cevaplamam\u0131za yard\u0131mc\u0131 olmu\u015ftur. <\/p>\n","protected":false},"excerpt":{"rendered":"<p>\u00c7al\u0131\u015fma, Osmanl\u0131\u2019dan Cumhuriyet\u2019e kadim bir gelenek olarak aktar\u0131lan g\u00f6\u00e7 ve isk\u00e2n politikas\u0131n\u0131n merkezinde bulunan T\u00fcrk soyluluk kavram\u0131 \u00fczerine yo\u011funla\u015fm\u0131\u015ft\u0131r. Ulus devletin in\u015fas\u0131nda Cumhuriyet\u2019e aktar\u0131lan bu ifade,<span class=\"excerpt-hellip\"> [\u2026]<\/span><\/p>\n","protected":false},"featured_media":0,"template":"","meta":{"_monsterinsights_skip_tracking":false,"_monsterinsights_sitenote_active":false,"_monsterinsights_sitenote_note":"","_monsterinsights_sitenote_category":0},"product_brand":[],"product_cat":[12337,17225],"product_tag":[],"class_list":{"0":"post-777869","1":"product","2":"type-product","3":"status-publish","5":"product_cat-politika-siyaset","6":"product_cat-uluslararasi-iliskiler","7":"pa_cilt-ciltsiz","8":"pa_tur-kitap","9":"pa_yayinevi-astana-yayinlari","10":"pa_yazar-metin-kislik","12":"first","13":"instock","14":"sale","15":"shipping-taxable","16":"purchasable","17":"product-type-simple"},"_links":{"self":[{"href":"https:\/\/roveyayinevi.com.tr\/index.php\/wp-json\/wp\/v2\/product\/777869","targetHints":{"allow":["GET"]}}],"collection":[{"href":"https:\/\/roveyayinevi.com.tr\/index.php\/wp-json\/wp\/v2\/product"}],"about":[{"href":"https:\/\/roveyayinevi.com.tr\/index.php\/wp-json\/wp\/v2\/types\/product"}],"wp:attachment":[{"href":"https:\/\/roveyayinevi.com.tr\/index.php\/wp-json\/wp\/v2\/media?parent=777869"}],"wp:term":[{"taxonomy":"product_brand","embeddable":true,"href":"https:\/\/roveyayinevi.com.tr\/index.php\/wp-json\/wp\/v2\/product_brand?post=777869"},{"taxonomy":"product_cat","embeddable":true,"href":"https:\/\/roveyayinevi.com.tr\/index.php\/wp-json\/wp\/v2\/product_cat?post=777869"},{"taxonomy":"product_tag","embeddable":true,"href":"https:\/\/roveyayinevi.com.tr\/index.php\/wp-json\/wp\/v2\/product_tag?post=777869"}],"curies":[{"name":"wp","href":"https:\/\/api.w.org\/{rel}","templated":true}]}}

Türkiye’nin Göç ve İskan Politikasında Türk Soyluluk: Tanım, Kapsam ve Uygulama

<p>Çalışma, Osmanlı’dan Cumhuriyet’e kadim bir gelenek olarak aktarılan göç ve iskân politikasının merkezinde bulunan Türk soyluluk kavramı üzerine yoğunlaşmıştır. Ulus devletin inşasında Cumhuriyet’e aktarılan bu ifade, yabancı uyruğa tabi olunsa dahi kurucu değerlere atıfta bulunarak “Türklük” kavramının içeriğinin analizi açısından hem hukuksal hem de siyasal anlamda öneme sahiptir. Modern anlamda vatandaşlık algısının soyutlanması yoluyla ortaya çıkan ve geleneksel bir anlama sahip olan Türk soyluluk ifadesine yönelik bu çalışma; soy ve soydaşlık kavramlarının kültürel ve siyasal anlamlarıyla modern vatandaşlık teorilerinin karşılaştırmasıyla başlamıştır. Göç ve iskân kavramlarının hukuksal ve tarihsel gelişimi üzerinden sunulan anlatıda, siyasal bir söylem olan Türk soyluluğun güncel düzeyde varlık alanı bulabilmesiyle neticelendirilmiştir. Türk soyluluğun hukuksal metinlerde yer edinme süreci ve uygulama safhasında karşılaşılan zorluklarla birlikte kapsamın siyasallaşması ile “Türk soylu kimdir?” ifadesi bir sorunsal olarak karşımıza çıkmaktadır. Cumhuriyet tarihi boyunca, siyasal elitler tarafından nüfus, göç ve iskân politikaları üzerinden anlam kazandırılmaya çalışılan bu politika 2013 yılında sivil göç yasasının ortaya çıkmasıyla farklı bir aşamaya geçmiştir. Türkiye’nin göç mevzuatının uluslararası hukuk ve Avrupa Birliği Müktesebatıyla uyumu çerçevesinde yeniden kurgulanması yasal düzen karşısında tarihsel bir deneyim olan Türk soyluluğu ayrı bir sınava tabi tutulmuştur. Çalışma, Türk soyluluk kavramının göç ve iskân başlıkları üzerinden güncel dinamikler içerisinde varlık alanı bulabilmesi savıyla neticelendirilmiştir. Türkiye’nin göç ve iskân tarihinde özel bir konuma sahip olan Türk soyluluğun, fiiliyatta iskân süreçleriyle ilişkilendirilmesinin kısıtlılığına vurgu yapılan çalışmada, bu durumun iskân politikasını sınırlandırdığına vurgusu yapılmıştır. İskân süreçlerinin nüfus ve göç politikasıyla olan bağının sadece Türk soylular üzerinden kurgulanması, politikaların işlevselliğine zarar getirebilmektedir. Güncel göç politikasında Türk soyluluğun resmi yazımda görünmeyen çehresi, tarihsel uygulama ve mevzuat açısından diğer bir sorunsalı da ortaya koymaktadır. Bu durum, çalışmamızda Türk soyluluğun tarihsel bir gerçeklik mi yoksa siyasal bir söylem mi olduğuna yönelik soruyu cevaplamamıza yardımcı olmuştur. </p>

<p>Çalışma, Osmanlı’dan Cumhuriyet’e kadim bir gelenek olarak aktarılan göç ve iskân politikasının merkezinde bulunan Türk soyluluk kavramı üzerine yoğunlaşmıştır. Ulus devletin inşasında Cumhuriyet’e aktarılan bu ifade,<span class="excerpt-hellip"> […]</span></p>
