{"id":777848,"date":"2025-10-27T05:34:37","date_gmt":"2025-10-27T02:34:37","guid":{"rendered":"https:\/\/roveyayinevi.com.tr\/index.php\/urun\/stem-bilim-ansiklopedisi-makineler\/"},"modified":"2026-04-15T03:39:19","modified_gmt":"2026-04-15T00:39:19","slug":"stem-bilim-ansiklopedisi-makineler","status":"publish","type":"product","link":"https:\/\/roveyayinevi.com.tr\/index.php\/urun\/stem-bilim-ansiklopedisi-makineler\/","title":{"rendered":"Stem Bilim Ansiklopedisi : Makineler"},"content":{"rendered":"<p>Nesnelerin i\u00e7inde onlar\u0131n \u00e7al\u0131\u015fmas\u0131n\u0131 sa\u011flayan nedir? STEM Bilim Ansiklopedisi serisinin Makineler kitab\u0131, yayg\u0131n olarak kullan\u0131lan makineleri, aletleri, cihazlar\u0131 ve bunlar\u0131n nas\u0131l \u00e7al\u0131\u015ft\u0131\u011f\u0131n\u0131 inceliyor. Ayr\u0131ca STEM bilimlerinin anahtar kavramlar\u0131n\u0131 i\u00e7eren detayl\u0131 bir s\u00f6zl\u00fck sunuyor. Kesit diyagramlar ve bilgi kutular\u0131yla zenginle\u015ftirilmi\u015f olan bu kitap, canl\u0131 renklerle desteklenen \u00e7izimlerle de dikkat \u00e7ekiyor.   STEM Bilim Ansiklopedisi: Makineler, makinelerin i\u00e7indeki gizli d\u00fcnyay\u0131 ve onlar\u0131 \u00e7al\u0131\u015ft\u0131ran bilimsel prensipleri ke\u015ffetmek isteyen gen\u00e7 okurlar i\u00e7in m\u00fckemmel bir kaynak sunuyor.<\/p>\n","protected":false},"excerpt":{"rendered":"<p>Nesnelerin i\u00e7inde onlar\u0131n \u00e7al\u0131\u015fmas\u0131n\u0131 sa\u011flayan nedir? STEM Bilim Ansiklopedisi serisinin Makineler kitab\u0131, yayg\u0131n olarak kullan\u0131lan makineleri, aletleri, cihazlar\u0131 ve bunlar\u0131n nas\u0131l \u00e7al\u0131\u015ft\u0131\u011f\u0131n\u0131 inceliyor. Ayr\u0131ca STEM bilimlerinin<span class=\"excerpt-hellip\"> [\u2026]<\/span><\/p>\n","protected":false},"featured_media":0,"template":"","meta":{"_monsterinsights_skip_tracking":false,"_monsterinsights_sitenote_active":false,"_monsterinsights_sitenote_note":"","_monsterinsights_sitenote_category":0},"product_brand":[],"product_cat":[12274,14573],"product_tag":[],"class_list":{"0":"post-777848","1":"product","2":"type-product","3":"status-publish","5":"product_cat-cocuk-ve-genclik-kitaplari","6":"product_cat-referans-kitaplar-cocuk-ve-genclik-kitaplari","7":"pa_cilt-ciltsiz","8":"pa_tur-kitap","9":"pa_yayinevi-cocuk-gelisimi-yayinlari","10":"pa_yazar-bramblekids","12":"first","13":"instock","14":"sale","15":"shipping-taxable","16":"purchasable","17":"product-type-simple"},"_links":{"self":[{"href":"https:\/\/roveyayinevi.com.tr\/index.php\/wp-json\/wp\/v2\/product\/777848","targetHints":{"allow":["GET"]}}],"collection":[{"href":"https:\/\/roveyayinevi.com.tr\/index.php\/wp-json\/wp\/v2\/product"}],"about":[{"href":"https:\/\/roveyayinevi.com.tr\/index.php\/wp-json\/wp\/v2\/types\/product"}],"wp:attachment":[{"href":"https:\/\/roveyayinevi.com.tr\/index.php\/wp-json\/wp\/v2\/media?parent=777848"}],"wp:term":[{"taxonomy":"product_brand","embeddable":true,"href":"https:\/\/roveyayinevi.com.tr\/index.php\/wp-json\/wp\/v2\/product_brand?post=777848"},{"taxonomy":"product_cat","embeddable":true,"href":"https:\/\/roveyayinevi.com.tr\/index.php\/wp-json\/wp\/v2\/product_cat?post=777848"},{"taxonomy":"product_tag","embeddable":true,"href":"https:\/\/roveyayinevi.com.tr\/index.php\/wp-json\/wp\/v2\/product_tag?post=777848"}],"curies":[{"name":"wp","href":"https:\/\/api.w.org\/{rel}","templated":true}]}}