{"id":777828,"date":"2025-10-27T05:08:40","date_gmt":"2025-10-27T02:08:40","guid":{"rendered":"https:\/\/roveyayinevi.com.tr\/index.php\/urun\/victor-osimhen\/"},"modified":"2026-04-15T03:35:48","modified_gmt":"2026-04-15T00:35:48","slug":"victor-osimhen","status":"publish","type":"product","link":"https:\/\/roveyayinevi.com.tr\/index.php\/urun\/victor-osimhen\/","title":{"rendered":"Victor Osimhen"},"content":{"rendered":"<p>Victor Osimhen, Nijerya\u2019n\u0131n dar sokaklar\u0131ndan d\u00fcnya futbolunun zirvesine uzanan bir ba\u015far\u0131 \u00f6yk\u00fcs\u00fcd\u00fcr. Lagos\u2019un yoksul mahallelerinden, U17 D\u00fcnya Kupas\u0131\u2019nda kazand\u0131\u011f\u0131 gol krall\u0131\u011f\u0131na ve ard\u0131ndan Bel\u00e7ika, Fransa, \u0130talya, T\u00fcrkiye gibi kul\u00fcplere uzanan yolculu\u011fu, sadece bir futbol kariyerini de\u011fil, hayallerine s\u0131k\u0131 s\u0131k\u0131ya sar\u0131lan bir insan\u0131n m\u00fccadelesini anlat\u0131yor. Osimhen, yaln\u0131zca sahadaki golleriyle de\u011fil, her zorlukla ba\u015fa \u00e7\u0131kma kararl\u0131l\u0131\u011f\u0131 ve Afrika\u2019n\u0131n gen\u00e7 yeteneklerine \u0131\u015f\u0131k tutan liderli\u011fiyle de tan\u0131n\u0131yor. Galatasaray\u2019a transferiyle T\u00fcrkiye\u2019de yeni bir maceraya at\u0131lan Victor\u2019un hik\u00e2yesi, futbolun \u00f6tesine ge\u00e7iyor ve hayata dair g\u00fc\u00e7l\u00fc dersler sunuyor. Bu kitap, Victor\u2019un m\u00fctevaz\u0131 ba\u015flang\u0131\u00e7lar\u0131ndan zirveye uzanan yolculu\u011funu, kar\u015f\u0131la\u015ft\u0131\u011f\u0131 zorluklar\u0131 nas\u0131l a\u015ft\u0131\u011f\u0131n\u0131 ve futbol sevgisiyle hayat\u0131n\u0131 nas\u0131l de\u011fi\u015ftirdi\u011fini ke\u015ffetmek isteyenler i\u00e7in ilham verici bir rehber sunuyor<\/p>\n","protected":false},"excerpt":{"rendered":"<p>Victor Osimhen, Nijerya\u2019n\u0131n dar sokaklar\u0131ndan d\u00fcnya futbolunun zirvesine uzanan bir ba\u015far\u0131 \u00f6yk\u00fcs\u00fcd\u00fcr. Lagos\u2019un yoksul mahallelerinden, U17 D\u00fcnya Kupas\u0131\u2019nda kazand\u0131\u011f\u0131 gol krall\u0131\u011f\u0131na ve ard\u0131ndan Bel\u00e7ika, Fransa, \u0130talya,<span class=\"excerpt-hellip\"> [\u2026]<\/span><\/p>\n","protected":false},"featured_media":0,"template":"","meta":{"_monsterinsights_skip_tracking":false,"_monsterinsights_sitenote_active":false,"_monsterinsights_sitenote_note":"","_monsterinsights_sitenote_category":0},"product_brand":[],"product_cat":[15563,15564],"product_tag":[],"class_list":{"0":"post-777828","1":"product","2":"type-product","3":"status-publish","5":"product_cat-hobi","6":"product_cat-spor","7":"pa_cilt-ciltsiz","8":"pa_tur-kitap","9":"pa_yayinevi-peta-kitap","10":"pa_yazar-can-eren","12":"first","13":"instock","14":"sale","15":"shipping-taxable","16":"purchasable","17":"product-type-simple"},"_links":{"self":[{"href":"https:\/\/roveyayinevi.com.tr\/index.php\/wp-json\/wp\/v2\/product\/777828","targetHints":{"allow":["GET"]}}],"collection":[{"href":"https:\/\/roveyayinevi.com.tr\/index.php\/wp-json\/wp\/v2\/product"}],"about":[{"href":"https:\/\/roveyayinevi.com.tr\/index.php\/wp-json\/wp\/v2\/types\/product"}],"wp:attachment":[{"href":"https:\/\/roveyayinevi.com.tr\/index.php\/wp-json\/wp\/v2\/media?parent=777828"}],"wp:term":[{"taxonomy":"product_brand","embeddable":true,"href":"https:\/\/roveyayinevi.com.tr\/index.php\/wp-json\/wp\/v2\/product_brand?post=777828"},{"taxonomy":"product_cat","embeddable":true,"href":"https:\/\/roveyayinevi.com.tr\/index.php\/wp-json\/wp\/v2\/product_cat?post=777828"},{"taxonomy":"product_tag","embeddable":true,"href":"https:\/\/roveyayinevi.com.tr\/index.php\/wp-json\/wp\/v2\/product_tag?post=777828"}],"curies":[{"name":"wp","href":"https:\/\/api.w.org\/{rel}","templated":true}]}}