{"id":777824,"date":"2025-10-27T04:50:19","date_gmt":"2025-10-27T01:50:19","guid":{"rendered":"https:\/\/roveyayinevi.com.tr\/index.php\/urun\/hayalet-7\/"},"modified":"2026-04-15T03:32:45","modified_gmt":"2026-04-15T00:32:45","slug":"hayalet-7","status":"publish","type":"product","link":"https:\/\/roveyayinevi.com.tr\/index.php\/urun\/hayalet-7\/","title":{"rendered":"Hayalet"},"content":{"rendered":"<p>Hollywood\u2019un en yeni y\u0131ld\u0131z\u0131 Jonathan, yeni bir su\u0308per kahraman serisinin ba\u015frol oyuncusu olarak \u015f\u00f6hretle ba\u015f etmeye \u00e7al\u0131\u015f\u0131yordu. Kendi \u015feytanlar\u0131yla sava\u015ft\u0131\u011f\u0131 s\u0131rada paparazzi ordusu pe\u015fini bir anl\u0131\u011f\u0131na bile b\u0131rakm\u0131yordu. Bir markette mu\u0308du\u0308r yard\u0131mc\u0131s\u0131 olarak \u00e7al\u0131\u015fan Kennedy, be\u015f ya\u015f\u0131ndaki k\u0131z\u0131yla birlikte tekdu\u0308ze bir hayat ya\u015f\u0131yordu. Her gu\u0308n i\u015fe gitti\u011finde korkun\u00e7 magazin dergileri etraf\u0131n\u0131 sar\u0131yor, kapaklar\u0131ndaki k\u00f6tu\u0308 \u015f\u00f6hretli bir \u00e7ocu\u011fun yu\u0308zu\u0308 ona musallat oluyordu. Onlar \u00e7ok farkl\u0131 hayatlar ya\u015fayan bir adam ve bir kad\u0131nd\u0131. Fakat durum her zaman b\u00f6yle de\u011fildi. Bir zamanlar onlar \u00e7izgi romanlar u\u0308zerinden ba\u011f kuran ve beklenmedik \u015fekilde birbirlerine \u00e2\u015f\u0131k olan bir o\u011flan ve bir k\u0131zd\u0131. Kennedy Garfield lisede Jonathan Cunningham\u2019la tan\u0131\u015ft\u0131\u011f\u0131nda, onun trajik bir kahraman\u0131n tu\u0308m \u00f6zelliklerine sahip oldu\u011funu anlam\u0131\u015ft\u0131. K\u0131sa bir su\u0308re sonra umutlu bir \u015fekilde kurduklar\u0131 hayallerin pe\u015finden ko\u015fmaya karar vermi\u015flerdi. Ancak hayaller bazen k\u00e2busa d\u00f6nu\u0308\u015febiliyordu. Aradan y\u0131llar ge\u00e7tikten sonra payla\u015ft\u0131klar\u0131 tek \u015fey, babas\u0131n\u0131n en sevdi\u011fi su\u0308per kahraman\u0131 oynad\u0131\u011f\u0131n\u0131 bilmeyen bir k\u0131z \u00e7ocu\u011fuydu. Jonathan hatalar\u0131n\u0131 telafi etmek i\u00e7in yan\u0131p tutu\u015fuyordu, listesinin en ba\u015f\u0131nda onun i\u00e7in her \u015feyden vazge\u00e7en kad\u0131n ve henu\u0308z tan\u0131\u015fmad\u0131\u011f\u0131 o ku\u0308\u00e7u\u0308k k\u0131z vard\u0131.<\/p>\n","protected":false},"excerpt":{"rendered":"<p>Hollywood\u2019un en yeni y\u0131ld\u0131z\u0131 Jonathan, yeni bir su\u0308per kahraman serisinin ba\u015frol oyuncusu olarak \u015f\u00f6hretle ba\u015f etmeye \u00e7al\u0131\u015f\u0131yordu. Kendi \u015feytanlar\u0131yla sava\u015ft\u0131\u011f\u0131 s\u0131rada paparazzi ordusu pe\u015fini bir anl\u0131\u011f\u0131na<span class=\"excerpt-hellip\"> [\u2026]<\/span><\/p>\n","protected":false},"featured_media":0,"template":"","meta":{"_monsterinsights_skip_tracking":false,"_monsterinsights_sitenote_active":false,"_monsterinsights_sitenote_note":"","_monsterinsights_sitenote_category":0},"product_brand":[],"product_cat":[12291,12711],"product_tag":[],"class_list":{"0":"post-777824","1":"product","2":"type-product","3":"status-publish","5":"product_cat-edebiyat","6":"product_cat-roman-oyku","7":"pa_cilt-ciltsiz","8":"pa_tur-kitap","9":"pa_yayinevi-lapis-kitap","10":"pa_yazar-j-m-darhower","12":"first","13":"instock","14":"sale","15":"shipping-taxable","16":"purchasable","17":"product-type-simple"},"_links":{"self":[{"href":"https:\/\/roveyayinevi.com.tr\/index.php\/wp-json\/wp\/v2\/product\/777824","targetHints":{"allow":["GET"]}}],"collection":[{"href":"https:\/\/roveyayinevi.com.tr\/index.php\/wp-json\/wp\/v2\/product"}],"about":[{"href":"https:\/\/roveyayinevi.com.tr\/index.php\/wp-json\/wp\/v2\/types\/product"}],"wp:attachment":[{"href":"https:\/\/roveyayinevi.com.tr\/index.php\/wp-json\/wp\/v2\/media?parent=777824"}],"wp:term":[{"taxonomy":"product_brand","embeddable":true,"href":"https:\/\/roveyayinevi.com.tr\/index.php\/wp-json\/wp\/v2\/product_brand?post=777824"},{"taxonomy":"product_cat","embeddable":true,"href":"https:\/\/roveyayinevi.com.tr\/index.php\/wp-json\/wp\/v2\/product_cat?post=777824"},{"taxonomy":"product_tag","embeddable":true,"href":"https:\/\/roveyayinevi.com.tr\/index.php\/wp-json\/wp\/v2\/product_tag?post=777824"}],"curies":[{"name":"wp","href":"https:\/\/api.w.org\/{rel}","templated":true}]}}