{"id":777819,"date":"2025-10-27T04:41:10","date_gmt":"2025-10-27T01:41:10","guid":{"rendered":"https:\/\/roveyayinevi.com.tr\/index.php\/urun\/kiziltepe-mahalle-serisi-1\/"},"modified":"2025-11-21T11:02:03","modified_gmt":"2025-11-21T08:02:03","slug":"kiziltepe-mahalle-serisi-1","status":"publish","type":"product","link":"https:\/\/roveyayinevi.com.tr\/index.php\/urun\/kiziltepe-mahalle-serisi-1\/","title":{"rendered":"K\u0131z\u0131ltepe \u2013 Mahalle Serisi 1"},"content":{"rendered":"<p>Yasak.Bizi tan\u0131mlayan tek kelimeydi bu.Ayn\u0131 ruhu ta\u015f\u0131yan iki imk\u00e2ns\u0131zd\u0131k biz.Aram\u0131zdaki tek sorun ya\u015f fark\u0131m\u0131z de\u011fildi.O, abimin en yak\u0131n arkada\u015f\u0131 ve g\u00fcvendi\u011fi tek adamd\u0131.Bu a\u015fk, ikimizi de mahvedecekti, biliyordum.\u201cDaha ne kadar ka\u00e7aca\u011f\u0131z?\u201d dedi. S\u0131cak nefesiy\u00fcz\u00fcme de\u011fdi\u011finde bedenim bedenine do\u011fru yakla\u015ft\u0131. \u201cAram\u0131zda hi\u00e7bir \u015fey olmam\u0131\u015f gibihayat\u0131m\u0131za devam m\u0131 edece\u011fiz?\u201d<\/p>\n","protected":false},"excerpt":{"rendered":"<p>Yasak.Bizi tan\u0131mlayan tek kelimeydi bu.Ayn\u0131 ruhu ta\u015f\u0131yan iki imk\u00e2ns\u0131zd\u0131k biz.Aram\u0131zdaki tek sorun ya\u015f fark\u0131m\u0131z de\u011fildi.O, abimin en yak\u0131n arkada\u015f\u0131 ve g\u00fcvendi\u011fi tek adamd\u0131.Bu a\u015fk, ikimizi de<span class=\"excerpt-hellip\"> [\u2026]<\/span><\/p>\n","protected":false},"featured_media":0,"template":"","meta":{"_monsterinsights_skip_tracking":false,"_monsterinsights_sitenote_active":false,"_monsterinsights_sitenote_note":"","_monsterinsights_sitenote_category":0},"product_brand":[],"product_cat":[12291,12711],"product_tag":[],"class_list":{"0":"post-777819","1":"product","2":"type-product","3":"status-publish","5":"product_cat-edebiyat","6":"product_cat-roman-oyku","7":"pa_cilt-ciltsiz","8":"pa_tur-kitap","9":"pa_yayinevi-lapis-kitap","10":"pa_yazar-hazal-aba","12":"first","13":"instock","14":"sale","15":"shipping-taxable","16":"purchasable","17":"product-type-simple"},"_links":{"self":[{"href":"https:\/\/roveyayinevi.com.tr\/index.php\/wp-json\/wp\/v2\/product\/777819","targetHints":{"allow":["GET"]}}],"collection":[{"href":"https:\/\/roveyayinevi.com.tr\/index.php\/wp-json\/wp\/v2\/product"}],"about":[{"href":"https:\/\/roveyayinevi.com.tr\/index.php\/wp-json\/wp\/v2\/types\/product"}],"wp:attachment":[{"href":"https:\/\/roveyayinevi.com.tr\/index.php\/wp-json\/wp\/v2\/media?parent=777819"}],"wp:term":[{"taxonomy":"product_brand","embeddable":true,"href":"https:\/\/roveyayinevi.com.tr\/index.php\/wp-json\/wp\/v2\/product_brand?post=777819"},{"taxonomy":"product_cat","embeddable":true,"href":"https:\/\/roveyayinevi.com.tr\/index.php\/wp-json\/wp\/v2\/product_cat?post=777819"},{"taxonomy":"product_tag","embeddable":true,"href":"https:\/\/roveyayinevi.com.tr\/index.php\/wp-json\/wp\/v2\/product_tag?post=777819"}],"curies":[{"name":"wp","href":"https:\/\/api.w.org\/{rel}","templated":true}]}}