{"id":777814,"date":"2025-10-27T04:26:43","date_gmt":"2025-10-27T01:26:43","guid":{"rendered":"https:\/\/roveyayinevi.com.tr\/index.php\/urun\/katlanilmaz\/"},"modified":"2026-04-15T03:28:45","modified_gmt":"2026-04-15T00:28:45","slug":"katlanilmaz","status":"publish","type":"product","link":"https:\/\/roveyayinevi.com.tr\/index.php\/urun\/katlanilmaz\/","title":{"rendered":"Katlan\u0131lmaz"},"content":{"rendered":"<p>Danielle \u201cDanny\u201d West, Cehennem Atl\u0131lar\u0131 motosiklet kul\u00fcb\u00fc ba\u015fkan\u0131 Deuce West\u2019in k\u0131z\u0131d\u0131r. Her zaman ula\u015famayaca\u011f\u0131 \u015feylerin pe\u015finden giderek yolunu kaybetmi\u015f tatl\u0131 ve g\u00fczel bir k\u0131zd\u0131r. Erik \u201cRipper\u201d Jacobs, Cehennem Atl\u0131lar\u0131\u2019n\u0131n tetik\u00e7isidir. Bir zamanlar y\u00fcz\u00fcnde her zaman g\u00fcl\u00fcmseme olan bu adam\u0131n hayat\u0131, onu yaral\u0131 ve k\u0131r\u0131k birine d\u00f6n\u00fc\u015ft\u00fcren bir trajediyle alt\u00fcst olmu\u015ftur. Yaz ortas\u0131nda bir gece, Danny ile Ripper\u2019\u0131n yollar\u0131 kesi\u015fir ve hayatlar\u0131 sonsuza dek de\u011fi\u015fir. Ba\u015fka bir trajedi onlar\u0131 ay\u0131rana kadar \u015fehvetleri h\u0131zla a\u015fka d\u00f6n\u00fc\u015f\u00fcr. \u00c7irkinlik ve kaosla g\u00f6lgelenen bu yolculukta Danny ile Ripper, aralar\u0131ndaki \u00f6ng\u00f6r\u00fclemez ba\u011f sayesinde i\u00e7inde bulunduklar\u0131 d\u00fcnyan\u0131n g\u00fczelli\u011fini bulup bulamayacaklar\u0131n\u0131 ke\u015ffetmek zorundad\u0131r. BU DANNY VE R\u0130PPER\u2019IN H\u0130K\u00c2YES\u0130. HER \u015eEY\u0130N B\u0130R G\u00dcZELL\u0130\u011e\u0130 VARDI. \u00c7\u0130RK\u0130N OLANIN B\u0130LE. \u00d6ZELL\u0130KLE DE \u00c7\u0130RK\u0130N OLANIN. \u00c7\u00fcnk\u00fc \u00e7irkinlik olmasayd\u0131, g\u00fczellik de olmazd\u0131.<\/p>\n","protected":false},"excerpt":{"rendered":"<p>Danielle \u201cDanny\u201d West, Cehennem Atl\u0131lar\u0131 motosiklet kul\u00fcb\u00fc ba\u015fkan\u0131 Deuce West\u2019in k\u0131z\u0131d\u0131r. Her zaman ula\u015famayaca\u011f\u0131 \u015feylerin pe\u015finden giderek yolunu kaybetmi\u015f tatl\u0131 ve g\u00fczel bir k\u0131zd\u0131r. Erik \u201cRipper\u201d<span class=\"excerpt-hellip\"> [\u2026]<\/span><\/p>\n","protected":false},"featured_media":0,"template":"","meta":{"_monsterinsights_skip_tracking":false,"_monsterinsights_sitenote_active":false,"_monsterinsights_sitenote_note":"","_monsterinsights_sitenote_category":0},"product_brand":[],"product_cat":[12291,12711],"product_tag":[],"class_list":{"0":"post-777814","1":"product","2":"type-product","3":"status-publish","5":"product_cat-edebiyat","6":"product_cat-roman-oyku","7":"pa_cilt-ciltsiz","8":"pa_tur-kitap","9":"pa_yayinevi-lapis-kitap","10":"pa_yazar-madeline-sheehan","12":"first","13":"instock","14":"sale","15":"shipping-taxable","16":"purchasable","17":"product-type-simple"},"_links":{"self":[{"href":"https:\/\/roveyayinevi.com.tr\/index.php\/wp-json\/wp\/v2\/product\/777814","targetHints":{"allow":["GET"]}}],"collection":[{"href":"https:\/\/roveyayinevi.com.tr\/index.php\/wp-json\/wp\/v2\/product"}],"about":[{"href":"https:\/\/roveyayinevi.com.tr\/index.php\/wp-json\/wp\/v2\/types\/product"}],"wp:attachment":[{"href":"https:\/\/roveyayinevi.com.tr\/index.php\/wp-json\/wp\/v2\/media?parent=777814"}],"wp:term":[{"taxonomy":"product_brand","embeddable":true,"href":"https:\/\/roveyayinevi.com.tr\/index.php\/wp-json\/wp\/v2\/product_brand?post=777814"},{"taxonomy":"product_cat","embeddable":true,"href":"https:\/\/roveyayinevi.com.tr\/index.php\/wp-json\/wp\/v2\/product_cat?post=777814"},{"taxonomy":"product_tag","embeddable":true,"href":"https:\/\/roveyayinevi.com.tr\/index.php\/wp-json\/wp\/v2\/product_tag?post=777814"}],"curies":[{"name":"wp","href":"https:\/\/api.w.org\/{rel}","templated":true}]}}