{"id":777810,"date":"2025-10-27T03:49:39","date_gmt":"2025-10-27T00:49:39","guid":{"rendered":"https:\/\/roveyayinevi.com.tr\/index.php\/urun\/hayalet-poster-ayrac-hediyeli\/"},"modified":"2026-04-16T03:11:25","modified_gmt":"2026-04-16T00:11:25","slug":"hayalet-poster-ayrac-hediyeli","status":"publish","type":"product","link":"https:\/\/roveyayinevi.com.tr\/index.php\/urun\/hayalet-poster-ayrac-hediyeli\/","title":{"rendered":"Hayalet ( Poster + Ayra\u00e7 Hediyeli )"},"content":{"rendered":"<p>O benim ilham perim, ben de onun m\u00fczik \u015feytan\u0131y\u0131m. Bir y\u0131l \u00f6nce, tatl\u0131 Scarlett Day\u2019in karanl\u0131k taraf\u0131na tan\u0131k oldum. O zamandan beri benim saplant\u0131m oldu. Onun s\u0131rr\u0131 olmaktan memnundum. Onu uzaktan korumaktan memnundum&#8230; Ta ki ge\u00e7mi\u015fimden bir d\u00fc\u015fman g\u00f6z\u00fcn\u00fc ona dikene kadar. Ailelerimizin derin bir nefret ge\u00e7mi\u015fi var ve Scarlett ortada kald\u0131. Bu arada zihni ona oyunlar oynamaktad\u0131r. Panik ataklar\u0131 korkun\u00e7 bir \u015fekilde yanl\u0131\u015f gitti\u011finde, onu kurtarmak i\u00e7in g\u00f6lgelerden ortaya \u00e7\u0131k\u0131yorum. Art\u0131k benim oldu\u011funa g\u00f6re, gitmesine izin veremem. Karanl\u0131kta ustala\u015ft\u0131m. I\u015f\u0131\u011f\u0131yla beni ba\u015ftan \u00e7\u0131kar\u0131yor. Ama maskem gitti\u011finde, alt\u0131ndaki canavardan korkacak m\u0131?<\/p>\n","protected":false},"excerpt":{"rendered":"<p>O benim ilham perim, ben de onun m\u00fczik \u015feytan\u0131y\u0131m. Bir y\u0131l \u00f6nce, tatl\u0131 Scarlett Day\u2019in karanl\u0131k taraf\u0131na tan\u0131k oldum. O zamandan beri benim saplant\u0131m oldu. Onun<span class=\"excerpt-hellip\"> [\u2026]<\/span><\/p>\n","protected":false},"featured_media":0,"template":"","meta":{"_monsterinsights_skip_tracking":false,"_monsterinsights_sitenote_active":false,"_monsterinsights_sitenote_note":"","_monsterinsights_sitenote_category":0},"product_brand":[],"product_cat":[12291,12711],"product_tag":[],"class_list":{"0":"post-777810","1":"product","2":"type-product","3":"status-publish","5":"product_cat-edebiyat","6":"product_cat-roman-oyku","7":"pa_cilt-ciltsiz","8":"pa_tur-kitap","9":"pa_yayinevi-lapis-kitap","10":"pa_yazar-greer-rivers","12":"first","13":"instock","14":"sale","15":"shipping-taxable","16":"purchasable","17":"product-type-simple"},"_links":{"self":[{"href":"https:\/\/roveyayinevi.com.tr\/index.php\/wp-json\/wp\/v2\/product\/777810","targetHints":{"allow":["GET"]}}],"collection":[{"href":"https:\/\/roveyayinevi.com.tr\/index.php\/wp-json\/wp\/v2\/product"}],"about":[{"href":"https:\/\/roveyayinevi.com.tr\/index.php\/wp-json\/wp\/v2\/types\/product"}],"wp:attachment":[{"href":"https:\/\/roveyayinevi.com.tr\/index.php\/wp-json\/wp\/v2\/media?parent=777810"}],"wp:term":[{"taxonomy":"product_brand","embeddable":true,"href":"https:\/\/roveyayinevi.com.tr\/index.php\/wp-json\/wp\/v2\/product_brand?post=777810"},{"taxonomy":"product_cat","embeddable":true,"href":"https:\/\/roveyayinevi.com.tr\/index.php\/wp-json\/wp\/v2\/product_cat?post=777810"},{"taxonomy":"product_tag","embeddable":true,"href":"https:\/\/roveyayinevi.com.tr\/index.php\/wp-json\/wp\/v2\/product_tag?post=777810"}],"curies":[{"name":"wp","href":"https:\/\/api.w.org\/{rel}","templated":true}]}}