{"id":777799,"date":"2025-10-27T00:36:24","date_gmt":"2025-10-26T21:36:24","guid":{"rendered":"https:\/\/roveyayinevi.com.tr\/index.php\/urun\/dusunce-gucuyle-iyilesme\/"},"modified":"2025-11-13T06:47:35","modified_gmt":"2025-11-13T03:47:35","slug":"dusunce-gucuyle-iyilesme","status":"publish","type":"product","link":"https:\/\/roveyayinevi.com.tr\/index.php\/urun\/dusunce-gucuyle-iyilesme\/","title":{"rendered":"D\u00fc\u015f\u00fcnce G\u00fcc\u00fcyle \u0130yile\u015fme"},"content":{"rendered":"<p>20. Y\u00fczy\u0131l t\u0131bb\u0131n\u0131n dahilerinden kabul edilen Emile Coue, ba\u015far\u0131n\u0131n, hastal\u0131klardan kurtulman\u0131n ve anlaml\u0131 bir hayat ge\u00e7irmenin yolunun bilin\u00e7alt\u0131n\u0131 terbiye etmekten ge\u00e7ti\u011fine inan\u0131yordu.Coue&#8217;nin pop\u00fcler kendi kendini iyile\u015ftirme y\u00f6ntemi her y\u0131l binlerce insan\u0131n iyile\u015fmesine yard\u0131mc\u0131 oldu. Y\u00f6ntemin en \u00f6nemli \u00fcst\u00fcnl\u00fc\u011f\u00fc basit olmas\u0131 ve sonucun h\u0131zl\u0131 bir \u015fekilde g\u00f6zlemlenebilmesiydi.Bu kitap sizi Coue&#8217;nin g\u00f6zden ka\u00e7an form\u00fcl\u00fcyle tan\u0131\u015ft\u0131r\u0131yor. Coue metodunun basitli\u011fini anlad\u0131\u011f\u0131n\u0131zda, bu harika arac\u0131 diledi\u011finiz gibi kullanma f\u0131rsat\u0131 bulacaks\u0131n\u0131z. Okurken an ve an d\u00fc\u015f\u00fcncelerinizin ak\u0131\u015f\u0131n\u0131n de\u011fi\u015fti\u011fini ve d\u00fcnyaya farkl\u0131 bir g\u00f6zle bakabildi\u011finizi hissedeceksiniz.<\/p>\n","protected":false},"excerpt":{"rendered":"<p>20. Y\u00fczy\u0131l t\u0131bb\u0131n\u0131n dahilerinden kabul edilen Emile Coue, ba\u015far\u0131n\u0131n, hastal\u0131klardan kurtulman\u0131n ve anlaml\u0131 bir hayat ge\u00e7irmenin yolunun bilin\u00e7alt\u0131n\u0131 terbiye etmekten ge\u00e7ti\u011fine inan\u0131yordu.Coue&#8217;nin pop\u00fcler kendi kendini iyile\u015ftirme<span class=\"excerpt-hellip\"> [\u2026]<\/span><\/p>\n","protected":false},"featured_media":0,"template":"","meta":{"_monsterinsights_skip_tracking":false,"_monsterinsights_sitenote_active":false,"_monsterinsights_sitenote_note":"","_monsterinsights_sitenote_category":0},"product_brand":[],"product_cat":[12755,12357],"product_tag":[],"class_list":{"0":"post-777799","1":"product","2":"type-product","3":"status-publish","5":"product_cat-gelisim-psikolojisi","6":"product_cat-psikoloji","7":"pa_cilt-ciltsiz","8":"pa_tur-kitap","9":"pa_yayinevi-ikilem-yayinevi","10":"pa_yazar-emile-coue","12":"first","13":"instock","14":"sale","15":"shipping-taxable","16":"purchasable","17":"product-type-simple"},"_links":{"self":[{"href":"https:\/\/roveyayinevi.com.tr\/index.php\/wp-json\/wp\/v2\/product\/777799","targetHints":{"allow":["GET"]}}],"collection":[{"href":"https:\/\/roveyayinevi.com.tr\/index.php\/wp-json\/wp\/v2\/product"}],"about":[{"href":"https:\/\/roveyayinevi.com.tr\/index.php\/wp-json\/wp\/v2\/types\/product"}],"wp:attachment":[{"href":"https:\/\/roveyayinevi.com.tr\/index.php\/wp-json\/wp\/v2\/media?parent=777799"}],"wp:term":[{"taxonomy":"product_brand","embeddable":true,"href":"https:\/\/roveyayinevi.com.tr\/index.php\/wp-json\/wp\/v2\/product_brand?post=777799"},{"taxonomy":"product_cat","embeddable":true,"href":"https:\/\/roveyayinevi.com.tr\/index.php\/wp-json\/wp\/v2\/product_cat?post=777799"},{"taxonomy":"product_tag","embeddable":true,"href":"https:\/\/roveyayinevi.com.tr\/index.php\/wp-json\/wp\/v2\/product_tag?post=777799"}],"curies":[{"name":"wp","href":"https:\/\/api.w.org\/{rel}","templated":true}]}}