{"id":777798,"date":"2025-10-27T00:25:22","date_gmt":"2025-10-26T21:25:22","guid":{"rendered":"https:\/\/roveyayinevi.com.tr\/index.php\/urun\/ask-tarotu\/"},"modified":"2026-04-16T02:37:14","modified_gmt":"2026-04-15T23:37:14","slug":"ask-tarotu","status":"publish","type":"product","link":"https:\/\/roveyayinevi.com.tr\/index.php\/urun\/ask-tarotu\/","title":{"rendered":"A\u015fk Tarotu"},"content":{"rendered":"<p>A\u015fk ve ili\u015fkilere dair sorular\u0131n\u0131z i\u00e7in kartlar, a\u00e7\u0131l\u0131mlar ve dizili\u015fler   Y\u00fczy\u0131llar boyunca \u00e2\u015f\u0131klar, kara sevdal\u0131lar, terk edilenler ve kar\u015f\u0131l\u0131ks\u0131z a\u015fk\u0131n ac\u0131s\u0131n\u0131 \u00e7ekenler romantizm ile ilgili konularda Tarot kartlar\u0131na dan\u0131\u015ft\u0131lar. Tarot okuyucusunun masas\u0131na sevin\u00e7 ve \u00fcz\u00fcnt\u00fc, umut ve korku, tutku ve ac\u0131 gibi \u00e7e\u015fitli duygularla oturdular. Her durumda Tarot onlara bir tavsiye ile cevap verdi. Sonu\u00e7ta Tarot\u2019un en b\u00fcy\u00fck g\u00fcc\u00fc buydu.   Corrine Kenner do\u011fa\u00fcst\u00fc konular\u0131 pratik ve ger\u00e7ek\u00e7i bir \u015fekilde g\u00fcndeme getirme konusunda uzmanla\u015fm\u0131\u015f, Tarot \u00fczerine yazd\u0131\u011f\u0131 kitaplar ve haz\u0131rlad\u0131\u011f\u0131 kart desteleri d\u00fcnya \u00e7ap\u0131nda yay\u0131mlanm\u0131\u015ft\u0131r. A\u015fk Tarotu, kartlar\u0131n 1441 R\u00f6nesans \u0130talyas\u0131\u2019na uzanan ve Tarocchi adl\u0131 bir oyun olarak bilindi\u011fi tarih\u00e7esinden ba\u015fl\u0131yor. Kenner kartlar\u0131n anlam\u0131n\u0131, Maj\u00f6r ve Min\u00f6r Arkana setlerini, 78 kart\u0131n astroloji ve mitoloji ile ba\u011flant\u0131s\u0131n\u0131 anlat\u0131rken, \u00f6rnek a\u00e7\u0131l\u0131mlarla romantik konularda cevap arayan ki\u015filere okumalar\u0131nda yol g\u00f6stermi\u015f. A\u015fk Tarotu, kartlar\u0131n bilinen klasik anlamlar\u0131ndan bir ad\u0131m \u00f6teye giderek, her kart\u0131n a\u015fk ve ili\u015fkiler \u00e7er\u00e7evesinde nas\u0131l yorumlanmas\u0131 gerekti\u011fini a\u00e7\u0131kl\u0131yor.   Tarot Destesinin D\u00fcalitesi Say\u0131lar\u0131n, Elementlerin ve Renklerin Sembolizmi Hayat A\u011fac\u0131 Sembolizmi Do\u011fru Deste Nas\u0131l Se\u00e7ilir? Tarot Okumas\u0131nda Yap\u0131lmas\u0131 ve Yap\u0131lmamas\u0131 Gerekenler Tarot Okuyucusunun Etik Kurallar\u0131 Gezegenler ve Kartlar Sarayl\u0131 Kartlar\u0131n Dan\u0131\u015fmanl\u0131\u011f\u0131 Kelt Ha\u00e7\u0131 ve Zodyak A\u00e7\u0131l\u0131m\u0131 Tarot Sembolleri ve Terimleri S\u00f6zl\u00fc\u011f\u00fc<\/p>\n","protected":false},"excerpt":{"rendered":"<p>A\u015fk ve ili\u015fkilere dair sorular\u0131n\u0131z i\u00e7in kartlar, a\u00e7\u0131l\u0131mlar ve dizili\u015fler Y\u00fczy\u0131llar boyunca \u00e2\u015f\u0131klar, kara sevdal\u0131lar, terk edilenler ve kar\u015f\u0131l\u0131ks\u0131z a\u015fk\u0131n ac\u0131s\u0131n\u0131 \u00e7ekenler romantizm ile ilgili konularda<span class=\"excerpt-hellip\"> [\u2026]<\/span><\/p>\n","protected":false},"featured_media":0,"template":"","meta":{"_monsterinsights_skip_tracking":false,"_monsterinsights_sitenote_active":false,"_monsterinsights_sitenote_note":"","_monsterinsights_sitenote_category":0},"product_brand":[],"product_cat":[18082,15563],"product_tag":[],"class_list":{"0":"post-777798","1":"product","2":"type-product","3":"status-publish","5":"product_cat-astroloji-fal-ruya","6":"product_cat-hobi","7":"pa_cilt-ciltsiz","8":"pa_tur-kitap","9":"pa_yayinevi-mona-kitap","10":"pa_yazar-corrine-kenner","12":"first","13":"instock","14":"sale","15":"shipping-taxable","16":"purchasable","17":"product-type-simple"},"_links":{"self":[{"href":"https:\/\/roveyayinevi.com.tr\/index.php\/wp-json\/wp\/v2\/product\/777798","targetHints":{"allow":["GET"]}}],"collection":[{"href":"https:\/\/roveyayinevi.com.tr\/index.php\/wp-json\/wp\/v2\/product"}],"about":[{"href":"https:\/\/roveyayinevi.com.tr\/index.php\/wp-json\/wp\/v2\/types\/product"}],"wp:attachment":[{"href":"https:\/\/roveyayinevi.com.tr\/index.php\/wp-json\/wp\/v2\/media?parent=777798"}],"wp:term":[{"taxonomy":"product_brand","embeddable":true,"href":"https:\/\/roveyayinevi.com.tr\/index.php\/wp-json\/wp\/v2\/product_brand?post=777798"},{"taxonomy":"product_cat","embeddable":true,"href":"https:\/\/roveyayinevi.com.tr\/index.php\/wp-json\/wp\/v2\/product_cat?post=777798"},{"taxonomy":"product_tag","embeddable":true,"href":"https:\/\/roveyayinevi.com.tr\/index.php\/wp-json\/wp\/v2\/product_tag?post=777798"}],"curies":[{"name":"wp","href":"https:\/\/api.w.org\/{rel}","templated":true}]}}