{"id":777776,"date":"2025-10-26T20:30:06","date_gmt":"2025-10-26T17:30:06","guid":{"rendered":"https:\/\/roveyayinevi.com.tr\/index.php\/urun\/aylaklar\/"},"modified":"2026-04-16T02:05:52","modified_gmt":"2026-04-15T23:05:52","slug":"aylaklar","status":"publish","type":"product","link":"https:\/\/roveyayinevi.com.tr\/index.php\/urun\/aylaklar\/","title":{"rendered":"Aylaklar"},"content":{"rendered":"<p>\u015eu \u00fclkenin elli altm\u0131\u015f y\u0131ll\u0131k ge\u00e7mi\u015fini iyi bilirim. Bug\u00fcne bakarken onu d\u00fcn\u00fcn yaratt\u0131\u011f\u0131n\u0131 anl\u0131yorum. Siz y\u00fcz y\u0131ll\u0131k bir \u00e7\u00fcr\u00fcmenin sonucusunuz. Bir \u00fclke nas\u0131l batar? Yaln\u0131zca sava\u015flarda yenilmekle de\u011fil, elindeki topraklar\u0131 ba\u015fkalar\u0131na kapt\u0131rmakla da de\u011fil\u2026 Ruh\u00e7a \u00e7\u00f6kerek, ya\u015famaktan koparak batar. \u201cGer\u00e7ekten bir ironi ba\u015fyap\u0131t\u0131 \u2018Aylaklar\u2019. Ge\u00e7mi\u015fin sert hesapla\u015fmas\u0131 ama, \u2018yeni\u2019nin bir t\u00fcrl\u00fc \u00f6z\u00fcmsenmedi\u011fini, yerle\u015fiklik kazanamad\u0131\u011f\u0131n\u0131 da dile getirmekten uzak durmam\u0131\u015f. Hatta, \u2018yeni\u2019 kimileyin trajikomik bir sanc\u0131 olup \u00e7\u0131k\u0131yor.\u201dSelim \u0130leri Me\u015frutiyet\u2019ten sonraki toplumsal d\u00f6n\u00fc\u015f\u00fcmlerin her bir devresini ustaca sentezleyen Melih Cevdet Anday, Aylaklar\u2019da Sultan II. Abd\u00fclhamid\u2019in eczac\u0131ba\u015f\u0131s\u0131 \u015e\u00fckr\u00fc Pa\u015fa\u2019n\u0131n kona\u011f\u0131nda ya\u015fayan bir aile \u00fczerinden Cumhuriyet T\u00fcrkiyesi toplumunu tahlil eder. Aile, ev ve devlet, zengin bir anlat\u0131yla, birbirini \u00e7ok yak\u0131ndan ve benzer bir hik\u00e2yeyle seyreder. Ola\u011fan\u00fcst\u00fc bir ba\u015far\u0131yla in\u015fa edilmi\u015f karakterler ve izlekteki kendinden emin duru\u015fuyla Aylaklar, edebiyat\u0131m\u0131zdaki en \u00f6nemli klasiklerden biridir.<\/p>\n","protected":false},"excerpt":{"rendered":"<p>\u015eu \u00fclkenin elli altm\u0131\u015f y\u0131ll\u0131k ge\u00e7mi\u015fini iyi bilirim. Bug\u00fcne bakarken onu d\u00fcn\u00fcn yaratt\u0131\u011f\u0131n\u0131 anl\u0131yorum. Siz y\u00fcz y\u0131ll\u0131k bir \u00e7\u00fcr\u00fcmenin sonucusunuz. Bir \u00fclke nas\u0131l batar? Yaln\u0131zca sava\u015flarda<span class=\"excerpt-hellip\"> [\u2026]<\/span><\/p>\n","protected":false},"featured_media":0,"template":"","meta":{"_monsterinsights_skip_tracking":false,"_monsterinsights_sitenote_active":false,"_monsterinsights_sitenote_note":"","_monsterinsights_sitenote_category":0},"product_brand":[],"product_cat":[12291,12292],"product_tag":[],"class_list":{"0":"post-777776","1":"product","2":"type-product","3":"status-publish","5":"product_cat-edebiyat","6":"product_cat-turk-edebiyati","7":"pa_cilt-ciltsiz","8":"pa_tur-kitap","9":"pa_yayinevi-everest-yayinlari","10":"pa_yazar-melih-cevdet-anday","12":"first","13":"instock","14":"sale","15":"shipping-taxable","16":"purchasable","17":"product-type-simple"},"_links":{"self":[{"href":"https:\/\/roveyayinevi.com.tr\/index.php\/wp-json\/wp\/v2\/product\/777776","targetHints":{"allow":["GET"]}}],"collection":[{"href":"https:\/\/roveyayinevi.com.tr\/index.php\/wp-json\/wp\/v2\/product"}],"about":[{"href":"https:\/\/roveyayinevi.com.tr\/index.php\/wp-json\/wp\/v2\/types\/product"}],"wp:attachment":[{"href":"https:\/\/roveyayinevi.com.tr\/index.php\/wp-json\/wp\/v2\/media?parent=777776"}],"wp:term":[{"taxonomy":"product_brand","embeddable":true,"href":"https:\/\/roveyayinevi.com.tr\/index.php\/wp-json\/wp\/v2\/product_brand?post=777776"},{"taxonomy":"product_cat","embeddable":true,"href":"https:\/\/roveyayinevi.com.tr\/index.php\/wp-json\/wp\/v2\/product_cat?post=777776"},{"taxonomy":"product_tag","embeddable":true,"href":"https:\/\/roveyayinevi.com.tr\/index.php\/wp-json\/wp\/v2\/product_tag?post=777776"}],"curies":[{"name":"wp","href":"https:\/\/api.w.org\/{rel}","templated":true}]}}