{"id":777757,"date":"2025-10-23T12:09:10","date_gmt":"2025-10-23T09:09:10","guid":{"rendered":"https:\/\/roveyayinevi.com.tr\/index.php\/urun\/ergenlik-kapiyi-carpinca\/"},"modified":"2026-04-15T03:43:35","modified_gmt":"2026-04-15T00:43:35","slug":"ergenlik-kapiyi-carpinca","status":"publish","type":"product","link":"https:\/\/roveyayinevi.com.tr\/index.php\/urun\/ergenlik-kapiyi-carpinca\/","title":{"rendered":"Ergenlik Kap\u0131y\u0131 \u00c7arp\u0131nca"},"content":{"rendered":"<p>B\u00fcy\u00fcmek kolay de\u011fildir.Ne \u00e7ocuklar i\u00e7in ne de onlar\u0131 izleyen ebeveynler i\u00e7in. Bir g\u00fcn \u00e7ocu\u011funuzun kap\u0131s\u0131 daha sert kapan\u0131r, konu\u015fmalar azal\u0131r, sesler y\u00fckselir, g\u00f6zler devrilir, duygular karma\u015f\u0131kla\u015f\u0131r\u2026 Ko\u015farak boynunuza atlayan, her g\u00fczel \u00e2n\u0131na e\u015flik etti\u011finiz \u00e7ocu\u011funuz \u015fimdi art\u0131k sadece arkada\u015flar\u0131yla d\u0131\u015far\u0131 \u00e7\u0131kmak ister. Fikrinizi sormadan kendi yolunu \u00e7izmek, kendi kararlar\u0131n\u0131 kendi almak ister. Hatta \u00e7o\u011funlukla yan\u0131nda g\u00f6r\u00fcnmeniz bile fazlad\u0131r. Bu d\u00f6nemde \u00e7ocu\u011fu i\u00e7in, \u201cArt\u0131k onu tan\u0131yam\u0131yorum,\u201d diyen \u00e7aresiz bir\u00e7ok anne-baba olur. Asl\u0131nda g\u00f6rdu\u0308\u011fu\u0308nu\u0308z bir yabanc\u0131 de\u011fildir, \u201cBen de var\u0131m!\u201d demeye \u00e7al\u0131\u015fan bir gencin yeti\u015fkin olma yolundaki \u00e7\u0131rp\u0131n\u0131\u015flar\u0131d\u0131r. \u00b7         Ergenlik d\u00f6neminde \u00e7ocu\u011fumuzun bedeninde neler olur ve biz onlar\u0131n geli\u015fimleriyle ilgili sorular\u0131na nas\u0131l yan\u0131t vermeliyiz? \u00b7         Hi\u00e7bir \u015fey sormasalar da yine de onlara ergenlik d\u00f6nemindeki de\u011fi\u015fimlerden bahsetmeli miyiz? \u00b7         Dijital evrenin u\u00e7suz bucaks\u0131z d\u00fcnyas\u0131nda \u00e7ocu\u011fumuzla fiziki ba\u011f\u0131m\u0131z\u0131 nas\u0131l koruyabiliriz? \u00b7         Hangi a\u015famada m\u00fcdahale etmeli, hangi a\u015famada g\u00f6zlemlemeliyiz? \u00b7         \u00c7at\u0131\u015fmalar\u0131 ili\u015fkimizi zedelemeden nas\u0131l \u00e7\u00f6zebiliriz? \u00b7         Ve dahas\u0131 arkada\u015fl\u0131k ili\u015fkileri, ilk a\u015fk, uzayan sessizlikler, akran bask\u0131s\u0131, riskli davran\u0131\u015flar ve ba\u011f\u0131ml\u0131l\u0131klar, akademik ba\u015far\u0131 kayg\u0131s\u0131 s\u00f6z konusu oldu\u011funda nas\u0131l yakla\u015faca\u011f\u0131z? Hem akademik kimli\u011fi hem de ebeveyn bak\u0131\u015f a\u00e7\u0131s\u0131yla Saniye Bencik Kangal, her ailenin hayat\u0131nda kritik bir evre olan ergenlik d\u00f6nemini yazd\u0131. Bu d\u00f6neme hem bilimsel hem de insani bir yerden yakla\u015farak ebeveynlere; \u00e7at\u0131\u015fmalar\u0131n, suskunluklar\u0131n, ini\u015f \u00e7\u0131k\u0131\u015flar\u0131n ard\u0131ndaki anlam\u0131 g\u00f6rmeleri i\u00e7in bilimsel verilerle hik\u00e2yelerin harmanland\u0131\u011f\u0131 bir rehber haz\u0131rlad\u0131. O kap\u0131 bir gu\u0308n ayn\u0131 ellerle ama bu kez yava\u015f\u00e7a a\u00e7\u0131lacak ve i\u00e7eriden, \u201c\u0130yi ki beklediniz!\u201d diyen bir yeti\u015fkin \u00e7\u0131kacak.<\/p>\n","protected":false},"excerpt":{"rendered":"<p>B\u00fcy\u00fcmek kolay de\u011fildir.Ne \u00e7ocuklar i\u00e7in ne de onlar\u0131 izleyen ebeveynler i\u00e7in. Bir g\u00fcn \u00e7ocu\u011funuzun kap\u0131s\u0131 daha sert kapan\u0131r, konu\u015fmalar azal\u0131r, sesler y\u00fckselir, g\u00f6zler devrilir, duygular karma\u015f\u0131kla\u015f\u0131r\u2026<span class=\"excerpt-hellip\"> [\u2026]<\/span><\/p>\n","protected":false},"featured_media":0,"template":"","meta":{"_monsterinsights_skip_tracking":false,"_monsterinsights_sitenote_active":false,"_monsterinsights_sitenote_note":"","_monsterinsights_sitenote_category":0},"product_brand":[],"product_cat":[12831,12324],"product_tag":[],"class_list":{"0":"post-777757","1":"product","2":"type-product","3":"status-publish","5":"product_cat-aile-ve-cocuk","6":"product_cat-sosyoloji","7":"pa_cilt-ciltsiz","8":"pa_tur-kitap","9":"pa_yayinevi-kronik-kitap","10":"pa_yazar-saniye-bencik-kangal","12":"first","13":"instock","14":"sale","15":"shipping-taxable","16":"purchasable","17":"product-type-simple"},"_links":{"self":[{"href":"https:\/\/roveyayinevi.com.tr\/index.php\/wp-json\/wp\/v2\/product\/777757","targetHints":{"allow":["GET"]}}],"collection":[{"href":"https:\/\/roveyayinevi.com.tr\/index.php\/wp-json\/wp\/v2\/product"}],"about":[{"href":"https:\/\/roveyayinevi.com.tr\/index.php\/wp-json\/wp\/v2\/types\/product"}],"wp:attachment":[{"href":"https:\/\/roveyayinevi.com.tr\/index.php\/wp-json\/wp\/v2\/media?parent=777757"}],"wp:term":[{"taxonomy":"product_brand","embeddable":true,"href":"https:\/\/roveyayinevi.com.tr\/index.php\/wp-json\/wp\/v2\/product_brand?post=777757"},{"taxonomy":"product_cat","embeddable":true,"href":"https:\/\/roveyayinevi.com.tr\/index.php\/wp-json\/wp\/v2\/product_cat?post=777757"},{"taxonomy":"product_tag","embeddable":true,"href":"https:\/\/roveyayinevi.com.tr\/index.php\/wp-json\/wp\/v2\/product_tag?post=777757"}],"curies":[{"name":"wp","href":"https:\/\/api.w.org\/{rel}","templated":true}]}}

Ergenlik Kapıyı Çarpınca

<p>Büyümek kolay değildir.Ne çocuklar için ne de onları izleyen ebeveynler için. Bir gün çocuğunuzun kapısı daha sert kapanır, konuşmalar azalır, sesler yükselir, gözler devrilir, duygular karmaşıklaşır… Koşarak boynunuza atlayan, her güzel ânına eşlik ettiğiniz çocuğunuz şimdi artık sadece arkadaşlarıyla dışarı çıkmak ister. Fikrinizi sormadan kendi yolunu çizmek, kendi kararlarını kendi almak ister. Hatta çoğunlukla yanında görünmeniz bile fazladır. Bu dönemde çocuğu için, “Artık onu tanıyamıyorum,” diyen çaresiz birçok anne-baba olur. Aslında gördüğünüz bir yabancı değildir, “Ben de varım!” demeye çalışan bir gencin yetişkin olma yolundaki çırpınışlarıdır. ·         Ergenlik döneminde çocuğumuzun bedeninde neler olur ve biz onların gelişimleriyle ilgili sorularına nasıl yanıt vermeliyiz? ·         Hiçbir şey sormasalar da yine de onlara ergenlik dönemindeki değişimlerden bahsetmeli miyiz? ·         Dijital evrenin uçsuz bucaksız dünyasında çocuğumuzla fiziki bağımızı nasıl koruyabiliriz? ·         Hangi aşamada müdahale etmeli, hangi aşamada gözlemlemeliyiz? ·         Çatışmaları ilişkimizi zedelemeden nasıl çözebiliriz? ·         Ve dahası arkadaşlık ilişkileri, ilk aşk, uzayan sessizlikler, akran baskısı, riskli davranışlar ve bağımlılıklar, akademik başarı kaygısı söz konusu olduğunda nasıl yaklaşacağız? Hem akademik kimliği hem de ebeveyn bakış açısıyla Saniye Bencik Kangal, her ailenin hayatında kritik bir evre olan ergenlik dönemini yazdı. Bu döneme hem bilimsel hem de insani bir yerden yaklaşarak ebeveynlere; çatışmaların, suskunlukların, iniş çıkışların ardındaki anlamı görmeleri için bilimsel verilerle hikâyelerin harmanlandığı bir rehber hazırladı. O kapı bir gün aynı ellerle ama bu kez yavaşça açılacak ve içeriden, “İyi ki beklediniz!” diyen bir yetişkin çıkacak.</p>

<p>Büyümek kolay değildir.Ne çocuklar için ne de onları izleyen ebeveynler için. Bir gün çocuğunuzun kapısı daha sert kapanır, konuşmalar azalır, sesler yükselir, gözler devrilir, duygular karmaşıklaşır…<span class="excerpt-hellip"> […]</span></p>
