{"id":777752,"date":"2025-10-23T12:04:32","date_gmt":"2025-10-23T09:04:32","guid":{"rendered":"https:\/\/roveyayinevi.com.tr\/index.php\/urun\/hapisteki-kahraman-heykeli-dikilen-oguz-kalelioglunun-sincana-uzanan-oykusu\/"},"modified":"2026-04-15T03:42:29","modified_gmt":"2026-04-15T00:42:29","slug":"hapisteki-kahraman-heykeli-dikilen-oguz-kalelioglunun-sincana-uzanan-oykusu","status":"publish","type":"product","link":"https:\/\/roveyayinevi.com.tr\/index.php\/urun\/hapisteki-kahraman-heykeli-dikilen-oguz-kalelioglunun-sincana-uzanan-oykusu\/","title":{"rendered":"Hapisteki Kahraman &#8211; Heykeli Dikilen O\u011fuz Kalelio\u011flu\u2019nun Sincan\u2019a Uzanan \u00d6yk\u00fcs\u00fc"},"content":{"rendered":"<p>Bir subay d\u00fc\u015f\u00fcn\u00fcn\u2026 Ad\u0131 O\u011fuz Kalelio\u011flu. Vatan\u0131 i\u00e7in can\u0131n\u0131 ortaya koymu\u015f, K\u0131br\u0131s direni\u015finin simgelerinden biri olmu\u015f, halk\u0131 taraf\u0131ndan heykeli dikilmi\u015f bir kahraman. Magosa surlar\u0131n\u0131n \u00f6n\u00fcnde milletine s\u00f6z vermi\u015f, \u201c\u015eehit olurum yine de teslim olmam\u201d demi\u015fti. M\u00fccadelesi sadece K\u0131br\u0131s\u2019la da s\u0131n\u0131rl\u0131 de\u011fildi. Y\u0131llarca da\u011flarda ter\u00f6rle sava\u015fm\u0131\u015f, yurti\u00e7inde ve yurtd\u0131\u015f\u0131nda devletin en kritik operasyonlar\u0131nda g\u00f6rev alm\u0131\u015ft\u0131. Her daim g\u00f6lgede, her zaman \u00f6n cephedeydi. Ama y\u0131llar sonra, devlete sadakatle hizmet eden bu Atat\u00fcrk\u2019\u00fcn subay\u0131, bir sabah \u201csan\u0131k\u201d olarak mahkeme salonuna \u00e7\u0131kt\u0131. Heykeli dikilen o kahraman, bir kumpas davas\u0131yla Sincan Cezaevi\u2019ne g\u00f6nderildi. Bu kitap, \u00f6mr\u00fcn\u00fc milletine adam\u0131\u015f bir askerin; ihanete, adaletsizli\u011fe ve karanl\u0131\u011fa kar\u015f\u0131 dimdik ayakta durma m\u00fccadelesini anlat\u0131yor. Sadakatle ba\u015flayan bir \u00f6mr\u00fcn, haks\u0131zl\u0131kla s\u0131nand\u0131\u011f\u0131, ama asla e\u011filmedi\u011fi bir yolculuk\u2026 Bu sadece bir askerin de\u011fil, ayn\u0131 zamanda bir milletin haf\u0131zas\u0131d\u0131r. \u201cTarih bazen unutur ama bu kitap unutturmaz.\u201d <\/p>\n","protected":false},"excerpt":{"rendered":"<p>Bir subay d\u00fc\u015f\u00fcn\u00fcn\u2026 Ad\u0131 O\u011fuz Kalelio\u011flu. Vatan\u0131 i\u00e7in can\u0131n\u0131 ortaya koymu\u015f, K\u0131br\u0131s direni\u015finin simgelerinden biri olmu\u015f, halk\u0131 taraf\u0131ndan heykeli dikilmi\u015f bir kahraman. Magosa surlar\u0131n\u0131n \u00f6n\u00fcnde milletine<span class=\"excerpt-hellip\"> [\u2026]<\/span><\/p>\n","protected":false},"featured_media":0,"template":"","meta":{"_monsterinsights_skip_tracking":false,"_monsterinsights_sitenote_active":false,"_monsterinsights_sitenote_note":"","_monsterinsights_sitenote_category":0},"product_brand":[],"product_cat":[14009,12291],"product_tag":[],"class_list":{"0":"post-777752","1":"product","2":"type-product","3":"status-publish","5":"product_cat-biyografi-otobiyografi-edebiyat","6":"product_cat-edebiyat","7":"pa_cilt-ciltsiz","8":"pa_tur-kitap","9":"pa_yayinevi-kaynak-yayinlari","10":"pa_yazar-ugur-berk-kalelioglu","12":"first","13":"instock","14":"sale","15":"shipping-taxable","16":"purchasable","17":"product-type-simple"},"_links":{"self":[{"href":"https:\/\/roveyayinevi.com.tr\/index.php\/wp-json\/wp\/v2\/product\/777752","targetHints":{"allow":["GET"]}}],"collection":[{"href":"https:\/\/roveyayinevi.com.tr\/index.php\/wp-json\/wp\/v2\/product"}],"about":[{"href":"https:\/\/roveyayinevi.com.tr\/index.php\/wp-json\/wp\/v2\/types\/product"}],"wp:attachment":[{"href":"https:\/\/roveyayinevi.com.tr\/index.php\/wp-json\/wp\/v2\/media?parent=777752"}],"wp:term":[{"taxonomy":"product_brand","embeddable":true,"href":"https:\/\/roveyayinevi.com.tr\/index.php\/wp-json\/wp\/v2\/product_brand?post=777752"},{"taxonomy":"product_cat","embeddable":true,"href":"https:\/\/roveyayinevi.com.tr\/index.php\/wp-json\/wp\/v2\/product_cat?post=777752"},{"taxonomy":"product_tag","embeddable":true,"href":"https:\/\/roveyayinevi.com.tr\/index.php\/wp-json\/wp\/v2\/product_tag?post=777752"}],"curies":[{"name":"wp","href":"https:\/\/api.w.org\/{rel}","templated":true}]}}