{"id":777745,"date":"2025-10-23T09:33:26","date_gmt":"2025-10-23T06:33:26","guid":{"rendered":"https:\/\/roveyayinevi.com.tr\/index.php\/urun\/deniz-ve-uygarlik\/"},"modified":"2026-04-16T03:06:41","modified_gmt":"2026-04-16T00:06:41","slug":"deniz-ve-uygarlik","status":"publish","type":"product","link":"https:\/\/roveyayinevi.com.tr\/index.php\/urun\/deniz-ve-uygarlik\/","title":{"rendered":"Deniz ve Uygarl\u0131k"},"content":{"rendered":"<p>\u201cUzun s\u00f6z\u00fcn k\u0131sas\u0131, yaz\u0131lm\u0131\u015f en iyi d\u00fcnya denizcilik tarihi.\u201d                                                      Felipe Fern\u00e1ndez-Armesto Deniz ve Uygarl\u0131k insanl\u0131k tarihini insan\u0131n denizle ili\u015fkisinin ba\u015flang\u0131c\u0131ndan g\u00fcn\u00fcm\u00fcze kadar s\u00fcregelen \u00f6yk\u00fcs\u00fc \u00fczerinden anlatan an\u0131tsal bir eser. \u0130nsanlar\u0131n birbirleriyle ve do\u011fayla \u00e7a\u011flar boyunca okyanuslar, denizler ve nehirler \u00fczerinden nas\u0131l ba\u011flant\u0131 kurduklar\u0131n\u0131 g\u00f6zler \u00f6n\u00fcne seren bu hayranl\u0131k verici tarih \u00e7al\u0131\u015fmas\u0131, yery\u00fcz\u00fcn\u00fc kaplayan sularda dillerin, dinlerin, k\u00fclt\u00fcrlerin ve mallar\u0131n dola\u015f\u0131m\u0131n\u0131n, deniz sava\u015flar\u0131yla deniz ticaretinin, korsanl\u0131kla ke\u015fiflerin s\u00fcr\u00fckleyici \u00f6yk\u00fcs\u00fcn\u00fc payla\u015f\u0131yor. Lincoln Paine bizi t\u00fcm d\u00fcnya okyanuslar\u0131nda ve denizlerinde seyr\u00fcsefere \u00e7\u0131kard\u0131\u011f\u0131 bu kitab\u0131nda, uzak atalar\u0131m\u0131z\u0131n Afrika ve Avrasya\u2019dan deniz yoluyla \u00e7\u0131kt\u0131klar\u0131 uzun mesafeli g\u00f6\u00e7 maceralar\u0131ndan g\u00fcn\u00fcm\u00fcz\u00fcn n\u00fckleer denizalt\u0131lar\u0131na ve konteyner ta\u015f\u0131mac\u0131l\u0131\u011f\u0131na kadar denizin ve denizcili\u011fin \u00e7ok kapsaml\u0131 bir tarihini sunuyor. \u201cD\u00fcnyay\u0131 g\u00f6rme \u015feklinizi de\u011fi\u015ftirmek istiyorum. \u00d6zel olarak, dikkatinizi, \u00f6n\u00fcn\u00fczdeki g\u00f6r\u00fcnt\u00fcn\u00fcn y\u00fczde 70\u2019ini \u00f6rten mavilere odaklayarak ve toprak tonlar\u0131n\u0131n solmas\u0131n\u0131 sa\u011flayarak, d\u00fcnya haritas\u0131n\u0131 g\u00f6rme \u015feklinizi de\u011fi\u015ftirmek istiyorum.\u201d                                                                                                                                          Lincoln Paine <\/p>\n","protected":false},"excerpt":{"rendered":"<p>\u201cUzun s\u00f6z\u00fcn k\u0131sas\u0131, yaz\u0131lm\u0131\u015f en iyi d\u00fcnya denizcilik tarihi.\u201d Felipe Fern\u00e1ndez-Armesto Deniz ve Uygarl\u0131k insanl\u0131k tarihini insan\u0131n denizle ili\u015fkisinin ba\u015flang\u0131c\u0131ndan g\u00fcn\u00fcm\u00fcze kadar s\u00fcregelen \u00f6yk\u00fcs\u00fc \u00fczerinden anlatan<span class=\"excerpt-hellip\"> [\u2026]<\/span><\/p>\n","protected":false},"featured_media":0,"template":"","meta":{"_monsterinsights_skip_tracking":false,"_monsterinsights_sitenote_active":false,"_monsterinsights_sitenote_note":"","_monsterinsights_sitenote_category":0},"product_brand":[],"product_cat":[12370,12304],"product_tag":[],"class_list":{"0":"post-777745","1":"product","2":"type-product","3":"status-publish","5":"product_cat-arastirma-inceleme","6":"product_cat-tarih","7":"pa_cilt-ciltsiz","8":"pa_tur-kitap","9":"pa_yayinevi-is-bankasi-kultur-yayinlari","10":"pa_yazar-lincoln-paine","12":"first","13":"instock","14":"sale","15":"shipping-taxable","16":"purchasable","17":"product-type-simple"},"_links":{"self":[{"href":"https:\/\/roveyayinevi.com.tr\/index.php\/wp-json\/wp\/v2\/product\/777745","targetHints":{"allow":["GET"]}}],"collection":[{"href":"https:\/\/roveyayinevi.com.tr\/index.php\/wp-json\/wp\/v2\/product"}],"about":[{"href":"https:\/\/roveyayinevi.com.tr\/index.php\/wp-json\/wp\/v2\/types\/product"}],"wp:attachment":[{"href":"https:\/\/roveyayinevi.com.tr\/index.php\/wp-json\/wp\/v2\/media?parent=777745"}],"wp:term":[{"taxonomy":"product_brand","embeddable":true,"href":"https:\/\/roveyayinevi.com.tr\/index.php\/wp-json\/wp\/v2\/product_brand?post=777745"},{"taxonomy":"product_cat","embeddable":true,"href":"https:\/\/roveyayinevi.com.tr\/index.php\/wp-json\/wp\/v2\/product_cat?post=777745"},{"taxonomy":"product_tag","embeddable":true,"href":"https:\/\/roveyayinevi.com.tr\/index.php\/wp-json\/wp\/v2\/product_tag?post=777745"}],"curies":[{"name":"wp","href":"https:\/\/api.w.org\/{rel}","templated":true}]}}