{"id":777744,"date":"2025-10-23T09:21:19","date_gmt":"2025-10-23T06:21:19","guid":{"rendered":"https:\/\/roveyayinevi.com.tr\/index.php\/urun\/durdane-hanim-ciltli\/"},"modified":"2026-04-16T03:04:48","modified_gmt":"2026-04-16T00:04:48","slug":"durdane-hanim-ciltli","status":"publish","type":"product","link":"https:\/\/roveyayinevi.com.tr\/index.php\/urun\/durdane-hanim-ciltli\/","title":{"rendered":"D\u00fcrdane Han\u0131m (Ciltli)"},"content":{"rendered":"<p>D\u00f6nemine g\u00f6re s\u0131rad\u0131\u015f\u0131, ba\u011f\u0131ms\u0131z ve g\u00fc\u00e7l\u00fc bir kad\u0131n olan Ulviye Han\u0131m, ayn\u0131 zamanda edebiyata d\u00fc\u015fk\u00fcn, s\u0131k\u0131 bir roman okurudur. G\u00fcn gelir okuduklar\u0131yla yetinmeyerek ger\u00e7ek bir olay\u0131n nas\u0131l ya\u015fanabilece\u011fi merak\u0131na kap\u0131l\u0131r. Bunun i\u00e7in kar\u015f\u0131 yal\u0131daki kom\u015fusu D\u00fcrdane Han\u0131m\u2019\u0131 hen\u00fcz icat edilen telefon aletiyle dinlemeye ba\u015flar: D\u00fcrdane Han\u0131m saplant\u0131 derecesinde \u00e2\u015f\u0131kt\u0131r, \u00fcstelik kendisine eskisi kadar y\u00fcz vermeyen sevgilisinden bebek beklemektedir. Bu tam da Ulviye Han\u0131m\u2019\u0131n arad\u0131\u011f\u0131 t\u00fcrden bir hik\u00e2yedir. Kendisi de bu hik\u00e2yeye k\u00e2h erkek k\u0131l\u0131\u011f\u0131na girerek, k\u00e2h hafiye gibi iz s\u00fcrerek, k\u00e2h hemcinsi ad\u0131na intikam planlar\u0131 kurarak d\u00e2hil olur. Hen\u00fcz 17 Ya\u015f\u0131nda roman\u0131nda Beyo\u011flu\u2019nun e\u011flence hayat\u0131n\u0131 tasvir eden Ahmet Mithat, bu eserinde de bizi Galata \u00e2lemlerine g\u00f6t\u00fcr\u00fcr. Bir vakitler yeni\u00e7erilerin mek\u00e2n\u0131 olan, sonra m\u00fcdavimlerinin ayaktak\u0131m\u0131yla yer de\u011fi\u015ftirdi\u011fi Galata, \u00e7ok k\u00fclt\u00fcrl\u00fc yap\u0131s\u0131, karnavallar\u0131 ve belal\u0131lar\u0131yla hem korkulan hem cezbeden bir yer olarak okura kap\u0131lar\u0131n\u0131 a\u00e7ar. <\/p>\n","protected":false},"excerpt":{"rendered":"<p>D\u00f6nemine g\u00f6re s\u0131rad\u0131\u015f\u0131, ba\u011f\u0131ms\u0131z ve g\u00fc\u00e7l\u00fc bir kad\u0131n olan Ulviye Han\u0131m, ayn\u0131 zamanda edebiyata d\u00fc\u015fk\u00fcn, s\u0131k\u0131 bir roman okurudur. G\u00fcn gelir okuduklar\u0131yla yetinmeyerek ger\u00e7ek bir olay\u0131n<span class=\"excerpt-hellip\"> [\u2026]<\/span><\/p>\n","protected":false},"featured_media":0,"template":"","meta":{"_monsterinsights_skip_tracking":false,"_monsterinsights_sitenote_active":false,"_monsterinsights_sitenote_note":"","_monsterinsights_sitenote_category":0},"product_brand":[],"product_cat":[12291,13872],"product_tag":[],"class_list":{"0":"post-777744","1":"product","2":"type-product","3":"status-publish","5":"product_cat-edebiyat","6":"product_cat-klasikler","7":"pa_cilt-ciltli","8":"pa_tur-kitap","9":"pa_yayinevi-is-bankasi-kultur-yayinlari","10":"pa_yazar-ahmet-mithat-efendi","12":"first","13":"instock","14":"sale","15":"shipping-taxable","16":"purchasable","17":"product-type-simple"},"_links":{"self":[{"href":"https:\/\/roveyayinevi.com.tr\/index.php\/wp-json\/wp\/v2\/product\/777744","targetHints":{"allow":["GET"]}}],"collection":[{"href":"https:\/\/roveyayinevi.com.tr\/index.php\/wp-json\/wp\/v2\/product"}],"about":[{"href":"https:\/\/roveyayinevi.com.tr\/index.php\/wp-json\/wp\/v2\/types\/product"}],"wp:attachment":[{"href":"https:\/\/roveyayinevi.com.tr\/index.php\/wp-json\/wp\/v2\/media?parent=777744"}],"wp:term":[{"taxonomy":"product_brand","embeddable":true,"href":"https:\/\/roveyayinevi.com.tr\/index.php\/wp-json\/wp\/v2\/product_brand?post=777744"},{"taxonomy":"product_cat","embeddable":true,"href":"https:\/\/roveyayinevi.com.tr\/index.php\/wp-json\/wp\/v2\/product_cat?post=777744"},{"taxonomy":"product_tag","embeddable":true,"href":"https:\/\/roveyayinevi.com.tr\/index.php\/wp-json\/wp\/v2\/product_tag?post=777744"}],"curies":[{"name":"wp","href":"https:\/\/api.w.org\/{rel}","templated":true}]}}