{"id":777731,"date":"2025-10-23T04:53:33","date_gmt":"2025-10-23T01:53:33","guid":{"rendered":"https:\/\/roveyayinevi.com.tr\/index.php\/urun\/ne-yapmali-turkiye-icin-bir-cozum\/"},"modified":"2025-11-22T04:48:12","modified_gmt":"2025-11-22T01:48:12","slug":"ne-yapmali-turkiye-icin-bir-cozum","status":"publish","type":"product","link":"https:\/\/roveyayinevi.com.tr\/index.php\/urun\/ne-yapmali-turkiye-icin-bir-cozum\/","title":{"rendered":"Ne Yapmal\u0131 &#8211; T\u00fcrkiye \u0130\u00e7in Bir \u00c7\u00f6z\u00fcm"},"content":{"rendered":"<p>24 Haziran se\u00e7imlerinden sonra, \u00fclkenin gelece\u011fi konusunda yayg\u0131n kayg\u0131 ve \u00fcz\u00fcnt\u00fc var. Partilere ve liderlerine g\u00fcven azalm\u0131\u015f. \u00c7\u0131k\u0131\u015f yolu aray\u0131\u015flar\u0131 yay\u0131l\u0131yor. Ne yapmak gerekti\u011fi tart\u0131\u015f\u0131l\u0131yor. Metin Aydo\u011fan, yap\u0131lmas\u0131 gereken konusundaki g\u00f6r\u00fc\u015flerini 20 y\u0131ld\u0131r yazd\u0131 ve anlatt\u0131. \u2018Ne Yapmal\u0131\u2019 ad\u0131yla kitapla\u015ft\u0131rd\u0131\u011f\u0131 \u00f6nerisinin, g\u00fcn\u00fcm\u00fczde yo\u011funla\u015fan aray\u0131\u015flar i\u00e7inde yer almas\u0131, tart\u0131\u015fmalara boyut geni\u015fli\u011fi kazand\u0131racakt\u0131r. Metin Aydo\u011fan\u2019\u0131n \u00f6nerisi a\u00e7\u0131k ve net: \u00f6rg\u00fctlenmek ve halka ula\u015fmak. Aydo\u011fan, bu yap\u0131lmad\u0131\u011f\u0131 takdirde, T\u00fcrkiye Cumhuriyeti\u2019nin ayakta kalmas\u0131n\u0131n \u00e7ok g\u00fc\u00e7 oldu\u011funu s\u00f6yl\u00fcyor. \u00d6rg\u00fctlenme konusunda herkesin \u00f6n\u00fcnde d\u00f6rt se\u00e7enek oldu\u011funu s\u00f6yl\u00fcyor. Bir partiye \u00fcye olmak; yeni bir parti kurmak; demokratik kitle \u00f6rg\u00fctlerinde \u00e7al\u0131\u015fmak ya da partiler \u00fcst\u00fc anlay\u0131\u015fla yerel halk \u00f6rg\u00fctleri olu\u015fturmak. Aydo\u011fan, d\u00f6rd\u00fcnc\u00fc y\u00f6neli\u015fi do\u011fru buluyor. \u00d6nerisini ayr\u0131nt\u0131l\u0131 bi\u00e7imde ortaya koyuyor ve tart\u0131\u015fmaya sunuyor.\u201c\u00d6neriyi dikkatle inceleyip, derinlemesine irdeleyiniz. Uygun bulmazsan\u0131z, uygun \u00f6neriyi, en az\u0131ndan kendiniz geli\u015ftiriniz\u201d diyor. Bu sorular\u0131n yan\u0131tlar\u0131n\u0131 bu kitapta bulacaks\u0131n\u0131z \u0130yi okumalar diliyoruz\u2026                                                                                                                                                                                                                                                     <\/p>\n","protected":false},"excerpt":{"rendered":"<p>24 Haziran se\u00e7imlerinden sonra, \u00fclkenin gelece\u011fi konusunda yayg\u0131n kayg\u0131 ve \u00fcz\u00fcnt\u00fc var. Partilere ve liderlerine g\u00fcven azalm\u0131\u015f. \u00c7\u0131k\u0131\u015f yolu aray\u0131\u015flar\u0131 yay\u0131l\u0131yor. Ne yapmak gerekti\u011fi tart\u0131\u015f\u0131l\u0131yor. Metin<span class=\"excerpt-hellip\"> [\u2026]<\/span><\/p>\n","protected":false},"featured_media":0,"template":"","meta":{"_monsterinsights_skip_tracking":false,"_monsterinsights_sitenote_active":false,"_monsterinsights_sitenote_note":"","_monsterinsights_sitenote_category":0},"product_brand":[],"product_cat":[12337,14543],"product_tag":[],"class_list":{"0":"post-777731","1":"product","2":"type-product","3":"status-publish","5":"product_cat-politika-siyaset","6":"product_cat-turkiye-siyaseti-ve-politikasi","7":"pa_cilt-ciltsiz","8":"pa_tur-kitap","9":"pa_yayinevi-galeati-yayincilik","10":"pa_yazar-metin-aydogan","12":"first","13":"instock","14":"sale","15":"shipping-taxable","16":"purchasable","17":"product-type-simple"},"_links":{"self":[{"href":"https:\/\/roveyayinevi.com.tr\/index.php\/wp-json\/wp\/v2\/product\/777731","targetHints":{"allow":["GET"]}}],"collection":[{"href":"https:\/\/roveyayinevi.com.tr\/index.php\/wp-json\/wp\/v2\/product"}],"about":[{"href":"https:\/\/roveyayinevi.com.tr\/index.php\/wp-json\/wp\/v2\/types\/product"}],"wp:attachment":[{"href":"https:\/\/roveyayinevi.com.tr\/index.php\/wp-json\/wp\/v2\/media?parent=777731"}],"wp:term":[{"taxonomy":"product_brand","embeddable":true,"href":"https:\/\/roveyayinevi.com.tr\/index.php\/wp-json\/wp\/v2\/product_brand?post=777731"},{"taxonomy":"product_cat","embeddable":true,"href":"https:\/\/roveyayinevi.com.tr\/index.php\/wp-json\/wp\/v2\/product_cat?post=777731"},{"taxonomy":"product_tag","embeddable":true,"href":"https:\/\/roveyayinevi.com.tr\/index.php\/wp-json\/wp\/v2\/product_tag?post=777731"}],"curies":[{"name":"wp","href":"https:\/\/api.w.org\/{rel}","templated":true}]}}