{"id":777726,"date":"2025-10-23T03:32:00","date_gmt":"2025-10-23T00:32:00","guid":{"rendered":"https:\/\/roveyayinevi.com.tr\/index.php\/urun\/ataleti-yenmek\/"},"modified":"2025-12-30T09:56:07","modified_gmt":"2025-12-30T06:56:07","slug":"ataleti-yenmek","status":"publish","type":"product","link":"https:\/\/roveyayinevi.com.tr\/index.php\/urun\/ataleti-yenmek\/","title":{"rendered":"Ataleti Yenmek"},"content":{"rendered":"<p>TEMBELL\u0130\u011e\u0130 YENME K\u0130TABIBir \u015feyi yapman\u0131z gerekti\u011fini biliyorsunuz.Onu ni\u00e7in yapman\u0131z gerekti\u011fini biliyorsunuz.\u0130sterseniz nas\u0131l yapaca\u011f\u0131n\u0131z\u0131 biliyorsunuz.Yapmamakla neler kaybetti\u011finizi veyaparsan\u0131z neler kazanaca\u011f\u0131n\u0131z\u0131 biliyorsunuz.Ama yine de hi\u00e7bir \u015fey yapm\u0131yorsunuz.Sizi durduran nedir?Atalet!Atalet, isteksizlik ile yorgunlu\u011fun, tembellik ile depresyonun, yava\u015fl\u0131k ile y\u0131lg\u0131nl\u0131\u011f\u0131n, hayal k\u0131r\u0131kl\u0131\u011f\u0131 ile kay\u0131ts\u0131zl\u0131\u011f\u0131n, t\u00fckenmi\u015flik ile tepkisizli\u011fin &#8220;ortaya kar\u0131\u015f\u0131k&#8221; halde bir insan\u0131n ruhunu ele ge\u00e7irmesidir.\u201c\u00dczerine \u00f6l\u00fc topra\u011f\u0131 serpilmi\u015f gibi hareket etme\u201d ve \u201cyumurta kap\u0131ya dayanmadan harekete ge\u00e7meme\u201d halleri tipik atalet g\u00f6stergeleridir.Atalet iste\u011fin iktidars\u0131zl\u0131\u011f\u0131d\u0131r. G\u00f6\u011fs\u00fcn\u00fczde bir filin oturdu\u011fu hissiyle ya\u015famakt\u0131r. Ayaklar\u0131m\u0131zda demirden ayakkab\u0131larla ko\u015fmakt\u0131r.Duygusal atalet d\u00fc\u015f\u00fcnd\u00fc\u011f\u00fcn\u00fc yapmamak, entelekt\u00fcel atalet yapt\u0131\u011f\u0131n \u00fczerine d\u00fc\u015f\u00fcnmemektir. Bu kitapta; ataletin tarifi, t\u00fcrleri, nedenleri, s\u00fcre\u00e7leri, sonu\u00e7lar\u0131 ve ba\u015fa \u00e7\u0131kma y\u00f6ntemleri anlat\u0131yor. Ailede, i\u015fyerinde, okulda kullan\u0131lacak \u015fekilde \u00f6rnekler veriliyor.Tek kaynaktan tam \u00e7\u00f6z\u00fcm sunuluyor.Bu kitap, ataletli ruh halinden kurtulmak isteyenler i\u00e7indir. T\u00fcrk\u00e7ede atalet halini analiz eden ve ataletle ba\u015fa \u00e7\u0131kma yollar\u0131n\u0131 g\u00f6steren, ilk ve tek kitapt\u0131r.\u201cTanr\u0131 bize iki yuvarlak organ verdi; biri oturmak, di\u011feri d\u00fc\u015f\u00fcnmek i\u00e7in. Ba\u015far\u0131m\u0131z hangisini daha \u00e7ok kullanaca\u011f\u0131m\u0131za ba\u011fl\u0131.\u201d \u2013Ann Land<\/p>\n","protected":false},"excerpt":{"rendered":"<p>TEMBELL\u0130\u011e\u0130 YENME K\u0130TABIBir \u015feyi yapman\u0131z gerekti\u011fini biliyorsunuz.Onu ni\u00e7in yapman\u0131z gerekti\u011fini biliyorsunuz.\u0130sterseniz nas\u0131l yapaca\u011f\u0131n\u0131z\u0131 biliyorsunuz.Yapmamakla neler kaybetti\u011finizi veyaparsan\u0131z neler kazanaca\u011f\u0131n\u0131z\u0131 biliyorsunuz.Ama yine de hi\u00e7bir \u015fey yapm\u0131yorsunuz.Sizi durduran<span class=\"excerpt-hellip\"> [\u2026]<\/span><\/p>\n","protected":false},"featured_media":0,"template":"","meta":{"_monsterinsights_skip_tracking":false,"_monsterinsights_sitenote_active":false,"_monsterinsights_sitenote_note":"","_monsterinsights_sitenote_category":0},"product_brand":[],"product_cat":[12364,12376],"product_tag":[],"class_list":{"0":"post-777726","1":"product","2":"type-product","3":"status-publish","5":"product_cat-genel-konular","6":"product_cat-kisisel-gelisim","7":"pa_cilt-ciltsiz","8":"pa_tur-kitap","9":"pa_yayinevi-alfa-yayinlari","10":"pa_yazar-mumin-sekman","12":"first","13":"instock","14":"sale","15":"shipping-taxable","16":"purchasable","17":"product-type-simple"},"_links":{"self":[{"href":"https:\/\/roveyayinevi.com.tr\/index.php\/wp-json\/wp\/v2\/product\/777726","targetHints":{"allow":["GET"]}}],"collection":[{"href":"https:\/\/roveyayinevi.com.tr\/index.php\/wp-json\/wp\/v2\/product"}],"about":[{"href":"https:\/\/roveyayinevi.com.tr\/index.php\/wp-json\/wp\/v2\/types\/product"}],"wp:attachment":[{"href":"https:\/\/roveyayinevi.com.tr\/index.php\/wp-json\/wp\/v2\/media?parent=777726"}],"wp:term":[{"taxonomy":"product_brand","embeddable":true,"href":"https:\/\/roveyayinevi.com.tr\/index.php\/wp-json\/wp\/v2\/product_brand?post=777726"},{"taxonomy":"product_cat","embeddable":true,"href":"https:\/\/roveyayinevi.com.tr\/index.php\/wp-json\/wp\/v2\/product_cat?post=777726"},{"taxonomy":"product_tag","embeddable":true,"href":"https:\/\/roveyayinevi.com.tr\/index.php\/wp-json\/wp\/v2\/product_tag?post=777726"}],"curies":[{"name":"wp","href":"https:\/\/api.w.org\/{rel}","templated":true}]}}