{"id":777725,"date":"2025-10-23T03:30:27","date_gmt":"2025-10-23T00:30:27","guid":{"rendered":"https:\/\/roveyayinevi.com.tr\/index.php\/urun\/dunyanin-durumu-2014\/"},"modified":"2026-04-16T02:11:49","modified_gmt":"2026-04-15T23:11:49","slug":"dunyanin-durumu-2014","status":"publish","type":"product","link":"https:\/\/roveyayinevi.com.tr\/index.php\/urun\/dunyanin-durumu-2014\/","title":{"rendered":"D\u00fcnyan\u0131n Durumu 2014"},"content":{"rendered":"<p>Worldwatch Enstit\u00fcs\u00fc\u2019n\u00fcn 40. y\u0131ld\u00f6n\u00fcm\u00fcnde, D\u00fcnyan\u0131n Durumu 2014, g\u00fcvenilir siyasi ve ekonomik y\u00f6neti\u015fimin \u00f6n\u00fcndeki engelleri ve bunlar\u0131 ortadan kald\u0131racak yeni fikirleri inceliyor. Yazarlar, b\u00f6lgesel ve yerel iklim \u00f6nceliklerini, \u00e7al\u0131\u015fanlar\u0131n\u0131n m\u00fclkiyetinde olan firmalar\u0131, enerji diplomasisini, internetin s\u00fcrd\u00fcr\u00fclebilirlik \u00fczerindeki tesirini, ekolojik okuryazarl\u0131\u011f\u0131n \u00f6nemini de i\u00e7eren \u00e7e\u015fitli e\u011filimleri ve \u00e7\u00f6z\u00fcm \u00f6nerilerini ara\u015ft\u0131r\u0131yor. Kitap boyunca istikrarl\u0131 bi\u00e7imde \u00f6ne \u00e7\u0131kan mesaj ise bilgili ve meseleye duyarl\u0131 olan vatanda\u015flar\u0131n daha iyi bir y\u00f6neti\u015fimin temeli olduklar\u0131.<\/p>\n","protected":false},"excerpt":{"rendered":"<p>Worldwatch Enstit\u00fcs\u00fc\u2019n\u00fcn 40. y\u0131ld\u00f6n\u00fcm\u00fcnde, D\u00fcnyan\u0131n Durumu 2014, g\u00fcvenilir siyasi ve ekonomik y\u00f6neti\u015fimin \u00f6n\u00fcndeki engelleri ve bunlar\u0131 ortadan kald\u0131racak yeni fikirleri inceliyor. Yazarlar, b\u00f6lgesel ve yerel iklim<span class=\"excerpt-hellip\"> [\u2026]<\/span><\/p>\n","protected":false},"featured_media":0,"template":"","meta":{"_monsterinsights_skip_tracking":false,"_monsterinsights_sitenote_active":false,"_monsterinsights_sitenote_note":"","_monsterinsights_sitenote_category":0},"product_brand":[],"product_cat":[12364],"product_tag":[],"class_list":{"0":"post-777725","1":"product","2":"type-product","3":"status-publish","5":"product_cat-genel-konular","6":"pa_cilt-ciltsiz","7":"pa_tur-kitap","8":"pa_yayinevi-is-bankasi-kultur-yayinlari","9":"pa_yazar-kolektif","11":"first","12":"instock","13":"sale","14":"shipping-taxable","15":"purchasable","16":"product-type-simple"},"_links":{"self":[{"href":"https:\/\/roveyayinevi.com.tr\/index.php\/wp-json\/wp\/v2\/product\/777725","targetHints":{"allow":["GET"]}}],"collection":[{"href":"https:\/\/roveyayinevi.com.tr\/index.php\/wp-json\/wp\/v2\/product"}],"about":[{"href":"https:\/\/roveyayinevi.com.tr\/index.php\/wp-json\/wp\/v2\/types\/product"}],"wp:attachment":[{"href":"https:\/\/roveyayinevi.com.tr\/index.php\/wp-json\/wp\/v2\/media?parent=777725"}],"wp:term":[{"taxonomy":"product_brand","embeddable":true,"href":"https:\/\/roveyayinevi.com.tr\/index.php\/wp-json\/wp\/v2\/product_brand?post=777725"},{"taxonomy":"product_cat","embeddable":true,"href":"https:\/\/roveyayinevi.com.tr\/index.php\/wp-json\/wp\/v2\/product_cat?post=777725"},{"taxonomy":"product_tag","embeddable":true,"href":"https:\/\/roveyayinevi.com.tr\/index.php\/wp-json\/wp\/v2\/product_tag?post=777725"}],"curies":[{"name":"wp","href":"https:\/\/api.w.org\/{rel}","templated":true}]}}