{"id":777721,"date":"2025-10-23T02:50:22","date_gmt":"2025-10-22T23:50:22","guid":{"rendered":"https:\/\/roveyayinevi.com.tr\/index.php\/urun\/huzun\/"},"modified":"2026-04-16T02:06:25","modified_gmt":"2026-04-15T23:06:25","slug":"huzun","status":"publish","type":"product","link":"https:\/\/roveyayinevi.com.tr\/index.php\/urun\/huzun\/","title":{"rendered":"H\u00fcz\u00fcn"},"content":{"rendered":"<p>Hayat ve H\u00fcz\u00fcnde yazd\u0131klar\u0131m, babam\u0131n da var oldu\u011fu d\u00fcnyada ge\u00e7irdi\u011fim k\u0131rk y\u0131l\u0131n, d\u00fcrb\u00fcn\u00fcme \u00e7arpan resimleridir; \u00f6zelimde ve \u00fclkemde 1941 &#8216;den bu yana ya\u015fad\u0131klar\u0131mdan, g\u00f6rd\u00fcklerimden se\u00e7melerimdir. Kitab\u0131ma, beni \u00e7ok etkileyen, \u00e7ok \u00fczen, \u00e7ok sevindiren, bende iz b\u0131rakan, belle\u011fimde hep kalan an\u0131lar\u0131m\u0131 ald\u0131m.1983&#8217;ten sonraki y\u0131llar\u0131m\u0131n ser\u00fcveni belki bir ba\u015fka kitaba konu olur ama bu kitaplar, 1983 y\u0131l\u0131na kadar, Edip Cansever&#8217;e rahmetle selam olsun, &#8220;Ben Ay\u015fe Kulin Nas\u0131l\u0131m?\u201d&#8217;a yan\u0131t\u0131md\u0131r.Veda ve Umut&#8217;ta ailesinin ya\u015fad\u0131klar\u0131ndan yola \u00e7\u0131karak Osmanl\u0131&#8217;n\u0131n son g\u00fcnlerinden cumhuriyetin ortalar\u0131na kadar T\u00fcrkiye&#8217;nin \u00f6yk\u00fcs\u00fcn\u00fc anlatan Ay\u015fe Kulin, bu kez Hayat ve H\u00fcz\u00fcn&#8217;de kendi an\u0131lar\u0131n\u0131 ve o an\u0131lar\u0131n\u0131n geri plan\u0131n\u0131 olu\u015fturan d\u00fcnyay\u0131 anlat\u0131yor. \u00c7a\u011fda\u015f T\u00fcrk edebiyat\u0131n\u0131n en sevilen kalemlerinden biri olan Ay\u015fe Kulin&#8217;den, an\u0131lar\u0131n, T\u00fcrkiye ve d\u00fcnya ko\u015fullar\u0131n\u0131n i\u00e7 i\u00e7e ge\u00e7ti\u011fi bir \u00e7al\u0131\u015fma.<\/p>\n","protected":false},"excerpt":{"rendered":"<p>Hayat ve H\u00fcz\u00fcnde yazd\u0131klar\u0131m, babam\u0131n da var oldu\u011fu d\u00fcnyada ge\u00e7irdi\u011fim k\u0131rk y\u0131l\u0131n, d\u00fcrb\u00fcn\u00fcme \u00e7arpan resimleridir; \u00f6zelimde ve \u00fclkemde 1941 &#8216;den bu yana ya\u015fad\u0131klar\u0131mdan, g\u00f6rd\u00fcklerimden se\u00e7melerimdir. Kitab\u0131ma,<span class=\"excerpt-hellip\"> [\u2026]<\/span><\/p>\n","protected":false},"featured_media":0,"template":"","meta":{"_monsterinsights_skip_tracking":false,"_monsterinsights_sitenote_active":false,"_monsterinsights_sitenote_note":"","_monsterinsights_sitenote_category":0},"product_brand":[],"product_cat":[14009,12291],"product_tag":[],"class_list":{"0":"post-777721","1":"product","2":"type-product","3":"status-publish","5":"product_cat-biyografi-otobiyografi-edebiyat","6":"product_cat-edebiyat","7":"pa_cilt-ciltsiz","8":"pa_tur-kitap","9":"pa_yayinevi-everest-yayinlari","10":"pa_yazar-ayse-kulin","12":"first","13":"instock","14":"sale","15":"shipping-taxable","16":"purchasable","17":"product-type-simple"},"_links":{"self":[{"href":"https:\/\/roveyayinevi.com.tr\/index.php\/wp-json\/wp\/v2\/product\/777721","targetHints":{"allow":["GET"]}}],"collection":[{"href":"https:\/\/roveyayinevi.com.tr\/index.php\/wp-json\/wp\/v2\/product"}],"about":[{"href":"https:\/\/roveyayinevi.com.tr\/index.php\/wp-json\/wp\/v2\/types\/product"}],"wp:attachment":[{"href":"https:\/\/roveyayinevi.com.tr\/index.php\/wp-json\/wp\/v2\/media?parent=777721"}],"wp:term":[{"taxonomy":"product_brand","embeddable":true,"href":"https:\/\/roveyayinevi.com.tr\/index.php\/wp-json\/wp\/v2\/product_brand?post=777721"},{"taxonomy":"product_cat","embeddable":true,"href":"https:\/\/roveyayinevi.com.tr\/index.php\/wp-json\/wp\/v2\/product_cat?post=777721"},{"taxonomy":"product_tag","embeddable":true,"href":"https:\/\/roveyayinevi.com.tr\/index.php\/wp-json\/wp\/v2\/product_tag?post=777721"}],"curies":[{"name":"wp","href":"https:\/\/api.w.org\/{rel}","templated":true}]}}

Hüzün

<p>Hayat ve Hüzünde yazdıklarım, babamın da var olduğu dünyada geçirdiğim kırk yılın, dürbünüme çarpan resimleridir; özelimde ve ülkemde 1941 &#8216;den bu yana yaşadıklarımdan, gördüklerimden seçmelerimdir. Kitabıma, beni çok etkileyen, çok üzen, çok sevindiren, bende iz bırakan, belleğimde hep kalan anılarımı aldım.1983&#8217;ten sonraki yıllarımın serüveni belki bir başka kitaba konu olur ama bu kitaplar, 1983 yılına kadar, Edip Cansever&#8217;e rahmetle selam olsun, &#8220;Ben Ayşe Kulin Nasılım?”&#8217;a yanıtımdır.Veda ve Umut&#8217;ta ailesinin yaşadıklarından yola çıkarak Osmanlı&#8217;nın son günlerinden cumhuriyetin ortalarına kadar Türkiye&#8217;nin öyküsünü anlatan Ayşe Kulin, bu kez Hayat ve Hüzün&#8217;de kendi anılarını ve o anılarının geri planını oluşturan dünyayı anlatıyor. Çağdaş Türk edebiyatının en sevilen kalemlerinden biri olan Ayşe Kulin&#8217;den, anıların, Türkiye ve dünya koşullarının iç içe geçtiği bir çalışma.</p>

<p>Hayat ve Hüzünde yazdıklarım, babamın da var olduğu dünyada geçirdiğim kırk yılın, dürbünüme çarpan resimleridir; özelimde ve ülkemde 1941 &#8216;den bu yana yaşadıklarımdan, gördüklerimden seçmelerimdir. Kitabıma,<span class="excerpt-hellip"> […]</span></p>
