{"id":777719,"date":"2025-10-23T02:06:22","date_gmt":"2025-10-22T23:06:22","guid":{"rendered":"https:\/\/roveyayinevi.com.tr\/index.php\/urun\/madame-bovary-4\/"},"modified":"2025-10-23T02:06:22","modified_gmt":"2025-10-22T23:06:22","slug":"madame-bovary-4","status":"publish","type":"product","link":"https:\/\/roveyayinevi.com.tr\/index.php\/urun\/madame-bovary-4\/","title":{"rendered":"Madame Bovary"},"content":{"rendered":"<p>Gustave Flaubert (1821-1880); \u0130lk roman\u0131 Madame Bovary 1856\u2019n\u0131n son aylar\u0131nda tefrika edildi, 1857&#8217;de yay\u0131mland\u0131.Kamuoyunda hayat-edebiyat ekseninde ciddi tart\u0131\u015fmalar yaratt\u0131.Flaubert ilk roman\u0131ndan, insan\u0131n bilmeyle olan derin m\u00fccadelesini konu alan, ancak tamamlayamad\u0131\u011f\u0131 son roman\u0131 Bouvard ile Pecuchet&#8217;ye kadar her eserinde farkl\u0131 yollar deneyen 19.y\u00fczy\u0131l\u0131n en yenilik\u00e7i yazarlar\u0131ndan biri oldu. <\/p>\n","protected":false},"excerpt":{"rendered":"<p>Gustave Flaubert (1821-1880); \u0130lk roman\u0131 Madame Bovary 1856\u2019n\u0131n son aylar\u0131nda tefrika edildi, 1857&#8217;de yay\u0131mland\u0131.Kamuoyunda hayat-edebiyat ekseninde ciddi tart\u0131\u015fmalar yaratt\u0131.Flaubert ilk roman\u0131ndan, insan\u0131n bilmeyle olan derin m\u00fccadelesini<span class=\"excerpt-hellip\"> [\u2026]<\/span><\/p>\n","protected":false},"featured_media":0,"template":"","meta":{"_monsterinsights_skip_tracking":false,"_monsterinsights_sitenote_active":false,"_monsterinsights_sitenote_note":"","_monsterinsights_sitenote_category":0},"product_brand":[],"product_cat":[12291,13376],"product_tag":[],"class_list":{"0":"post-777719","1":"product","2":"type-product","3":"status-publish","5":"product_cat-edebiyat","6":"product_cat-fransiz-edebiyati","7":"pa_cilt-ciltsiz","8":"pa_tur-kitap","9":"pa_yayinevi-is-bankasi-kultur-yayinlari","10":"pa_yazar-gustave-flaubert","12":"first","13":"instock","14":"sale","15":"shipping-taxable","16":"purchasable","17":"product-type-simple"},"_links":{"self":[{"href":"https:\/\/roveyayinevi.com.tr\/index.php\/wp-json\/wp\/v2\/product\/777719","targetHints":{"allow":["GET"]}}],"collection":[{"href":"https:\/\/roveyayinevi.com.tr\/index.php\/wp-json\/wp\/v2\/product"}],"about":[{"href":"https:\/\/roveyayinevi.com.tr\/index.php\/wp-json\/wp\/v2\/types\/product"}],"wp:attachment":[{"href":"https:\/\/roveyayinevi.com.tr\/index.php\/wp-json\/wp\/v2\/media?parent=777719"}],"wp:term":[{"taxonomy":"product_brand","embeddable":true,"href":"https:\/\/roveyayinevi.com.tr\/index.php\/wp-json\/wp\/v2\/product_brand?post=777719"},{"taxonomy":"product_cat","embeddable":true,"href":"https:\/\/roveyayinevi.com.tr\/index.php\/wp-json\/wp\/v2\/product_cat?post=777719"},{"taxonomy":"product_tag","embeddable":true,"href":"https:\/\/roveyayinevi.com.tr\/index.php\/wp-json\/wp\/v2\/product_tag?post=777719"}],"curies":[{"name":"wp","href":"https:\/\/api.w.org\/{rel}","templated":true}]}}