{"id":777696,"date":"2025-10-22T11:51:32","date_gmt":"2025-10-22T08:51:32","guid":{"rendered":"https:\/\/roveyayinevi.com.tr\/index.php\/urun\/akincilar-hukumdarlar-ve-tacirler\/"},"modified":"2026-04-15T03:43:34","modified_gmt":"2026-04-15T00:43:34","slug":"akincilar-hukumdarlar-ve-tacirler","status":"publish","type":"product","link":"https:\/\/roveyayinevi.com.tr\/index.php\/urun\/akincilar-hukumdarlar-ve-tacirler\/","title":{"rendered":"Ak\u0131nc\u0131lar, Hu\u0308ku\u0308mdarlar ve Tacirler"},"content":{"rendered":"<p>\u0130nsanl\u0131k tarihinde at\u0131n oynad\u0131\u011f\u0131 rol\u00fcn hik\u00e2yesi geni\u015f Avrasya bozk\u0131rlar\u0131nda ba\u015flad\u0131. Binek hayvan\u0131 olarak kullan\u0131lmas\u0131 \u00e7ok \u00f6nemli bir stratejik varl\u0131k olmas\u0131n\u0131 sa\u011flad\u0131; Hunlar, G\u00f6kt\u00fcrkler, Ku\u015fanlar gibi at binicileri bozk\u0131rda ak\u0131nlar d\u00fczenleyerek ilk bozk\u0131r imparatorluklar\u0131n\u0131 kurdu. Zamanla \u0130ran, Afganistan, \u00c7in, Hindistan ve daha sonra Rusya\u2019da g\u00fc\u00e7l\u00fc imparatorluklar ortaya \u00e7\u0131kt\u0131. Eski Asurlular ve Perslerden 17. y\u00fczy\u0131l Bab\u00fcrl\u00fclerine, 20. y\u00fczy\u0131l\u0131n ba\u015flar\u0131nda s\u00f6m\u00fcrgecili\u011fin doruk noktas\u0131na kadar, at yeti\u015ftiricili\u011fi fetihler ve devlet y\u00f6netimi i\u00e7in vazge\u00e7ilmez hale geldi. Ancak atlar imparatorluk kurucular\u0131n\u0131n silahlar\u0131 olmaktan fazlas\u0131yd\u0131. At s\u0131rt\u0131nda ya\u015famak destans\u0131 avlar, at yar\u0131\u015flar\u0131, co\u015fkulu seyircileri yerlerine \u00e7ivileyen atl\u0131 sporlar demekti. Atlar ve binicileri, \u015fiirlere, ressamlara, destanlara konu oldu. S\u00fcslenen, kendilerine \u00f6zel maskeler yapt\u0131r\u0131lan atlar, kimi zaman binicilerine mezarda bile e\u015flik etti. David Chaffetz, Ak\u0131nc\u0131lar, H\u00fck\u00fcmdarlar ve Tacirler\u2019de, antik d\u00f6nem devlet olu\u015fumunu, yerle\u015fik ve g\u00f6\u00e7ebe medeniyetler aras\u0131ndaki ili\u015fkileri inceliyor. At\u0131n siyasi dinamiklerdeki belirleyici rol\u00fcn\u00fc g\u00f6zler \u00f6n\u00fcne seriyor. \u201c \u2026 geni\u015f bir co\u011frafyaya ve zamana yay\u0131lan karma\u015f\u0131k tarihi s\u00fcre\u00e7leri, bozk\u0131rda kurulmu\u015f b\u00fct\u00fcn eski T\u00fcrk devletleri ve bozk\u0131r halklar\u0131 i\u00e7in do\u011fal bir unsura d\u00f6n\u00fc\u015fm\u00fc\u015f at k\u00fclt\u00fcr\u00fc \u00fczerinden ele almas\u0131 bak\u0131m\u0131ndan \u00f6nemli bir kaynak.\u201d \u2014Prof. Dr. Ahmet Ta\u015fa\u011f\u0131l <\/p>\n","protected":false},"excerpt":{"rendered":"<p>\u0130nsanl\u0131k tarihinde at\u0131n oynad\u0131\u011f\u0131 rol\u00fcn hik\u00e2yesi geni\u015f Avrasya bozk\u0131rlar\u0131nda ba\u015flad\u0131. Binek hayvan\u0131 olarak kullan\u0131lmas\u0131 \u00e7ok \u00f6nemli bir stratejik varl\u0131k olmas\u0131n\u0131 sa\u011flad\u0131; Hunlar, G\u00f6kt\u00fcrkler, Ku\u015fanlar gibi at<span class=\"excerpt-hellip\"> [\u2026]<\/span><\/p>\n","protected":false},"featured_media":0,"template":"","meta":{"_monsterinsights_skip_tracking":false,"_monsterinsights_sitenote_active":false,"_monsterinsights_sitenote_note":"","_monsterinsights_sitenote_category":0},"product_brand":[],"product_cat":[141304],"product_tag":[],"class_list":{"0":"post-777696","1":"product","2":"type-product","3":"status-publish","5":"product_cat-yeni-cikanlar","6":"pa_cilt-ciltsiz","7":"pa_tur-kitap","8":"pa_yayinevi-say-yayinlari","9":"pa_yazar-david-chaffetz","11":"first","12":"instock","13":"sale","14":"shipping-taxable","15":"purchasable","16":"product-type-simple"},"_links":{"self":[{"href":"https:\/\/roveyayinevi.com.tr\/index.php\/wp-json\/wp\/v2\/product\/777696","targetHints":{"allow":["GET"]}}],"collection":[{"href":"https:\/\/roveyayinevi.com.tr\/index.php\/wp-json\/wp\/v2\/product"}],"about":[{"href":"https:\/\/roveyayinevi.com.tr\/index.php\/wp-json\/wp\/v2\/types\/product"}],"wp:attachment":[{"href":"https:\/\/roveyayinevi.com.tr\/index.php\/wp-json\/wp\/v2\/media?parent=777696"}],"wp:term":[{"taxonomy":"product_brand","embeddable":true,"href":"https:\/\/roveyayinevi.com.tr\/index.php\/wp-json\/wp\/v2\/product_brand?post=777696"},{"taxonomy":"product_cat","embeddable":true,"href":"https:\/\/roveyayinevi.com.tr\/index.php\/wp-json\/wp\/v2\/product_cat?post=777696"},{"taxonomy":"product_tag","embeddable":true,"href":"https:\/\/roveyayinevi.com.tr\/index.php\/wp-json\/wp\/v2\/product_tag?post=777696"}],"curies":[{"name":"wp","href":"https:\/\/api.w.org\/{rel}","templated":true}]}}