{"id":777688,"date":"2025-10-22T11:50:16","date_gmt":"2025-10-22T08:50:16","guid":{"rendered":"https:\/\/roveyayinevi.com.tr\/index.php\/urun\/uygarligin-huzursuzlugu-4\/"},"modified":"2026-04-15T03:43:09","modified_gmt":"2026-04-15T00:43:09","slug":"uygarligin-huzursuzlugu-4","status":"publish","type":"product","link":"https:\/\/roveyayinevi.com.tr\/index.php\/urun\/uygarligin-huzursuzlugu-4\/","title":{"rendered":"Uygarl\u0131\u011f\u0131n Huzursuzlu\u011fu"},"content":{"rendered":"<p>\u0130nsan neden mutsuzdur?Sigmund Freud, Uygarl\u0131\u011f\u0131n Huzursuzlu\u011fu&#8217;nda bu basit gibi g\u00f6r\u00fcnen sorunun ard\u0131ndaki derin \u00e7at\u0131\u015fmay\u0131: bireyin \u00f6zg\u00fcrle\u015fme arzusu ile uygarl\u0131\u011f\u0131n koydu\u011fu kurallar aras\u0131ndaki gerilimi inceliyor.Freud bu soruya yan\u0131t ararken, haz ilkesinin ve mutluluk aray\u0131\u015f\u0131n\u0131n s\u0131n\u0131rlar\u0131n\u0131 \u00e7izen uygarl\u0131\u011f\u0131n, insan\u0131 hem koruyan hem de ku\u015fatan bir yap\u0131 oldu\u011funu yaln\u0131zca psikanalizin de\u011fil, felsefe, siyaset ve k\u00fclt\u00fcrel ele\u015ftirinin i\u00e7 i\u00e7e ge\u00e7en sarmallar\u0131nda ilerleyerek g\u00f6steriyor. Keskin bir bak\u0131\u015fla uygarl\u0131\u011f\u0131n ilerleyi\u015fiyle birlikte derinle\u015fen bireysel mutsuzlu\u011fu te\u015fhis ederken, modern hayat\u0131n trajedisini de edebi bir yo\u011funlukla anlat\u0131yor. Nihayetinde ise \u015fu sonuca var\u0131yor: \u0130lerleme ve uygarl\u0131k insan\u0131n huzursuzlu\u011funun kayna\u011f\u0131d\u0131r; i\u00e7sel \u015fiddetin ve itkilerin \u00fczerine in\u015fa edilmi\u015f, \u00f6zg\u00fcrl\u00fc\u011f\u00fc g\u00fcvenlikle takas eden bir hapishanedir; \u00e7\u00fcnk\u00fc toplumsal d\u00fczenin in\u015fas\u0131, ancak i\u00e7g\u00fcd\u00fcsel ya\u015fant\u0131n\u0131n bast\u0131r\u0131lmas\u0131yla m\u00fcmk\u00fcn olabilir.Bu da bize nihai ve belki de as\u0131l rahats\u0131z edici soruyu hat\u0131rlat\u0131yor: Kendi ellerimizle kurdu\u011fumuz uygarl\u0131k, asl\u0131nda bizi kimden korur?<\/p>\n","protected":false},"excerpt":{"rendered":"<p>\u0130nsan neden mutsuzdur?Sigmund Freud, Uygarl\u0131\u011f\u0131n Huzursuzlu\u011fu&#8217;nda bu basit gibi g\u00f6r\u00fcnen sorunun ard\u0131ndaki derin \u00e7at\u0131\u015fmay\u0131: bireyin \u00f6zg\u00fcrle\u015fme arzusu ile uygarl\u0131\u011f\u0131n koydu\u011fu kurallar aras\u0131ndaki gerilimi inceliyor.Freud bu soruya<span class=\"excerpt-hellip\"> [\u2026]<\/span><\/p>\n","protected":false},"featured_media":0,"template":"","meta":{"_monsterinsights_skip_tracking":false,"_monsterinsights_sitenote_active":false,"_monsterinsights_sitenote_note":"","_monsterinsights_sitenote_category":0},"product_brand":[],"product_cat":[12357],"product_tag":[],"class_list":{"0":"post-777688","1":"product","2":"type-product","3":"status-publish","5":"product_cat-psikoloji","6":"pa_cilt-ciltsiz","7":"pa_tur-kitap","8":"pa_yayinevi-sel-yayincilik","9":"pa_yazar-sigmund-freud","11":"first","12":"instock","13":"sale","14":"shipping-taxable","15":"purchasable","16":"product-type-simple"},"_links":{"self":[{"href":"https:\/\/roveyayinevi.com.tr\/index.php\/wp-json\/wp\/v2\/product\/777688","targetHints":{"allow":["GET"]}}],"collection":[{"href":"https:\/\/roveyayinevi.com.tr\/index.php\/wp-json\/wp\/v2\/product"}],"about":[{"href":"https:\/\/roveyayinevi.com.tr\/index.php\/wp-json\/wp\/v2\/types\/product"}],"wp:attachment":[{"href":"https:\/\/roveyayinevi.com.tr\/index.php\/wp-json\/wp\/v2\/media?parent=777688"}],"wp:term":[{"taxonomy":"product_brand","embeddable":true,"href":"https:\/\/roveyayinevi.com.tr\/index.php\/wp-json\/wp\/v2\/product_brand?post=777688"},{"taxonomy":"product_cat","embeddable":true,"href":"https:\/\/roveyayinevi.com.tr\/index.php\/wp-json\/wp\/v2\/product_cat?post=777688"},{"taxonomy":"product_tag","embeddable":true,"href":"https:\/\/roveyayinevi.com.tr\/index.php\/wp-json\/wp\/v2\/product_tag?post=777688"}],"curies":[{"name":"wp","href":"https:\/\/api.w.org\/{rel}","templated":true}]}}