{"id":777668,"date":"2025-10-22T03:42:23","date_gmt":"2025-10-22T00:42:23","guid":{"rendered":"https:\/\/roveyayinevi.com.tr\/index.php\/urun\/ejderhaya-corek-cenkin-siradisi-seruvenleri\/"},"modified":"2026-04-16T02:13:56","modified_gmt":"2026-04-15T23:13:56","slug":"ejderhaya-corek-cenkin-siradisi-seruvenleri","status":"publish","type":"product","link":"https:\/\/roveyayinevi.com.tr\/index.php\/urun\/ejderhaya-corek-cenkin-siradisi-seruvenleri\/","title":{"rendered":"Ejderhaya \u00c7\u00f6rek &#8211; Cenk&#8217;in S\u0131rad\u0131\u015f\u0131 Ser\u00fcvenleri"},"content":{"rendered":"<p>&#8220;AAAAAAY!&#8221; diye ba\u011f\u0131rd\u0131 dev ve korkuyla titredi.&#8221;Ejderha dedi\u011fin yarat\u0131k fena halde vah\u015fi ve korkun\u00e7tur!Keskin pen\u00e7eleri ve testere gibi di\u015fleri olurHi\u00e7 oyalanma buralarda seni \u00e7\u0131lg\u0131n o\u011flan, d\u00f6n evine hemen,yoksa girer derde ba\u015f\u0131n, vurulur yerden yere muhtemelen!&#8221; Cenk k\u00fc\u00e7\u00fcc\u00fck bir \u00e7ocuk ama parmak kadar boyuna bakmadan zamanda yolculuk yapmaya ve bir kahraman olmaya karar veriyor. Merak i\u00e7erisinde her zamanki gibi&#8230; Acaba eski \u00e7a\u011flara gidip bir ejderha bulsa, onu alt edebilir mi?Hemen atl\u0131yor kendi icad\u0131 olan zaman makinesine. \u00c7ok ama \u00e7ok eskilere gidiyor ve ba\u015fl\u0131yor bir ejderha bulabilmek i\u00e7in dolanmaya&#8230;Sence onu bulabilecek mi?<\/p>\n","protected":false},"excerpt":{"rendered":"<p>&#8220;AAAAAAY!&#8221; diye ba\u011f\u0131rd\u0131 dev ve korkuyla titredi.&#8221;Ejderha dedi\u011fin yarat\u0131k fena halde vah\u015fi ve korkun\u00e7tur!Keskin pen\u00e7eleri ve testere gibi di\u015fleri olurHi\u00e7 oyalanma buralarda seni \u00e7\u0131lg\u0131n o\u011flan, d\u00f6n<span class=\"excerpt-hellip\"> [\u2026]<\/span><\/p>\n","protected":false},"featured_media":0,"template":"","meta":{"_monsterinsights_skip_tracking":false,"_monsterinsights_sitenote_active":false,"_monsterinsights_sitenote_note":"","_monsterinsights_sitenote_category":0},"product_brand":[],"product_cat":[12274,12284],"product_tag":[],"class_list":{"0":"post-777668","1":"product","2":"type-product","3":"status-publish","5":"product_cat-cocuk-ve-genclik-kitaplari","6":"product_cat-hikayeler","7":"pa_cilt-ciltsiz","8":"pa_tur-kitap","9":"pa_yayinevi-1001-cicek-kitaplar","10":"pa_yazar-charlotte-guillain","12":"first","13":"instock","14":"sale","15":"shipping-taxable","16":"purchasable","17":"product-type-simple"},"_links":{"self":[{"href":"https:\/\/roveyayinevi.com.tr\/index.php\/wp-json\/wp\/v2\/product\/777668","targetHints":{"allow":["GET"]}}],"collection":[{"href":"https:\/\/roveyayinevi.com.tr\/index.php\/wp-json\/wp\/v2\/product"}],"about":[{"href":"https:\/\/roveyayinevi.com.tr\/index.php\/wp-json\/wp\/v2\/types\/product"}],"wp:attachment":[{"href":"https:\/\/roveyayinevi.com.tr\/index.php\/wp-json\/wp\/v2\/media?parent=777668"}],"wp:term":[{"taxonomy":"product_brand","embeddable":true,"href":"https:\/\/roveyayinevi.com.tr\/index.php\/wp-json\/wp\/v2\/product_brand?post=777668"},{"taxonomy":"product_cat","embeddable":true,"href":"https:\/\/roveyayinevi.com.tr\/index.php\/wp-json\/wp\/v2\/product_cat?post=777668"},{"taxonomy":"product_tag","embeddable":true,"href":"https:\/\/roveyayinevi.com.tr\/index.php\/wp-json\/wp\/v2\/product_tag?post=777668"}],"curies":[{"name":"wp","href":"https:\/\/api.w.org\/{rel}","templated":true}]}}