{"id":777657,"date":"2025-10-21T11:56:50","date_gmt":"2025-10-21T08:56:50","guid":{"rendered":"https:\/\/roveyayinevi.com.tr\/index.php\/urun\/esim-tehlikeli-mi\/"},"modified":"2026-04-15T03:43:38","modified_gmt":"2026-04-15T00:43:38","slug":"esim-tehlikeli-mi","status":"publish","type":"product","link":"https:\/\/roveyayinevi.com.tr\/index.php\/urun\/esim-tehlikeli-mi\/","title":{"rendered":"E\u015fim Tehlikeli mi?"},"content":{"rendered":"<p>Elimizdeki kitap, partner\/e\u015f \u015fiddetinin ortaya \u00e7\u0131k\u0131\u015f nedenlerini s\u0131n\u0131fland\u0131rarak \u015fiddetin toplumsal ve psikolojik boyutlar\u0131n\u0131 anlamaya y\u00f6nelik kapsaml\u0131 bir \u00e7er\u00e7eve sunuyor. Namus alg\u0131s\u0131, ruhsal bozukluklar, madde kullan\u0131m\u0131 ve durumsal \u00e7at\u0131\u015fmalar gibi etkenler \u00fczerinden \u015fiddetin dinamiklerini ele al\u0131rken, her t\u00fcr i\u00e7in \u00f6nerilen m\u00fcdahale y\u00f6ntemlerine yer veriyor. E\u015f \u015eiddeti Tehlikelili\u011fi De\u011ferlendirme Psikoe\u011fitim Program\u0131 ile desteklenen bu \u00e7al\u0131\u015fma, toplumsal fark\u0131ndal\u0131k geli\u015ftirmek isteyen herkese \u0131\u015f\u0131k tutmay\u0131 ama\u00e7l\u0131yor.<\/p>\n","protected":false},"excerpt":{"rendered":"<p>Elimizdeki kitap, partner\/e\u015f \u015fiddetinin ortaya \u00e7\u0131k\u0131\u015f nedenlerini s\u0131n\u0131fland\u0131rarak \u015fiddetin toplumsal ve psikolojik boyutlar\u0131n\u0131 anlamaya y\u00f6nelik kapsaml\u0131 bir \u00e7er\u00e7eve sunuyor. Namus alg\u0131s\u0131, ruhsal bozukluklar, madde kullan\u0131m\u0131 ve<span class=\"excerpt-hellip\"> [\u2026]<\/span><\/p>\n","protected":false},"featured_media":0,"template":"","meta":{"_monsterinsights_skip_tracking":false,"_monsterinsights_sitenote_active":false,"_monsterinsights_sitenote_note":"","_monsterinsights_sitenote_category":0},"product_brand":[],"product_cat":[12357],"product_tag":[],"class_list":{"0":"post-777657","1":"product","2":"type-product","3":"status-publish","5":"product_cat-psikoloji","6":"pa_cilt-ciltsiz","7":"pa_tur-kitap","8":"pa_yayinevi-erdem-yayinlari","9":"pa_yazar-medaim-yanik","11":"first","12":"instock","13":"sale","14":"shipping-taxable","15":"purchasable","16":"product-type-simple"},"_links":{"self":[{"href":"https:\/\/roveyayinevi.com.tr\/index.php\/wp-json\/wp\/v2\/product\/777657","targetHints":{"allow":["GET"]}}],"collection":[{"href":"https:\/\/roveyayinevi.com.tr\/index.php\/wp-json\/wp\/v2\/product"}],"about":[{"href":"https:\/\/roveyayinevi.com.tr\/index.php\/wp-json\/wp\/v2\/types\/product"}],"wp:attachment":[{"href":"https:\/\/roveyayinevi.com.tr\/index.php\/wp-json\/wp\/v2\/media?parent=777657"}],"wp:term":[{"taxonomy":"product_brand","embeddable":true,"href":"https:\/\/roveyayinevi.com.tr\/index.php\/wp-json\/wp\/v2\/product_brand?post=777657"},{"taxonomy":"product_cat","embeddable":true,"href":"https:\/\/roveyayinevi.com.tr\/index.php\/wp-json\/wp\/v2\/product_cat?post=777657"},{"taxonomy":"product_tag","embeddable":true,"href":"https:\/\/roveyayinevi.com.tr\/index.php\/wp-json\/wp\/v2\/product_tag?post=777657"}],"curies":[{"name":"wp","href":"https:\/\/api.w.org\/{rel}","templated":true}]}}