{"id":777655,"date":"2025-10-21T11:56:46","date_gmt":"2025-10-21T08:56:46","guid":{"rendered":"https:\/\/roveyayinevi.com.tr\/index.php\/urun\/basortusu-kardesligi-1\/"},"modified":"2026-04-15T03:43:38","modified_gmt":"2026-04-15T00:43:38","slug":"basortusu-kardesligi-1","status":"publish","type":"product","link":"https:\/\/roveyayinevi.com.tr\/index.php\/urun\/basortusu-kardesligi-1\/","title":{"rendered":"Ba\u015f\u00f6rt\u00fcs\u00fc Karde\u015fli\u011fi &#8211; 1"},"content":{"rendered":"<p>Tesett\u00fcr ve kad\u0131n erkek ili\u015fkilerindeki s\u0131n\u0131rlar, \u00f6zellikle lise \u00e7a\u011flar\u0131nda olduk\u00e7a kafa kar\u0131\u015ft\u0131r\u0131c\u0131 olabilir. Gen\u00e7ler; duygular, inan\u00e7 ve toplumsal sorumluluklara dair pek \u00e7ok \u015feyin kesi\u015fim noktas\u0131nda bunalm\u0131\u015f hissedebilir. Ba\u015f\u00f6rt\u00fcs\u00fc Karde\u015fli\u011fi, s\u00f6z\u00fcn\u00fc etti\u011fimiz bu s\u0131k\u0131\u015fm\u0131\u015fl\u0131\u011f\u0131 ya\u015fayan bir grup lise \u00f6\u011frencisinin maceras\u0131&#8230; Bu macerada gen\u00e7ler, \u00f6\u011frendikleri ile ya\u015fad\u0131klar\u0131 d\u00f6nemin \u00e7at\u0131\u015fmalar\u0131n\u0131 yorumlayarak \u00e7\u0131k\u0131\u015f yolu buluyor. Endonezya\u2019da \u201c\u00c7ok Satanlar\u201d listesinden d\u00fc\u015fmeyen Ba\u015f\u00f6rt\u00fcs\u00fc Karde\u015fli\u011fi titiz bir yay\u0131na haz\u0131rl\u0131k s\u00fcreciyle haz\u0131rland\u0131. Endonezya e\u011fitim sistemi i\u00e7inde yat\u0131l\u0131 olarak e\u011fitim veren Siti Fat\u0131ma Din\u00ee Yat\u0131l\u0131 Okulunun y\u0131llard\u0131r de\u011fi\u015fmeyen iki birincisi var: Asha ve Khalda. Ama \u015fimdi kar\u015f\u0131 kar\u015f\u0131yalar \u00e7\u00fcnk\u00fc Almanya\u2019da e\u011fitim bursu yaln\u0131zca birine verilecek. Asha ve Khalda daha yurt d\u0131\u015f\u0131 e\u011fitim bursu fikrine al\u0131\u015famadan ikinci \u015foku ya\u015f\u0131yor. Se\u00e7im i\u00e7in yeni bir s\u0131nava girecekler. \u00dcstelik kendi okullar\u0131 d\u0131\u015f\u0131nda ve tam bir d\u00f6nem boyunca! \u015eaka m\u0131? Hay\u0131r, de\u011fil!<\/p>\n","protected":false},"excerpt":{"rendered":"<p>Tesett\u00fcr ve kad\u0131n erkek ili\u015fkilerindeki s\u0131n\u0131rlar, \u00f6zellikle lise \u00e7a\u011flar\u0131nda olduk\u00e7a kafa kar\u0131\u015ft\u0131r\u0131c\u0131 olabilir. Gen\u00e7ler; duygular, inan\u00e7 ve toplumsal sorumluluklara dair pek \u00e7ok \u015feyin kesi\u015fim noktas\u0131nda bunalm\u0131\u015f<span class=\"excerpt-hellip\"> [\u2026]<\/span><\/p>\n","protected":false},"featured_media":0,"template":"","meta":{"_monsterinsights_skip_tracking":false,"_monsterinsights_sitenote_active":false,"_monsterinsights_sitenote_note":"","_monsterinsights_sitenote_category":0},"product_brand":[],"product_cat":[12274,12284],"product_tag":[],"class_list":{"0":"post-777655","1":"product","2":"type-product","3":"status-publish","5":"product_cat-cocuk-ve-genclik-kitaplari","6":"product_cat-hikayeler","7":"pa_cilt-ciltsiz","8":"pa_tur-kitap","9":"pa_yayinevi-dus-degirmeni","10":"pa_yazar-anastasha-hardi","12":"first","13":"instock","14":"sale","15":"shipping-taxable","16":"purchasable","17":"product-type-simple"},"_links":{"self":[{"href":"https:\/\/roveyayinevi.com.tr\/index.php\/wp-json\/wp\/v2\/product\/777655","targetHints":{"allow":["GET"]}}],"collection":[{"href":"https:\/\/roveyayinevi.com.tr\/index.php\/wp-json\/wp\/v2\/product"}],"about":[{"href":"https:\/\/roveyayinevi.com.tr\/index.php\/wp-json\/wp\/v2\/types\/product"}],"wp:attachment":[{"href":"https:\/\/roveyayinevi.com.tr\/index.php\/wp-json\/wp\/v2\/media?parent=777655"}],"wp:term":[{"taxonomy":"product_brand","embeddable":true,"href":"https:\/\/roveyayinevi.com.tr\/index.php\/wp-json\/wp\/v2\/product_brand?post=777655"},{"taxonomy":"product_cat","embeddable":true,"href":"https:\/\/roveyayinevi.com.tr\/index.php\/wp-json\/wp\/v2\/product_cat?post=777655"},{"taxonomy":"product_tag","embeddable":true,"href":"https:\/\/roveyayinevi.com.tr\/index.php\/wp-json\/wp\/v2\/product_tag?post=777655"}],"curies":[{"name":"wp","href":"https:\/\/api.w.org\/{rel}","templated":true}]}}