{"id":777650,"date":"2025-10-21T11:56:37","date_gmt":"2025-10-21T08:56:37","guid":{"rendered":"https:\/\/roveyayinevi.com.tr\/index.php\/urun\/ruhlarin-ve-bedenlerin-hekimi-aksemseddin\/"},"modified":"2026-04-15T03:43:38","modified_gmt":"2026-04-15T00:43:38","slug":"ruhlarin-ve-bedenlerin-hekimi-aksemseddin","status":"publish","type":"product","link":"https:\/\/roveyayinevi.com.tr\/index.php\/urun\/ruhlarin-ve-bedenlerin-hekimi-aksemseddin\/","title":{"rendered":"Ruhlar\u0131n ve Bedenlerin Hekimi Ak\u015femseddin"},"content":{"rendered":"<p>\u0130stanbul\u2019un fethi denilince Fatih Sultan Mehmed\u2019den sonra akla gelen ilk isim olan Ak\u015femseddin, sadece bir fethin manevi mimar\u0131 de\u011fil, ayn\u0131 zamanda devrinin en iyi hekimlerinden biridir. Bu kitapta, t\u0131p tarihinde ilk defa mikroptan \u201ccanl\u0131 tohumlar\u201d olarak bahseden, hastal\u0131klar\u0131n bu yolla bula\u015ft\u0131\u011f\u0131 fikrini \u00f6ne s\u00fcren Ak\u015femseddin\u2019i \u00e2lim, hekim ve hoca kimli\u011fiyle okuyacaks\u0131n\u0131z.<\/p>\n","protected":false},"excerpt":{"rendered":"<p>\u0130stanbul\u2019un fethi denilince Fatih Sultan Mehmed\u2019den sonra akla gelen ilk isim olan Ak\u015femseddin, sadece bir fethin manevi mimar\u0131 de\u011fil, ayn\u0131 zamanda devrinin en iyi hekimlerinden biridir.<span class=\"excerpt-hellip\"> [\u2026]<\/span><\/p>\n","protected":false},"featured_media":0,"template":"","meta":{"_monsterinsights_skip_tracking":false,"_monsterinsights_sitenote_active":false,"_monsterinsights_sitenote_note":"","_monsterinsights_sitenote_category":0},"product_brand":[],"product_cat":[13946,12304],"product_tag":[],"class_list":{"0":"post-777650","1":"product","2":"type-product","3":"status-publish","5":"product_cat-biyografi-otobiyografi","6":"product_cat-tarih","7":"pa_cilt-ciltsiz","8":"pa_tur-kitap","9":"pa_yayinevi-erdem-yayinlari","10":"pa_yazar-meryem-ucar","12":"first","13":"instock","14":"sale","15":"shipping-taxable","16":"purchasable","17":"product-type-simple"},"_links":{"self":[{"href":"https:\/\/roveyayinevi.com.tr\/index.php\/wp-json\/wp\/v2\/product\/777650","targetHints":{"allow":["GET"]}}],"collection":[{"href":"https:\/\/roveyayinevi.com.tr\/index.php\/wp-json\/wp\/v2\/product"}],"about":[{"href":"https:\/\/roveyayinevi.com.tr\/index.php\/wp-json\/wp\/v2\/types\/product"}],"wp:attachment":[{"href":"https:\/\/roveyayinevi.com.tr\/index.php\/wp-json\/wp\/v2\/media?parent=777650"}],"wp:term":[{"taxonomy":"product_brand","embeddable":true,"href":"https:\/\/roveyayinevi.com.tr\/index.php\/wp-json\/wp\/v2\/product_brand?post=777650"},{"taxonomy":"product_cat","embeddable":true,"href":"https:\/\/roveyayinevi.com.tr\/index.php\/wp-json\/wp\/v2\/product_cat?post=777650"},{"taxonomy":"product_tag","embeddable":true,"href":"https:\/\/roveyayinevi.com.tr\/index.php\/wp-json\/wp\/v2\/product_tag?post=777650"}],"curies":[{"name":"wp","href":"https:\/\/api.w.org\/{rel}","templated":true}]}}