{"id":777621,"date":"2025-10-19T11:47:40","date_gmt":"2025-10-19T08:47:40","guid":{"rendered":"https:\/\/roveyayinevi.com.tr\/index.php\/urun\/maceralar-atlasi-okyanus-ciltli\/"},"modified":"2025-11-05T12:16:40","modified_gmt":"2025-11-05T09:16:40","slug":"maceralar-atlasi-okyanus-ciltli","status":"publish","type":"product","link":"https:\/\/roveyayinevi.com.tr\/index.php\/urun\/maceralar-atlasi-okyanus-ciltli\/","title":{"rendered":"Maceralar Atlas\u0131 &#8211; Okyanus (Ciltli)"},"content":{"rendered":"<p>Birbirinden g\u00fczel resimlerle s\u00fcslenen bu ke\u015ffe kat\u0131larakdo\u011fan\u0131n en harika su alt\u0131 canl\u0131lar\u0131yla tan\u0131\u015f\u0131n.D\u00dcNYANIN b\u00fcy\u00fck okyanuslar\u0131na do\u011fru derin bir yolculu\u011fa haz\u0131r olun. MASMAV\u0130 DEN\u0130ZLER\u0130N derinliklerindeki canl\u0131 \u00e7e\u015fitlili\u011fini ke\u015ffedin. Dilerseniz PAS\u0130F\u0130K OKYANUSU boyunca, deri s\u0131rtl\u0131 DEN\u0130Z KAPLUMBA\u011eALARIYLA uzun bir yolculu\u011fa \u00e7\u0131k\u0131n ya da SU SAMURLARIYLA kestirip morslarla buz banyosu yap\u0131n\u2026Bu kitap, a\u00e7\u0131k denizlerden okyanus taban\u0131na uzanan E\u015eS\u0130Z OKYANUS  MACERALARINI bir araya getiriyor. 30\u2019DAN FAZLA ke\u015ffedilecek sahneyle gen\u00e7 do\u011fa ka\u015fiflerinin, bu kitab\u0131n her bir sayfas\u0131nda bulaca\u011f\u0131 y\u00fczlerce \u015fey, \u00f6\u011frenece\u011fi bir\u00e7ok bilgi var.<\/p>\n","protected":false},"excerpt":{"rendered":"<p>Birbirinden g\u00fczel resimlerle s\u00fcslenen bu ke\u015ffe kat\u0131larakdo\u011fan\u0131n en harika su alt\u0131 canl\u0131lar\u0131yla tan\u0131\u015f\u0131n.D\u00dcNYANIN b\u00fcy\u00fck okyanuslar\u0131na do\u011fru derin bir yolculu\u011fa haz\u0131r olun. MASMAV\u0130 DEN\u0130ZLER\u0130N derinliklerindeki canl\u0131 \u00e7e\u015fitlili\u011fini<span class=\"excerpt-hellip\"> [\u2026]<\/span><\/p>\n","protected":false},"featured_media":0,"template":"","meta":{"_monsterinsights_skip_tracking":false,"_monsterinsights_sitenote_active":false,"_monsterinsights_sitenote_note":"","_monsterinsights_sitenote_category":0},"product_brand":[],"product_cat":[13829,12274],"product_tag":[],"class_list":{"0":"post-777621","1":"product","2":"type-product","3":"status-publish","5":"product_cat-bilimsel-kitaplar","6":"product_cat-cocuk-ve-genclik-kitaplari","7":"pa_cilt-ciltli","8":"pa_tur-kitap","9":"pa_yayinevi-buyulu-fener-yayinlari","10":"pa_yazar-emily-hawkins","12":"first","13":"instock","14":"sale","15":"shipping-taxable","16":"purchasable","17":"product-type-simple"},"_links":{"self":[{"href":"https:\/\/roveyayinevi.com.tr\/index.php\/wp-json\/wp\/v2\/product\/777621","targetHints":{"allow":["GET"]}}],"collection":[{"href":"https:\/\/roveyayinevi.com.tr\/index.php\/wp-json\/wp\/v2\/product"}],"about":[{"href":"https:\/\/roveyayinevi.com.tr\/index.php\/wp-json\/wp\/v2\/types\/product"}],"wp:attachment":[{"href":"https:\/\/roveyayinevi.com.tr\/index.php\/wp-json\/wp\/v2\/media?parent=777621"}],"wp:term":[{"taxonomy":"product_brand","embeddable":true,"href":"https:\/\/roveyayinevi.com.tr\/index.php\/wp-json\/wp\/v2\/product_brand?post=777621"},{"taxonomy":"product_cat","embeddable":true,"href":"https:\/\/roveyayinevi.com.tr\/index.php\/wp-json\/wp\/v2\/product_cat?post=777621"},{"taxonomy":"product_tag","embeddable":true,"href":"https:\/\/roveyayinevi.com.tr\/index.php\/wp-json\/wp\/v2\/product_tag?post=777621"}],"curies":[{"name":"wp","href":"https:\/\/api.w.org\/{rel}","templated":true}]}}