{"id":777608,"date":"2025-10-19T11:46:47","date_gmt":"2025-10-19T08:46:47","guid":{"rendered":"https:\/\/roveyayinevi.com.tr\/index.php\/urun\/gachiakuta-4\/"},"modified":"2026-04-15T03:43:13","modified_gmt":"2026-04-15T00:43:13","slug":"gachiakuta-4","status":"publish","type":"product","link":"https:\/\/roveyayinevi.com.tr\/index.php\/urun\/gachiakuta-4\/","title":{"rendered":"Gachiakuta 4"},"content":{"rendered":"<p>RUDO, KEND\u0130S\u0130N\u0130 AVLAMAYI HEDEFLEYEN \u201cYA\u011eMACILAR\u201dLA SAVA\u015eIN ORTASINDAYKEN J\u0130NK\u0130\u2019S\u0130N\u0130N G\u00dcC\u00dcN\u00dc UYANDIRIR. BU YETENEK, DOKUNDU\u011eU E\u015eYALARIN DE\u011eER\u0130N\u0130 EN \u00dcST SEV\u0130YEYE \u00c7IKARMASINI SA\u011eLAR VE SALDIRILARI BA\u015eARIYLA GER\u0130 P\u00dcSK\u00dcRT\u00dcR. FAKAT BU SEFER KAR\u015eISINDA J\u0130NK\u0130\u2019S\u0130N\u0130N \u201cSER\u0130S\u0130\u201d VE G\u00d6K D\u00dcNYA\u2019YLA YER D\u00dcNYA ARASINDAK\u0130 \u201cSINIR\u201d G\u0130B\u0130 YEN\u0130 G\u0130ZEMLER VARDIR. YERALTI\u2019NDA HER G\u00dcN YEN\u0130 B\u0130R SIRRIN KAPISI ARALANIR! <\/p>\n","protected":false},"excerpt":{"rendered":"<p>RUDO, KEND\u0130S\u0130N\u0130 AVLAMAYI HEDEFLEYEN \u201cYA\u011eMACILAR\u201dLA SAVA\u015eIN ORTASINDAYKEN J\u0130NK\u0130\u2019S\u0130N\u0130N G\u00dcC\u00dcN\u00dc UYANDIRIR. BU YETENEK, DOKUNDU\u011eU E\u015eYALARIN DE\u011eER\u0130N\u0130 EN \u00dcST SEV\u0130YEYE \u00c7IKARMASINI SA\u011eLAR VE SALDIRILARI BA\u015eARIYLA GER\u0130 P\u00dcSK\u00dcRT\u00dcR. FAKAT<span class=\"excerpt-hellip\"> [\u2026]<\/span><\/p>\n","protected":false},"featured_media":0,"template":"","meta":{"_monsterinsights_skip_tracking":false,"_monsterinsights_sitenote_active":false,"_monsterinsights_sitenote_note":"","_monsterinsights_sitenote_category":0},"product_brand":[],"product_cat":[12416,12291],"product_tag":[],"class_list":{"0":"post-777608","1":"product","2":"type-product","3":"status-publish","5":"product_cat-cizgi-roman","6":"product_cat-edebiyat","7":"pa_cilt-ciltsiz","8":"pa_tur-kitap","9":"pa_yayinevi-athica-yayinlari","10":"pa_yazar-kei-urana","12":"first","13":"instock","14":"sale","15":"shipping-taxable","16":"purchasable","17":"product-type-simple"},"_links":{"self":[{"href":"https:\/\/roveyayinevi.com.tr\/index.php\/wp-json\/wp\/v2\/product\/777608","targetHints":{"allow":["GET"]}}],"collection":[{"href":"https:\/\/roveyayinevi.com.tr\/index.php\/wp-json\/wp\/v2\/product"}],"about":[{"href":"https:\/\/roveyayinevi.com.tr\/index.php\/wp-json\/wp\/v2\/types\/product"}],"wp:attachment":[{"href":"https:\/\/roveyayinevi.com.tr\/index.php\/wp-json\/wp\/v2\/media?parent=777608"}],"wp:term":[{"taxonomy":"product_brand","embeddable":true,"href":"https:\/\/roveyayinevi.com.tr\/index.php\/wp-json\/wp\/v2\/product_brand?post=777608"},{"taxonomy":"product_cat","embeddable":true,"href":"https:\/\/roveyayinevi.com.tr\/index.php\/wp-json\/wp\/v2\/product_cat?post=777608"},{"taxonomy":"product_tag","embeddable":true,"href":"https:\/\/roveyayinevi.com.tr\/index.php\/wp-json\/wp\/v2\/product_tag?post=777608"}],"curies":[{"name":"wp","href":"https:\/\/api.w.org\/{rel}","templated":true}]}}