{"id":777601,"date":"2025-10-19T10:06:44","date_gmt":"2025-10-19T07:06:44","guid":{"rendered":"https:\/\/roveyayinevi.com.tr\/index.php\/urun\/sinesozluk-sinemaya-giris\/"},"modified":"2026-04-16T03:13:32","modified_gmt":"2026-04-16T00:13:32","slug":"sinesozluk-sinemaya-giris","status":"publish","type":"product","link":"https:\/\/roveyayinevi.com.tr\/index.php\/urun\/sinesozluk-sinemaya-giris\/","title":{"rendered":"Sines\u00f6zl\u00fck \u2013 Sinemaya Giri\u015f"},"content":{"rendered":"<p>Dikkat spoiler i\u00e7erir!   Anti kahraman\u0131n kahramandan, B filminin ba\u011f\u0131ms\u0131z filmden, cameonun misafir oyuncudan, sekans\u0131n plandan fark\u0131 nedir?   Bir t\u00fcr sinemaya giri\u015f kitab\u0131 olarak da okunabilecek bu \u00e7al\u0131\u015fma, sinema alan\u0131nda bir ba\u015fucu kitab\u0131 olabilmek amac\u0131yla haz\u0131rland\u0131. 101 maddeden olu\u015fan Sines\u00f6zl\u00fck, yaln\u0131zca film izleyen de\u011fil sinema \u00fczerine okumalar da yapan sinemaseverler, sinema \u00f6\u011frencileri ve ara\u015ft\u0131rmac\u0131lar i\u00e7in bir kaynak olacakt\u0131r.   Akademik bir \u00e7al\u0131\u015fma iddias\u0131nda olmayan, tam aksine; sinema tarihi, t\u00fcrler, ak\u0131mlar ve alana dair terimleri yal\u0131n bir dille derinlemesine anlatan\/a\u00e7\u0131klayan bu kitap, g\u00fcvenilir ve titizlikle haz\u0131rlanm\u0131\u015f bir bilgi deposudur! <\/p>\n","protected":false},"excerpt":{"rendered":"<p>Dikkat spoiler i\u00e7erir! Anti kahraman\u0131n kahramandan, B filminin ba\u011f\u0131ms\u0131z filmden, cameonun misafir oyuncudan, sekans\u0131n plandan fark\u0131 nedir? Bir t\u00fcr sinemaya giri\u015f kitab\u0131 olarak da okunabilecek bu<span class=\"excerpt-hellip\"> [\u2026]<\/span><\/p>\n","protected":false},"featured_media":0,"template":"","meta":{"_monsterinsights_skip_tracking":false,"_monsterinsights_sitenote_active":false,"_monsterinsights_sitenote_note":"","_monsterinsights_sitenote_category":0},"product_brand":[],"product_cat":[12409,12408],"product_tag":[],"class_list":{"0":"post-777601","1":"product","2":"type-product","3":"status-publish","5":"product_cat-fotograf-sinema-tiyatro","6":"product_cat-sanat","7":"pa_cilt-ciltsiz","8":"pa_tur-kitap","9":"pa_yayinevi-kara-karga-yayinlari","10":"pa_yazar-olcay-bagir","12":"first","13":"instock","14":"sale","15":"shipping-taxable","16":"purchasable","17":"product-type-simple"},"_links":{"self":[{"href":"https:\/\/roveyayinevi.com.tr\/index.php\/wp-json\/wp\/v2\/product\/777601","targetHints":{"allow":["GET"]}}],"collection":[{"href":"https:\/\/roveyayinevi.com.tr\/index.php\/wp-json\/wp\/v2\/product"}],"about":[{"href":"https:\/\/roveyayinevi.com.tr\/index.php\/wp-json\/wp\/v2\/types\/product"}],"wp:attachment":[{"href":"https:\/\/roveyayinevi.com.tr\/index.php\/wp-json\/wp\/v2\/media?parent=777601"}],"wp:term":[{"taxonomy":"product_brand","embeddable":true,"href":"https:\/\/roveyayinevi.com.tr\/index.php\/wp-json\/wp\/v2\/product_brand?post=777601"},{"taxonomy":"product_cat","embeddable":true,"href":"https:\/\/roveyayinevi.com.tr\/index.php\/wp-json\/wp\/v2\/product_cat?post=777601"},{"taxonomy":"product_tag","embeddable":true,"href":"https:\/\/roveyayinevi.com.tr\/index.php\/wp-json\/wp\/v2\/product_tag?post=777601"}],"curies":[{"name":"wp","href":"https:\/\/api.w.org\/{rel}","templated":true}]}}