{"id":777597,"date":"2025-10-19T07:02:15","date_gmt":"2025-10-19T04:02:15","guid":{"rendered":"https:\/\/roveyayinevi.com.tr\/index.php\/urun\/kucuk-mavi-kulube\/"},"modified":"2026-04-16T02:42:05","modified_gmt":"2026-04-15T23:42:05","slug":"kucuk-mavi-kulube","status":"publish","type":"product","link":"https:\/\/roveyayinevi.com.tr\/index.php\/urun\/kucuk-mavi-kulube\/","title":{"rendered":"K\u00fc\u00e7\u00fck Mavi Kul\u00fcbe"},"content":{"rendered":"<p>Bir k\u0131z\u0131n b\u00fcy\u00fcme yolculu\u011funu yazl\u0131k evinin g\u00f6z\u00fcnden anlatan K\u00fc\u00e7\u00fck Mavi Kul\u00fcbe aile al\u0131\u015fkanl\u0131klar\u0131, nesilleraras\u0131 de\u011ferlerin aktar\u0131m\u0131, mevsim ge\u00e7i\u015flerinin ruhsall\u0131k \u00fczerindeki etkilerinin yan\u0131 s\u0131ra beklemek, \u00f6zlem duymak, kavu\u015fmak ve aidiyet gibi temalar \u00fczerine bizleri d\u00fc\u015f\u00fcnmeye davet ediyor.   \u0130\u00e7 ve d\u0131\u015f d\u00fcnyam\u0131z aras\u0131nda ge\u00e7i\u015f alan\u0131 olan evlerimiz, bebeklikten yeti\u015fkinli\u011fe t\u00fcm de\u011fi\u015fim ve d\u00f6n\u00fc\u015f\u00fcm d\u00f6nemlerimize e\u015flik eden \u201cg\u00fcvenli \u00fcs\u201d gibidir. Hepimiz i\u00e7in bazen keyif verici, bazen de h\u00fcz\u00fcnl\u00fc deneyimlerle dolu olsa da ku\u015fkusuz en de\u011ferli an\u0131lar\u0131m\u0131z\u0131n haf\u0131zalar\u0131m\u0131za kaydoldu\u011fu ortak ya\u015fam alanlar\u0131d\u0131r ayn\u0131 zamanda\u2026 Ev, kapsay\u0131c\u0131 \u00f6zelli\u011fi sayesinde d\u00fc\u015f kurabilmeye olanak sa\u011flar. K\u00fc\u00e7\u00fck bir \u00e7ocukken evin i\u00e7inde oynanan oyunlarla ger\u00e7ek hayattaki \u00f6nemli kar\u015f\u0131la\u015fmalara ilk haz\u0131rl\u0131klar yap\u0131l\u0131r. Gen\u00e7lik y\u0131llar\u0131nda evin duvarlar\u0131 arzu nesnelerinin posterleriyle kaplan\u0131r, odalar\u0131n i\u00e7i kimlik aray\u0131\u015f\u0131n\u0131n sesi olan \u015fark\u0131larla u\u011fuldan\u0131r ve aynalar kendini ke\u015ffetmeye \u00e7al\u0131\u015fan gencin beden yans\u0131malar\u0131yla dolup ta\u015far. Yeti\u015fkinlikte ise \u00f6nemli ba\u015flang\u0131\u00e7lar\u0131n provalar\u0131n\u0131n yap\u0131ld\u0131\u011f\u0131 yere, ayn\u0131 zamanda aile i\u00e7in de k\u0131ymetli bir habitata d\u00f6n\u00fc\u015f\u00fcr.   Bir de yazl\u0131k evler vard\u0131r\u2026 K\u0131\u015fl\u0131k evlere g\u00f6re i\u00e7erinin daha \u00e7ok d\u0131\u015far\u0131 ta\u015ft\u0131\u011f\u0131, d\u0131\u015far\u0131n\u0131n da i\u00e7 mekana kat\u0131ld\u0131\u011f\u0131 bu keyif veren yerler, yeni bir okul veya i\u015f d\u00f6nemine ba\u015flamadan \u00f6nceki mola alanlar\u0131d\u0131r. Ayr\u0131l\u0131rken h\u00fcz\u00fcn veren ancak her yaz yeniden kavu\u015fman\u0131n heyecan\u0131n da kolay yitirilmedi\u011fi bu i\u00e7 \u0131s\u0131tan s\u0131\u011f\u0131naklar ya\u015fam\u0131m\u0131z\u0131 g\u00f6zden ge\u00e7irebilmek ad\u0131na bizlere her sene yeni \u015fans verir. T\u00fcm bu deneyimleri \u015fiirsel hikayesinin i\u00e7ine s\u0131\u011fd\u0131ran K\u00fc\u00e7\u00fck Mavi Kul\u00fcbe, evlerimizle olan kar\u015f\u0131l\u0131kl\u0131 ili\u015fkimizin fark\u0131na varmam\u0131za yard\u0131mc\u0131 oluyor. Bir k\u0131z\u0131n b\u00fcy\u00fcme yolculu\u011funu yazl\u0131k evinin g\u00f6z\u00fcnden anlatan bu s\u0131rad\u0131\u015f\u0131 hikaye, k\u0131z\u0131n ve koydaki evinin birbirlerinden nas\u0131l etkilendiklerini ve birbirlerinin geli\u015fimlerine nas\u0131l katk\u0131 sa\u011flad\u0131klar\u0131n\u0131 konu ediniyor. Bir evin bak\u0131\u015f\u0131 ve hisleri \u00fczerinden aile al\u0131\u015fkanl\u0131klar\u0131, nesilleraras\u0131 de\u011ferlerin aktar\u0131m\u0131, mevsim ge\u00e7i\u015flerinin ruhsall\u0131k \u00fczerindeki etkilerinin yan\u0131 s\u0131ra beklemek, \u00f6zlem duymak, kavu\u015fmak ve aidiyet gibi temalar \u00fczerine bizleri d\u00fc\u015f\u00fcnmeye davet ediyor.   Petek Halman Kara\u2019n\u0131n \u00f6ns\u00f6z\u00fc ve Hayriye Selen \u0130yicil\u2019in \u015fiirsel \u00e7evirisiyle bu kitap, kendi g\u00fcvenli alanlar\u0131m\u0131z \u00fczerine d\u00fc\u015f\u00fcnmek ve bu konuda \u00e7ocuklara fark\u0131ndal\u0131k yaratmak ad\u0131na de\u011ferli bir kaynak olacak. <\/p>\n","protected":false},"excerpt":{"rendered":"<p>Bir k\u0131z\u0131n b\u00fcy\u00fcme yolculu\u011funu yazl\u0131k evinin g\u00f6z\u00fcnden anlatan K\u00fc\u00e7\u00fck Mavi Kul\u00fcbe aile al\u0131\u015fkanl\u0131klar\u0131, nesilleraras\u0131 de\u011ferlerin aktar\u0131m\u0131, mevsim ge\u00e7i\u015flerinin ruhsall\u0131k \u00fczerindeki etkilerinin yan\u0131 s\u0131ra beklemek, \u00f6zlem duymak,<span class=\"excerpt-hellip\"> [\u2026]<\/span><\/p>\n","protected":false},"featured_media":0,"template":"","meta":{"_monsterinsights_skip_tracking":false,"_monsterinsights_sitenote_active":false,"_monsterinsights_sitenote_note":"","_monsterinsights_sitenote_category":0},"product_brand":[],"product_cat":[12275,12274],"product_tag":[],"class_list":{"0":"post-777597","1":"product","2":"type-product","3":"status-publish","5":"product_cat-6-12-yas-kitaplari","6":"product_cat-cocuk-ve-genclik-kitaplari","7":"pa_cilt-ciltsiz","8":"pa_tur-kitap","9":"pa_yayinevi-okuyan-koala","10":"pa_yazar-kelly-jordan","12":"first","13":"instock","14":"sale","15":"shipping-taxable","16":"purchasable","17":"product-type-simple"},"_links":{"self":[{"href":"https:\/\/roveyayinevi.com.tr\/index.php\/wp-json\/wp\/v2\/product\/777597","targetHints":{"allow":["GET"]}}],"collection":[{"href":"https:\/\/roveyayinevi.com.tr\/index.php\/wp-json\/wp\/v2\/product"}],"about":[{"href":"https:\/\/roveyayinevi.com.tr\/index.php\/wp-json\/wp\/v2\/types\/product"}],"wp:attachment":[{"href":"https:\/\/roveyayinevi.com.tr\/index.php\/wp-json\/wp\/v2\/media?parent=777597"}],"wp:term":[{"taxonomy":"product_brand","embeddable":true,"href":"https:\/\/roveyayinevi.com.tr\/index.php\/wp-json\/wp\/v2\/product_brand?post=777597"},{"taxonomy":"product_cat","embeddable":true,"href":"https:\/\/roveyayinevi.com.tr\/index.php\/wp-json\/wp\/v2\/product_cat?post=777597"},{"taxonomy":"product_tag","embeddable":true,"href":"https:\/\/roveyayinevi.com.tr\/index.php\/wp-json\/wp\/v2\/product_tag?post=777597"}],"curies":[{"name":"wp","href":"https:\/\/api.w.org\/{rel}","templated":true}]}}