{"id":777592,"date":"2025-10-19T06:00:08","date_gmt":"2025-10-19T03:00:08","guid":{"rendered":"https:\/\/roveyayinevi.com.tr\/index.php\/urun\/cani-sikilan-cocuklar-icin-ev-yapimi-oyunlar\/"},"modified":"2026-04-13T02:40:45","modified_gmt":"2026-04-12T23:40:45","slug":"cani-sikilan-cocuklar-icin-ev-yapimi-oyunlar","status":"publish","type":"product","link":"https:\/\/roveyayinevi.com.tr\/index.php\/urun\/cani-sikilan-cocuklar-icin-ev-yapimi-oyunlar\/","title":{"rendered":"Can\u0131 S\u0131k\u0131lan \u00c7ocuklar \u0130\u00e7in Ev Yap\u0131m\u0131 Oyunlar"},"content":{"rendered":"<p>Bu kitapta senin i\u00e7in can s\u0131k\u0131nt\u0131na \u00e7are olabilecek oyunlar yazd\u0131m. Her oyunu \u2018kendi ba\u015f\u0131na oynayabilece\u011fin oyun\u2019, \u2018karde\u015finle oynayabilece\u011fin oyun\u2019, \u2018ailenle oynayabilece\u011fin oyun\u2019, \u2018arkada\u015flar\u0131nla oynayabilece\u011fin oyun\u2019 olarak kategorilere ay\u0131rd\u0131m. B\u00f6ylece hem can s\u0131k\u0131nt\u0131n ge\u00e7ecek hem de senin sayende \u00e7evrendeki insanlar da bu m\u00fcthi\u015f oyunlar\u0131 oynay\u0131p e\u011flenebilecekler.Haydi o zaman arkada\u015f\u0131m, sayfalar\u0131 \u00e7evir de ba\u015flayal\u0131m!<\/p>\n","protected":false},"excerpt":{"rendered":"<p>Bu kitapta senin i\u00e7in can s\u0131k\u0131nt\u0131na \u00e7are olabilecek oyunlar yazd\u0131m. Her oyunu \u2018kendi ba\u015f\u0131na oynayabilece\u011fin oyun\u2019, \u2018karde\u015finle oynayabilece\u011fin oyun\u2019, \u2018ailenle oynayabilece\u011fin oyun\u2019, \u2018arkada\u015flar\u0131nla oynayabilece\u011fin oyun\u2019 olarak<span class=\"excerpt-hellip\"> [\u2026]<\/span><\/p>\n","protected":false},"featured_media":0,"template":"","meta":{"_monsterinsights_skip_tracking":false,"_monsterinsights_sitenote_active":false,"_monsterinsights_sitenote_note":"","_monsterinsights_sitenote_category":0},"product_brand":[],"product_cat":[12275,12274],"product_tag":[],"class_list":{"0":"post-777592","1":"product","2":"type-product","3":"status-publish","5":"product_cat-6-12-yas-kitaplari","6":"product_cat-cocuk-ve-genclik-kitaplari","7":"pa_cilt-ciltsiz","8":"pa_tur-kitap","9":"pa_yayinevi-hayykitap","10":"pa_yazar-hatice-kubra-tongar","12":"first","13":"instock","14":"sale","15":"shipping-taxable","16":"purchasable","17":"product-type-simple"},"_links":{"self":[{"href":"https:\/\/roveyayinevi.com.tr\/index.php\/wp-json\/wp\/v2\/product\/777592","targetHints":{"allow":["GET"]}}],"collection":[{"href":"https:\/\/roveyayinevi.com.tr\/index.php\/wp-json\/wp\/v2\/product"}],"about":[{"href":"https:\/\/roveyayinevi.com.tr\/index.php\/wp-json\/wp\/v2\/types\/product"}],"wp:attachment":[{"href":"https:\/\/roveyayinevi.com.tr\/index.php\/wp-json\/wp\/v2\/media?parent=777592"}],"wp:term":[{"taxonomy":"product_brand","embeddable":true,"href":"https:\/\/roveyayinevi.com.tr\/index.php\/wp-json\/wp\/v2\/product_brand?post=777592"},{"taxonomy":"product_cat","embeddable":true,"href":"https:\/\/roveyayinevi.com.tr\/index.php\/wp-json\/wp\/v2\/product_cat?post=777592"},{"taxonomy":"product_tag","embeddable":true,"href":"https:\/\/roveyayinevi.com.tr\/index.php\/wp-json\/wp\/v2\/product_tag?post=777592"}],"curies":[{"name":"wp","href":"https:\/\/api.w.org\/{rel}","templated":true}]}}