{"id":777591,"date":"2025-10-19T04:57:08","date_gmt":"2025-10-19T01:57:08","guid":{"rendered":"https:\/\/roveyayinevi.com.tr\/index.php\/urun\/hangisi-dogru\/"},"modified":"2026-04-16T02:24:35","modified_gmt":"2026-04-15T23:24:35","slug":"hangisi-dogru","status":"publish","type":"product","link":"https:\/\/roveyayinevi.com.tr\/index.php\/urun\/hangisi-dogru\/","title":{"rendered":"Hangisi Do\u011fru"},"content":{"rendered":"<p>Benzer g\u00f6r\u00fcnen baz\u0131 \u015feyler asl\u0131nda \u00e7ok farkl\u0131d\u0131r. Baz\u0131lar\u0131 ise farkl\u0131 g\u00f6r\u00fcnse de asl\u0131nda benzerdir. Doruk t\u00fcm bunlar\u0131 ablas\u0131 Do\u011fa\u2019n\u0131n yard\u0131m\u0131yla ke\u015ffediyor.<\/p>\n","protected":false},"excerpt":{"rendered":"<p>Benzer g\u00f6r\u00fcnen baz\u0131 \u015feyler asl\u0131nda \u00e7ok farkl\u0131d\u0131r. Baz\u0131lar\u0131 ise farkl\u0131 g\u00f6r\u00fcnse de asl\u0131nda benzerdir. Doruk t\u00fcm bunlar\u0131 ablas\u0131 Do\u011fa\u2019n\u0131n yard\u0131m\u0131yla ke\u015ffediyor.<\/p>\n","protected":false},"featured_media":0,"template":"","meta":{"_monsterinsights_skip_tracking":false,"_monsterinsights_sitenote_active":false,"_monsterinsights_sitenote_note":"","_monsterinsights_sitenote_category":0},"product_brand":[],"product_cat":[12274,12284],"product_tag":[],"class_list":{"0":"post-777591","1":"product","2":"type-product","3":"status-publish","5":"product_cat-cocuk-ve-genclik-kitaplari","6":"product_cat-hikayeler","7":"pa_cilt-ciltsiz","8":"pa_tur-kitap","9":"pa_yayinevi-remzi-kitabevi","10":"pa_yazar-ustun-dokmen","12":"first","13":"instock","14":"sale","15":"shipping-taxable","16":"purchasable","17":"product-type-simple"},"_links":{"self":[{"href":"https:\/\/roveyayinevi.com.tr\/index.php\/wp-json\/wp\/v2\/product\/777591","targetHints":{"allow":["GET"]}}],"collection":[{"href":"https:\/\/roveyayinevi.com.tr\/index.php\/wp-json\/wp\/v2\/product"}],"about":[{"href":"https:\/\/roveyayinevi.com.tr\/index.php\/wp-json\/wp\/v2\/types\/product"}],"wp:attachment":[{"href":"https:\/\/roveyayinevi.com.tr\/index.php\/wp-json\/wp\/v2\/media?parent=777591"}],"wp:term":[{"taxonomy":"product_brand","embeddable":true,"href":"https:\/\/roveyayinevi.com.tr\/index.php\/wp-json\/wp\/v2\/product_brand?post=777591"},{"taxonomy":"product_cat","embeddable":true,"href":"https:\/\/roveyayinevi.com.tr\/index.php\/wp-json\/wp\/v2\/product_cat?post=777591"},{"taxonomy":"product_tag","embeddable":true,"href":"https:\/\/roveyayinevi.com.tr\/index.php\/wp-json\/wp\/v2\/product_tag?post=777591"}],"curies":[{"name":"wp","href":"https:\/\/api.w.org\/{rel}","templated":true}]}}