{"id":777586,"date":"2025-10-19T03:27:16","date_gmt":"2025-10-19T00:27:16","guid":{"rendered":"https:\/\/roveyayinevi.com.tr\/index.php\/urun\/adalet-kitabi\/"},"modified":"2026-04-16T02:12:28","modified_gmt":"2026-04-15T23:12:28","slug":"adalet-kitabi","status":"publish","type":"product","link":"https:\/\/roveyayinevi.com.tr\/index.php\/urun\/adalet-kitabi\/","title":{"rendered":"Adalet Kitab\u0131"},"content":{"rendered":"<p>Ad\u00e2let Kitab\u0131, d\u00fcnyan\u0131n en k\u00f6kl\u00fc ge\u00e7mi\u015fine sahip milletlerinden olan T\u00fcrklerin, ad\u00e2let anlay\u0131\u015f\u0131n\u0131, idare geleneklerinde bu anlay\u0131\u015f\u0131n yerini, tarih\u00ee s\u00fcre\u00e7te ya\u015fanan de\u011fi\u015fim ve d\u00f6n\u00fc\u015f\u00fcmleri, y\u00fczy\u0131llar i\u00e7inde te\u015fekk\u00fcl eden \u00f6nemli hukuk ve ad\u00e2let kurumlar\u0131n\u0131 inceleyen ara\u015ft\u0131rmalardan bir demet sunmak amac\u0131yla haz\u0131rlanm\u0131\u015ft\u0131r. Eserlerin se\u00e7iminde, kronolojik bir b\u00fct\u00fcnl\u00fck sa\u011flanmaya \u00e7al\u0131\u015f\u0131lm\u0131\u015f, hukuk ve ad\u00e2let tarihimizin \u00f6nemli meselelerinin incelendi\u011fi \u00e7al\u0131\u015fmalara \u00f6zellikle yer verilmi\u015ftir.  Bu kitap; \u0130slamiyet&#8217;ten \u00f6nce ve sonra T\u00fcrk devlet gelene\u011fi ve bu gelenek i\u00e7inde hukuk ve ad\u00e2letin yerinin anla\u015f\u0131lmas\u0131, T\u00fcrklerde k\u00f6kl\u00fc bir hukuk\u00ee gelene\u011fin oldu\u011funun ispatlanmas\u0131, Osmanl\u0131 yarg\u0131 sisteminin ve terminolojisinin anla\u015f\u0131lmas\u0131 ve ge\u00e7irdi\u011fi d\u00f6n\u00fc\u015f\u00fcmlerin de\u011ferlendirilmesi, yarg\u0131 kurumlar\u0131n\u0131n incelenmesi a\u00e7\u0131s\u0131ndan ge\u00e7mi\u015ften g\u00fcn\u00fcm\u00fcze geni\u015f bir tarihi yelpazede T\u00fcrk hukuk ve ad\u00e2let tarihini sunmak \u00fczere haz\u0131rlanm\u0131\u015ft\u0131r.<\/p>\n","protected":false},"excerpt":{"rendered":"<p>Ad\u00e2let Kitab\u0131, d\u00fcnyan\u0131n en k\u00f6kl\u00fc ge\u00e7mi\u015fine sahip milletlerinden olan T\u00fcrklerin, ad\u00e2let anlay\u0131\u015f\u0131n\u0131, idare geleneklerinde bu anlay\u0131\u015f\u0131n yerini, tarih\u00ee s\u00fcre\u00e7te ya\u015fanan de\u011fi\u015fim ve d\u00f6n\u00fc\u015f\u00fcmleri, y\u00fczy\u0131llar i\u00e7inde te\u015fekk\u00fcl<span class=\"excerpt-hellip\"> [\u2026]<\/span><\/p>\n","protected":false},"featured_media":0,"template":"","meta":{"_monsterinsights_skip_tracking":false,"_monsterinsights_sitenote_active":false,"_monsterinsights_sitenote_note":"","_monsterinsights_sitenote_category":0},"product_brand":[],"product_cat":[12370,12304],"product_tag":[],"class_list":{"0":"post-777586","1":"product","2":"type-product","3":"status-publish","5":"product_cat-arastirma-inceleme","6":"product_cat-tarih","7":"pa_cilt-ciltsiz","8":"pa_tur-kitap","9":"pa_yayinevi-yeditepe-yayinevi","10":"pa_yazar-halil-inalcik","12":"first","13":"instock","14":"sale","15":"shipping-taxable","16":"purchasable","17":"product-type-simple"},"_links":{"self":[{"href":"https:\/\/roveyayinevi.com.tr\/index.php\/wp-json\/wp\/v2\/product\/777586","targetHints":{"allow":["GET"]}}],"collection":[{"href":"https:\/\/roveyayinevi.com.tr\/index.php\/wp-json\/wp\/v2\/product"}],"about":[{"href":"https:\/\/roveyayinevi.com.tr\/index.php\/wp-json\/wp\/v2\/types\/product"}],"wp:attachment":[{"href":"https:\/\/roveyayinevi.com.tr\/index.php\/wp-json\/wp\/v2\/media?parent=777586"}],"wp:term":[{"taxonomy":"product_brand","embeddable":true,"href":"https:\/\/roveyayinevi.com.tr\/index.php\/wp-json\/wp\/v2\/product_brand?post=777586"},{"taxonomy":"product_cat","embeddable":true,"href":"https:\/\/roveyayinevi.com.tr\/index.php\/wp-json\/wp\/v2\/product_cat?post=777586"},{"taxonomy":"product_tag","embeddable":true,"href":"https:\/\/roveyayinevi.com.tr\/index.php\/wp-json\/wp\/v2\/product_tag?post=777586"}],"curies":[{"name":"wp","href":"https:\/\/api.w.org\/{rel}","templated":true}]}}