{"id":777566,"date":"2025-10-18T00:24:26","date_gmt":"2025-10-17T21:24:26","guid":{"rendered":"https:\/\/roveyayinevi.com.tr\/index.php\/urun\/ofkeyi-alt-etmek\/"},"modified":"2026-04-15T03:43:34","modified_gmt":"2026-04-15T00:43:34","slug":"ofkeyi-alt-etmek","status":"publish","type":"product","link":"https:\/\/roveyayinevi.com.tr\/index.php\/urun\/ofkeyi-alt-etmek\/","title":{"rendered":"\u00d6fkeyi Alt Etmek"},"content":{"rendered":"<p>\u00d6fke\u2026 En tan\u0131d\u0131k hissimiz, en kadim tepkimiz, en sert savunmam\u0131z, etraf\u0131m\u0131zdaki insanlarda en s\u0131k rastlad\u0131\u011f\u0131m\u0131z. Kimi zaman olmazsa olmaz\u0131m\u0131z, kimi zaman en b\u00fcy\u00fck handikab\u0131m\u0131z. Kimi zaman sinsi bir s\u0131z\u0131nt\u0131, kimi zaman \u00f6n\u00fcne \u00e7\u0131kan\u0131 i\u00e7ine katan g\u00fc\u00e7l\u00fc bir ak\u0131nt\u0131. Hepsinden \u00f6te hepimizin ortak paydas\u0131.             \u00c7ok \u00f6nemli bir par\u00e7am\u0131z olsa da gerek kendi verdi\u011fimiz gerek di\u011fer insanlarda g\u00f6zlemledi\u011fimiz \u00f6fke tepkisi; huzurumuzun, mutlulu\u011fumuzun ve sa\u011fduyumuzun \u00f6n\u00fcnde dev bir engeldir. O varken ne etkili ileti\u015fim kurmak m\u00fcmk\u00fcnd\u00fcr ne de sa\u011fl\u0131kl\u0131 d\u00fc\u015f\u00fcnmek.             Dr. Joseph Shrand tam da bu noktadan hareket ediyor ve \u00f6fke y\u00f6netimine dair klasik \u00f6\u011fretilerin \u00f6tesine ge\u00e7ip bizleri \u00e7ok \u00f6nemli bir \u00f6zelli\u011fimizle tan\u0131\u015ft\u0131r\u0131yor. Asl\u0131nda hepimiz, ba\u015fka birinin \u00f6fkesini yat\u0131\u015ft\u0131rma yetene\u011fine sahibiz. Yani kar\u015f\u0131m\u0131zdaki ki\u015finin \u00f6fkesini alt etmek ad\u0131na ihtiyac\u0131m\u0131z olan tek \u015fey kendi beynimiz.             \u00d6fke \u00f6yle bir ate\u015ftir ki kimse yanmaktan muaf de\u011fildir. Bu kitap size ma\u015fa sunmuyor, ate\u015fi nas\u0131l s\u00f6nd\u00fcrece\u011finizi \u00f6\u011fretiyor. <\/p>\n","protected":false},"excerpt":{"rendered":"<p>\u00d6fke\u2026 En tan\u0131d\u0131k hissimiz, en kadim tepkimiz, en sert savunmam\u0131z, etraf\u0131m\u0131zdaki insanlarda en s\u0131k rastlad\u0131\u011f\u0131m\u0131z. Kimi zaman olmazsa olmaz\u0131m\u0131z, kimi zaman en b\u00fcy\u00fck handikab\u0131m\u0131z. Kimi zaman<span class=\"excerpt-hellip\"> [\u2026]<\/span><\/p>\n","protected":false},"featured_media":0,"template":"","meta":{"_monsterinsights_skip_tracking":false,"_monsterinsights_sitenote_active":false,"_monsterinsights_sitenote_note":"","_monsterinsights_sitenote_category":0},"product_brand":[],"product_cat":[12357],"product_tag":[],"class_list":{"0":"post-777566","1":"product","2":"type-product","3":"status-publish","5":"product_cat-psikoloji","6":"pa_cilt-ciltsiz","7":"pa_tur-kitap","8":"pa_yayinevi-totem-yayinlari","9":"pa_yazar-joseph-shrand-leigh-devine","11":"first","12":"instock","13":"sale","14":"shipping-taxable","15":"purchasable","16":"product-type-simple"},"_links":{"self":[{"href":"https:\/\/roveyayinevi.com.tr\/index.php\/wp-json\/wp\/v2\/product\/777566","targetHints":{"allow":["GET"]}}],"collection":[{"href":"https:\/\/roveyayinevi.com.tr\/index.php\/wp-json\/wp\/v2\/product"}],"about":[{"href":"https:\/\/roveyayinevi.com.tr\/index.php\/wp-json\/wp\/v2\/types\/product"}],"wp:attachment":[{"href":"https:\/\/roveyayinevi.com.tr\/index.php\/wp-json\/wp\/v2\/media?parent=777566"}],"wp:term":[{"taxonomy":"product_brand","embeddable":true,"href":"https:\/\/roveyayinevi.com.tr\/index.php\/wp-json\/wp\/v2\/product_brand?post=777566"},{"taxonomy":"product_cat","embeddable":true,"href":"https:\/\/roveyayinevi.com.tr\/index.php\/wp-json\/wp\/v2\/product_cat?post=777566"},{"taxonomy":"product_tag","embeddable":true,"href":"https:\/\/roveyayinevi.com.tr\/index.php\/wp-json\/wp\/v2\/product_tag?post=777566"}],"curies":[{"name":"wp","href":"https:\/\/api.w.org\/{rel}","templated":true}]}}