{"id":777553,"date":"2025-10-18T00:23:47","date_gmt":"2025-10-17T21:23:47","guid":{"rendered":"https:\/\/roveyayinevi.com.tr\/index.php\/urun\/turkiyede-ideolojinin-serencami-iktidar-mucadelesi-ve-hegemonik-pratikler\/"},"modified":"2026-04-15T03:43:14","modified_gmt":"2026-04-15T00:43:14","slug":"turkiyede-ideolojinin-serencami-iktidar-mucadelesi-ve-hegemonik-pratikler","status":"publish","type":"product","link":"https:\/\/roveyayinevi.com.tr\/index.php\/urun\/turkiyede-ideolojinin-serencami-iktidar-mucadelesi-ve-hegemonik-pratikler\/","title":{"rendered":"T\u00fcrkiye\u2019de \u0130deolojinin Serencam\u0131 &#8211; \u0130ktidar M\u00fccadelesi ve Hegemonik Pratikler"},"content":{"rendered":"<p>Siyaset felsefesi, de\u011fer ve ilkelerden yola \u00e7\u0131karak, normatif bir boyut ta\u015f\u0131ma e\u011filimindedir. Siyasal teoloji ise tanr\u0131n\u0131n du\u0308nya ile olan ili\u015fkisini, toplumla olan ili\u015fkisi u\u0308zerinden inceler. Sonu\u00e7 olarak, siyasal du\u0308\u015fu\u0308nu\u0308\u015fu\u0308n ilk du\u0308zlemini, sistematik du\u0308\u015fu\u0308nce bi\u00e7imi olarak \u201csiyaset felsefesi\u201d ve \u201csiyasal teoloji\u201dsini olu\u015ftururken; ikinci du\u0308zlemini siyasal ideolojiler, u\u0308\u00e7u\u0308ncu\u0308 du\u0308zlemini ise en genel anlam\u0131yla \u201csiyasal du\u0308\u015fu\u0308nceler\u201d olu\u015fturur.Toplumsal ya da siyasal hayata ili\u015fkin akademik du\u0308zeyde \u00f6nemli ara\u015ft\u0131rma konular\u0131n\u0131 i\u00e7eren \u201csiyasal du\u0308\u015fu\u0308nceler\u201d ile \u201csiyasal ideolojiler\u201d aras\u0131nda benzerlikler g\u00f6ru\u0308lse de pek \u00e7ok noktada farkl\u0131klar\u0131n oldu\u011funu s\u00f6yleyebiliriz. Siyasal du\u0308\u015fu\u0308nceler, bir disiplin olarak ki\u015filerin siyasi ve felsefi g\u00f6ru\u0308\u015flerinin incelenmesinin yans\u0131ra i\u00e7inden \u00e7\u0131kt\u0131klar\u0131 toplumun sosyo ekonomik yap\u0131s\u0131 u\u0308zerinde yo\u011funla\u015f\u0131r. Siyasal du\u0308\u015fu\u0308nceler, yukar\u0131da ifade edildi\u011fi u\u0308zere ilk iki du\u0308zlemi kapsar, ancak onlardan daha geni\u015f bir alana yay\u0131l\u0131r. Y\u00f6netim, devlet, adalet, e\u015fitlik ve \u00f6zgu\u0308rlu\u0308k gibi siyasal etkinli\u011fe ili\u015fkin konular da \u201csiyasal du\u0308\u015fu\u0308nceler\u201d du\u0308zlemi i\u00e7inde yer al\u0131r. \u0130deolojiler ise tu\u0308m bu konular\u0131 incelemekle birlikte gu\u0308ncel olanla da ili\u015fki kurmay\u0131 ama\u00e7lar. <\/p>\n","protected":false},"excerpt":{"rendered":"<p>Siyaset felsefesi, de\u011fer ve ilkelerden yola \u00e7\u0131karak, normatif bir boyut ta\u015f\u0131ma e\u011filimindedir. Siyasal teoloji ise tanr\u0131n\u0131n du\u0308nya ile olan ili\u015fkisini, toplumla olan ili\u015fkisi u\u0308zerinden inceler. Sonu\u00e7<span class=\"excerpt-hellip\"> [\u2026]<\/span><\/p>\n","protected":false},"featured_media":0,"template":"","meta":{"_monsterinsights_skip_tracking":false,"_monsterinsights_sitenote_active":false,"_monsterinsights_sitenote_note":"","_monsterinsights_sitenote_category":0},"product_brand":[],"product_cat":[12337,14543],"product_tag":[],"class_list":{"0":"post-777553","1":"product","2":"type-product","3":"status-publish","5":"product_cat-politika-siyaset","6":"product_cat-turkiye-siyaseti-ve-politikasi","7":"pa_cilt-ciltsiz","8":"pa_tur-kitap","9":"pa_yayinevi-nika-yayinevi","10":"pa_yazar-kolektif","12":"first","13":"instock","14":"sale","15":"shipping-taxable","16":"purchasable","17":"product-type-simple"},"_links":{"self":[{"href":"https:\/\/roveyayinevi.com.tr\/index.php\/wp-json\/wp\/v2\/product\/777553","targetHints":{"allow":["GET"]}}],"collection":[{"href":"https:\/\/roveyayinevi.com.tr\/index.php\/wp-json\/wp\/v2\/product"}],"about":[{"href":"https:\/\/roveyayinevi.com.tr\/index.php\/wp-json\/wp\/v2\/types\/product"}],"wp:attachment":[{"href":"https:\/\/roveyayinevi.com.tr\/index.php\/wp-json\/wp\/v2\/media?parent=777553"}],"wp:term":[{"taxonomy":"product_brand","embeddable":true,"href":"https:\/\/roveyayinevi.com.tr\/index.php\/wp-json\/wp\/v2\/product_brand?post=777553"},{"taxonomy":"product_cat","embeddable":true,"href":"https:\/\/roveyayinevi.com.tr\/index.php\/wp-json\/wp\/v2\/product_cat?post=777553"},{"taxonomy":"product_tag","embeddable":true,"href":"https:\/\/roveyayinevi.com.tr\/index.php\/wp-json\/wp\/v2\/product_tag?post=777553"}],"curies":[{"name":"wp","href":"https:\/\/api.w.org\/{rel}","templated":true}]}}