{"id":777538,"date":"2025-10-18T00:23:20","date_gmt":"2025-10-17T21:23:20","guid":{"rendered":"https:\/\/roveyayinevi.com.tr\/index.php\/urun\/zincirli-hurriyet\/"},"modified":"2026-01-24T03:52:39","modified_gmt":"2026-01-24T00:52:39","slug":"zincirli-hurriyet","status":"publish","type":"product","link":"https:\/\/roveyayinevi.com.tr\/index.php\/urun\/zincirli-hurriyet\/","title":{"rendered":"Zincirli H\u00fcrriyet"},"content":{"rendered":"<p>27 May\u0131s \u201cH\u00fcrriyet\u201d i\u00e7in yola \u00e7\u0131kt\u0131. H\u00fcrriyet\u2019in anayasa ile gelece\u011fine inand\u0131. T\u00fcrkiye tarihinin en \u00f6zg\u00fcrl\u00fck\u00e7\u00fc anayasas\u0131n\u0131 getirdi ve uzun y\u0131llar \u201cH\u00fcrriyet ve Anayasa Bayram\u0131\u201d olarak kutland\u0131. Kar\u015f\u0131tlar\u0131 ise 27 May\u0131s\u2019\u0131 \u201cdarbe\u201d say\u0131yor ve yirmi birinci y\u00fczy\u0131l T\u00fcrkiyesi\u2019nde anayasas\u0131zla\u015fma konu\u015fuluyor. H\u00fcrriyet\u2019ten anayasas\u0131zla\u015fmaya nas\u0131l gelindi? Ba\u015fka deyi\u015fle, H\u00fcrriyet neden k\u00f6k salamad\u0131? Bu kitapta, do\u011fumunda zincirlerinden kurtulamamas\u0131n\u0131n, d\u00fc\u015fmanlar\u0131 kar\u015f\u0131s\u0131nda 27 May\u0131s d\u00fczenini gittik\u00e7e daha savunmas\u0131z b\u0131rakt\u0131\u011f\u0131 saptamas\u0131ndan yola \u00e7\u0131k\u0131ld\u0131. 27 May\u0131s Devrimi, T\u00fcrk siyaset sahnesini bir sa\u011fanak ya\u011fmur misali bast\u0131. H\u0131zla bo\u015fand\u0131ktan sonra azar azar ilk hararetini yitirdi ve zaman i\u00e7inde dindi. 27 May\u0131s g\u00fcn\u00fc, anayasal d\u00fczenin yeniden kurulu\u015funu ilan eden kadrolar\u0131 bekleyen siyasal ve toplumsal tart\u0131\u015fmalar nelerdi? T\u00fcrk sa\u011f\u0131n\u0131n yeni d\u00fczen kar\u015f\u0131s\u0131ndaki tutumu ne oldu? Elinizdeki kitapta, 27 May\u0131s i\u00e7indeki devrimci damar\u0131n ve onu zay\u0131flatan, g\u00fc\u00e7s\u00fcz d\u00fc\u015f\u00fcren siyasi e\u011filimlerin bir muhasebesini bulacaks\u0131n\u0131z. <\/p>\n","protected":false},"excerpt":{"rendered":"<p>27 May\u0131s \u201cH\u00fcrriyet\u201d i\u00e7in yola \u00e7\u0131kt\u0131. H\u00fcrriyet\u2019in anayasa ile gelece\u011fine inand\u0131. T\u00fcrkiye tarihinin en \u00f6zg\u00fcrl\u00fck\u00e7\u00fc anayasas\u0131n\u0131 getirdi ve uzun y\u0131llar \u201cH\u00fcrriyet ve Anayasa Bayram\u0131\u201d olarak kutland\u0131.<span class=\"excerpt-hellip\"> [\u2026]<\/span><\/p>\n","protected":false},"featured_media":0,"template":"","meta":{"_monsterinsights_skip_tracking":false,"_monsterinsights_sitenote_active":false,"_monsterinsights_sitenote_note":"","_monsterinsights_sitenote_category":0},"product_brand":[],"product_cat":[12337],"product_tag":[],"class_list":{"0":"post-777538","1":"product","2":"type-product","3":"status-publish","5":"product_cat-politika-siyaset","6":"pa_cilt-ciltsiz","7":"pa_tur-kitap","8":"pa_yayinevi-tekin-yayinevi","9":"pa_yazar-kolektif","11":"first","12":"instock","13":"sale","14":"shipping-taxable","15":"purchasable","16":"product-type-simple"},"_links":{"self":[{"href":"https:\/\/roveyayinevi.com.tr\/index.php\/wp-json\/wp\/v2\/product\/777538","targetHints":{"allow":["GET"]}}],"collection":[{"href":"https:\/\/roveyayinevi.com.tr\/index.php\/wp-json\/wp\/v2\/product"}],"about":[{"href":"https:\/\/roveyayinevi.com.tr\/index.php\/wp-json\/wp\/v2\/types\/product"}],"wp:attachment":[{"href":"https:\/\/roveyayinevi.com.tr\/index.php\/wp-json\/wp\/v2\/media?parent=777538"}],"wp:term":[{"taxonomy":"product_brand","embeddable":true,"href":"https:\/\/roveyayinevi.com.tr\/index.php\/wp-json\/wp\/v2\/product_brand?post=777538"},{"taxonomy":"product_cat","embeddable":true,"href":"https:\/\/roveyayinevi.com.tr\/index.php\/wp-json\/wp\/v2\/product_cat?post=777538"},{"taxonomy":"product_tag","embeddable":true,"href":"https:\/\/roveyayinevi.com.tr\/index.php\/wp-json\/wp\/v2\/product_tag?post=777538"}],"curies":[{"name":"wp","href":"https:\/\/api.w.org\/{rel}","templated":true}]}}