{"id":777512,"date":"2025-10-17T06:04:12","date_gmt":"2025-10-17T03:04:12","guid":{"rendered":"https:\/\/roveyayinevi.com.tr\/index.php\/urun\/sonbahar-3\/"},"modified":"2026-04-16T02:33:39","modified_gmt":"2026-04-15T23:33:39","slug":"sonbahar-3","status":"publish","type":"product","link":"https:\/\/roveyayinevi.com.tr\/index.php\/urun\/sonbahar-3\/","title":{"rendered":"Sonbahar"},"content":{"rendered":"<p>1928\u2019de Kadirli\u2019de do\u011fdu. 1953\u2019de A.\u00dc \u0130l\u00e2hiyat Fak\u00fcltesi\u2019nden diploma ald\u0131. Ayn\u0131 Fak\u00fcltede 1958\u2019de \u0130sl\u00e2m felsefesi doktoru oldu. 1963\u2019de Do\u00e7ent, 1969\u2019da Profes\u00f6r olarak kadro ald\u0131.\u0130.Ag\u00e2h \u00c7ubuk\u00e7u, Fransa ve \u0130ngiltire\u2019de incelemelerde bulundu. 1959\u2019da Paris\u2019te Alliance Fran\u00e7aise\u2019den sertifika ve 1962\u2019de Frans\u0131z Dili ve Medeniyeti ile ilgili s\u0131navlar\u0131 vererek Sorbonne \u00dcniversitesi\u2019nden  diploma ald\u0131.Uluslararas\u0131 bir\u00e7ok sempozyuma kat\u0131ld\u0131. K\u00fclt\u00fcr Bakanl\u0131\u011f\u0131 dan\u0131\u015fma kurullar\u0131nda g\u00f6rev yapt\u0131. T\u00fcrk Tarih Kurumu \u00fcyeli\u011fine ve iki kez Ankara \u00dcniversitesi Senat\u00f6rl\u00fc\u011f\u00fc\u2019ne se\u00e7ildi. Radyo ve Televizyon Y\u00fcksek Kurulu \u00fcyeli\u011fine se\u00e7ilen \u00c7ubuk\u00e7u, alt\u0131 y\u0131l s\u00fcreyle bu g\u00f6revi yapt\u0131. Daha sonra T\u00fcrk Tarih Kurumu Ba\u015fkavekilli\u011fine atand\u0131. Bir s\u00fcre bu g\u00f6revi if\u00e2 ettikten sonra T\u00fcrkiye B\u00fcy\u00fck Millet Meclisi taraf\u0131ndan Radyo ve Televizyon \u00dcst Kurulu (RT\u00dcK) \u00fcyeli\u011fine se\u00e7ildi. D\u00f6rt y\u0131l s\u00fcreyle RT\u00dcK\u2019de g\u00f6rev yapt\u0131.\u0130.Ag\u00e2h \u00c7ubuk\u00e7u do\u00e7entli\u011fi s\u0131ras\u0131nda A.\u00dc. \u0130l\u00e2hiyat Fak\u00fcltesi\u2019nde \u0130sl\u00e2m Felsefesi ve Filozoflar\u0131 K\u00fcrs\u00fcs\u00fc Ba\u015fkan\u0131 olarak g\u00f6rev \u00fcstlendi. Profes\u00f6r olduktan sonra Kel\u00e2m ve \u0130sl\u00e2m Felsefi B\u00f6l\u00fcm\u00fc Ba\u015fkanl\u0131\u011f\u0131, Felsefe ve Din Bilimleri B\u00f6l\u00fcm\u00fc Ba\u015fkanl\u0131\u011f\u0131 gibi g\u00f6revlerde bulundu. Bir ara Hacettepe \u00dcniversitesi\u2019nde T\u00fcrk D\u00fc\u015f\u00fcnce Tarihinde Felsefe dersleri verdi.\u0130.Ag\u00e2h \u00c7ubuk\u00e7u bir\u00e7ok makale ve kitap yazd\u0131. D\u00fcz yaz\u0131 olarak eseri otuzdan fazlad\u0131r. Ayn\u0131 zamanda edebiyatla ilgilenen \u00c7ubuk\u00e7u 25 \u015fiir kitab\u0131, ayr\u0131ca deneme t\u00fcr\u00fcnde 3 eseri yay\u0131mlad\u0131.1961\u2019den itibaren Radyo\u2019da ve daha sonralar\u0131 Televizyonda din\u00ee sohbetler yapan \u00c7ubuk\u00e7u yetmi\u015f kadar ilimizi dola\u015farak konferanslar verdi.RT\u00dcK taraf\u0131ndan  Radyo ve Televizyon \u00dcst Kurulu Ba\u015fkanl\u0131\u011f\u0131na se\u00e7ilen \u00c7ubuk\u00e7u, 1998 y\u0131l\u0131ndan beri emeklilik hayat\u0131n\u0131 s\u00fcrd\u00fcrmektedir.Sonbahar kitab\u0131 onun 26 \u015fiir kitab\u0131 olup hayat\u0131nn\u0131 son aylar\u0131nda yazd\u0131\u011f\u0131 \u015fiirlerden olu\u015fmaktad\u0131r.<\/p>\n","protected":false},"excerpt":{"rendered":"<p>1928\u2019de Kadirli\u2019de do\u011fdu. 1953\u2019de A.\u00dc \u0130l\u00e2hiyat Fak\u00fcltesi\u2019nden diploma ald\u0131. Ayn\u0131 Fak\u00fcltede 1958\u2019de \u0130sl\u00e2m felsefesi doktoru oldu. 1963\u2019de Do\u00e7ent, 1969\u2019da Profes\u00f6r olarak kadro ald\u0131.\u0130.Ag\u00e2h \u00c7ubuk\u00e7u, Fransa ve<span class=\"excerpt-hellip\"> [\u2026]<\/span><\/p>\n","protected":false},"featured_media":0,"template":"","meta":{"_monsterinsights_skip_tracking":false,"_monsterinsights_sitenote_active":false,"_monsterinsights_sitenote_note":"","_monsterinsights_sitenote_category":0},"product_brand":[],"product_cat":[12291,12509],"product_tag":[],"class_list":{"0":"post-777512","1":"product","2":"type-product","3":"status-publish","5":"product_cat-edebiyat","6":"product_cat-siir","7":"pa_cilt-ciltsiz","8":"pa_tur-kitap","9":"pa_yayinevi-kultur-ajans-yayinlari","10":"pa_yazar-ibrahim-agah-cubukcu","12":"first","13":"instock","14":"sale","15":"shipping-taxable","16":"purchasable","17":"product-type-simple"},"_links":{"self":[{"href":"https:\/\/roveyayinevi.com.tr\/index.php\/wp-json\/wp\/v2\/product\/777512","targetHints":{"allow":["GET"]}}],"collection":[{"href":"https:\/\/roveyayinevi.com.tr\/index.php\/wp-json\/wp\/v2\/product"}],"about":[{"href":"https:\/\/roveyayinevi.com.tr\/index.php\/wp-json\/wp\/v2\/types\/product"}],"wp:attachment":[{"href":"https:\/\/roveyayinevi.com.tr\/index.php\/wp-json\/wp\/v2\/media?parent=777512"}],"wp:term":[{"taxonomy":"product_brand","embeddable":true,"href":"https:\/\/roveyayinevi.com.tr\/index.php\/wp-json\/wp\/v2\/product_brand?post=777512"},{"taxonomy":"product_cat","embeddable":true,"href":"https:\/\/roveyayinevi.com.tr\/index.php\/wp-json\/wp\/v2\/product_cat?post=777512"},{"taxonomy":"product_tag","embeddable":true,"href":"https:\/\/roveyayinevi.com.tr\/index.php\/wp-json\/wp\/v2\/product_tag?post=777512"}],"curies":[{"name":"wp","href":"https:\/\/api.w.org\/{rel}","templated":true}]}}