{"id":777509,"date":"2025-10-16T21:18:45","date_gmt":"2025-10-16T18:18:45","guid":{"rendered":"https:\/\/roveyayinevi.com.tr\/?post_type=product&#038;p=777509"},"modified":"2026-04-15T03:43:35","modified_gmt":"2026-04-15T00:43:35","slug":"hosca-kal-leyla","status":"publish","type":"product","link":"https:\/\/roveyayinevi.com.tr\/index.php\/urun\/hosca-kal-leyla\/","title":{"rendered":"Ho\u015fca Kal Leyla"},"content":{"rendered":"<p>Bir ho\u015f\u00e7a kal her \u015feyi bitirir miydi? Biriken an\u0131lar\u0131 yok ederem odalar\u0131nda dola\u015f\u0131yordu. A\u011fr\u0131 Da\u011f\u0131\u2019n\u0131n beyaz zirvesi bile onu yans\u0131t\u0131yordu. Ve \u00f6nemlisi, acemi bir \u00e2\u015f\u0131\u011f\u0131n kalbinde at\u0131yordu.Ke\u015fke her \u015feye bu kadar sinmeseydi. Ellerinde h\u00e2l\u00e2 onun kokusu vard\u0131. O bir\u00e7ok yerdeydi. Kar\u015f\u0131daki vi\u015fne a\u011fac\u0131n\u0131n dallar\u0131nda, kay\u0131s\u0131n\u0131n tad\u0131nda, bedeninde, ruhunda, bakt\u0131\u011f\u0131 her noktada g\u00fcl\u00fcms\u00fcyordu. Beyni Leyla diyordu, akl\u0131 Leyla\u2019y\u0131 anlat\u0131yordu.<br \/>\nOnu \u00e7ok \u015fey ar\u0131yordu, sadece Hasan de\u011fil; gezdi\u011fi yerler, balkonda oturdu\u011fu iskemle, g\u00fcne\u015f onu bekliyordu. Ay \u0131\u015f\u0131\u011f\u0131 solgun bakarken beceriksiz bir sigaran\u0131n duman\u0131nda savruluyordu.<br \/>\n\u201cHo\u015f\u00e7a kal Leyla, ho\u015f\u00e7a kal sevdi\u011fim. Seni hi\u00e7 unutmayaca\u011f\u0131m.\u201d<\/p>\n","protected":false},"excerpt":{"rendered":"<p>Bir ho\u015f\u00e7a kal her \u015feyi bitirir miydi? Biriken an\u0131lar\u0131 yok ederem odalar\u0131nda dola\u015f\u0131yordu. A\u011fr\u0131 Da\u011f\u0131\u2019n\u0131n beyaz zirvesi bile onu yans\u0131t\u0131yordu. Ve \u00f6nemlisi, acemi bir \u00e2\u015f\u0131\u011f\u0131n kalbinde at\u0131yordu.Ke\u015fke her \u015feye bu kadar sinmeseydi. Ellerinde h\u00e2l\u00e2 onun kokusu vard\u0131. O bir\u00e7ok yerdeydi. Kar\u015f\u0131daki vi\u015fne a\u011fac\u0131n\u0131n dallar\u0131nda, kay\u0131s\u0131n\u0131n tad\u0131nda, bedeninde, ruhunda, bakt\u0131\u011f\u0131 her noktada g\u00fcl\u00fcms\u00fcyordu. Beyni Leyla diyordu, akl\u0131 Leyla\u2019y\u0131 anlat\u0131yordu.<br \/>\nOnu \u00e7ok \u015fey ar\u0131yordu, sadece Hasan de\u011fil; gezdi\u011fi yerler, balkonda oturdu\u011fu iskemle, g\u00fcne\u015f onu bekliyordu. Ay \u0131\u015f\u0131\u011f\u0131 solgun bakarken beceriksiz bir sigaran\u0131n duman\u0131nda savruluyordu.<br \/>\n\u201cHo\u015f\u00e7a kal Leyla, ho\u015f\u00e7a kal sevdi\u011fim. Seni hi\u00e7 unutmayaca\u011f\u0131m.\u201d<\/p>\n","protected":false},"featured_media":777510,"template":"","meta":{"_monsterinsights_skip_tracking":false,"_monsterinsights_sitenote_active":false,"_monsterinsights_sitenote_note":"","_monsterinsights_sitenote_category":0},"product_brand":[],"product_cat":[133334],"product_tag":[],"class_list":{"0":"post-777509","1":"product","2":"type-product","3":"status-publish","4":"has-post-thumbnail","6":"product_cat-genel","7":"pa_baski-boyutu-155-x-235-cm","8":"pa_baski-sayisi-1-baski","9":"pa_baski-tarihi-ekim-2025","10":"pa_cilt-karton-kapak","11":"pa_sayfa-sayisi-25362","12":"pa_stok-kodu-142193","13":"pa_tur-kitap","14":"pa_yayin-dili-turkce","15":"pa_yayinevi-raven","16":"pa_yazar-fatma-bacara","18":"first","19":"instock","20":"sale","21":"shipping-taxable","22":"purchasable","23":"product-type-simple"},"_links":{"self":[{"href":"https:\/\/roveyayinevi.com.tr\/index.php\/wp-json\/wp\/v2\/product\/777509","targetHints":{"allow":["GET"]}}],"collection":[{"href":"https:\/\/roveyayinevi.com.tr\/index.php\/wp-json\/wp\/v2\/product"}],"about":[{"href":"https:\/\/roveyayinevi.com.tr\/index.php\/wp-json\/wp\/v2\/types\/product"}],"wp:featuredmedia":[{"embeddable":true,"href":"https:\/\/roveyayinevi.com.tr\/index.php\/wp-json\/wp\/v2\/media\/777510"}],"wp:attachment":[{"href":"https:\/\/roveyayinevi.com.tr\/index.php\/wp-json\/wp\/v2\/media?parent=777509"}],"wp:term":[{"taxonomy":"product_brand","embeddable":true,"href":"https:\/\/roveyayinevi.com.tr\/index.php\/wp-json\/wp\/v2\/product_brand?post=777509"},{"taxonomy":"product_cat","embeddable":true,"href":"https:\/\/roveyayinevi.com.tr\/index.php\/wp-json\/wp\/v2\/product_cat?post=777509"},{"taxonomy":"product_tag","embeddable":true,"href":"https:\/\/roveyayinevi.com.tr\/index.php\/wp-json\/wp\/v2\/product_tag?post=777509"}],"curies":[{"name":"wp","href":"https:\/\/api.w.org\/{rel}","templated":true}]}}