{"id":777505,"date":"2025-10-16T21:13:39","date_gmt":"2025-10-16T18:13:39","guid":{"rendered":"https:\/\/roveyayinevi.com.tr\/?post_type=product&#038;p=777505"},"modified":"2026-04-15T03:43:35","modified_gmt":"2026-04-15T00:43:35","slug":"bir-gunluk-kavusma-2","status":"publish","type":"product","link":"https:\/\/roveyayinevi.com.tr\/index.php\/urun\/bir-gunluk-kavusma-2\/","title":{"rendered":"B\u0130R G\u00dcNL\u00dcK KAVU\u015eMA"},"content":{"rendered":"<p>Kim salk\u0131m sa\u011fanak bir ya\u011fmurun pen\u00e7esinde y\u00fcr\u00fcr ki? O sa\u011fanak ki insan\u0131n iliklerine kadar i\u015fler,<br \/>\nonu s\u0131r\u0131ls\u0131klam ve bir ba\u015f\u0131na b\u0131rak\u0131r. Hasret insan\u0131 bazen bu \u015fekilde yakalar. Bir g\u00fcnl\u00fck kavu\u015fman\u0131n ard\u0131ndan kapan\u0131r g\u00fcnd\u00fcz geceler ba\u015flar. H\u00fcz\u00fcn a\u011f\u0131r a\u011f\u0131r iner g\u00f6zya\u015flar\u0131na, uzun bir yoldan gelir gibi yorgun ve korkakt\u0131r. Hasret ise ad\u0131na \u00f6d\u00fcller konan bir kavu\u015fma sonras\u0131d\u0131r. Kay\u0131ts\u0131z \u015farts\u0131z ve ilelebet o g\u00f6n\u00fclde yaral\u0131 kal\u0131r. Kavu\u015fman\u0131n s\u00fcresi dolmadan yakalad\u0131 hasret onu. Kavu\u015fman\u0131n bitti\u011fi tam da o anda.<br \/>\nO ne yak\u0131c\u0131 bir ate\u015fti ki ya\u015fayan g\u00fczel \u015feyleri b\u0131rakmad\u0131 i\u00e7inde.<\/p>\n","protected":false},"excerpt":{"rendered":"<p>Kim salk\u0131m sa\u011fanak bir ya\u011fmurun pen\u00e7esinde y\u00fcr\u00fcr ki? O sa\u011fanak ki insan\u0131n iliklerine kadar i\u015fler,<br \/>\nonu s\u0131r\u0131ls\u0131klam ve bir ba\u015f\u0131na b\u0131rak\u0131r. Hasret insan\u0131 bazen bu \u015fekilde yakalar. Bir g\u00fcnl\u00fck kavu\u015fman\u0131n ard\u0131ndan kapan\u0131r g\u00fcnd\u00fcz geceler ba\u015flar. H\u00fcz\u00fcn a\u011f\u0131r a\u011f\u0131r iner g\u00f6zya\u015flar\u0131na, uzun bir yoldan gelir gibi yorgun ve korkakt\u0131r. Hasret ise ad\u0131na \u00f6d\u00fcller konan bir kavu\u015fma sonras\u0131d\u0131r. Kay\u0131ts\u0131z \u015farts\u0131z ve ilelebet o g\u00f6n\u00fclde yaral\u0131 kal\u0131r. Kavu\u015fman\u0131n s\u00fcresi dolmadan yakalad\u0131 hasret onu. Kavu\u015fman\u0131n bitti\u011fi tam da o anda.<br \/>\nO ne yak\u0131c\u0131 bir ate\u015fti ki ya\u015fayan g\u00fczel \u015feyleri b\u0131rakmad\u0131 i\u00e7inde.<\/p>\n","protected":false},"featured_media":777506,"template":"","meta":{"_monsterinsights_skip_tracking":false,"_monsterinsights_sitenote_active":false,"_monsterinsights_sitenote_note":"","_monsterinsights_sitenote_category":0},"product_brand":[],"product_cat":[133334],"product_tag":[],"class_list":{"0":"post-777505","1":"product","2":"type-product","3":"status-publish","4":"has-post-thumbnail","6":"product_cat-genel","7":"pa_baski-boyutu-155-x-235-cm","8":"pa_baski-sayisi-1-baski","9":"pa_baski-tarihi-ekim-2025","10":"pa_cilt-karton-kapak","11":"pa_sayfa-sayisi-12451","12":"pa_stok-kodu-142191","13":"pa_tur-kitap","14":"pa_yayin-dili-turkce","15":"pa_yayinevi-raven","16":"pa_yazar-fatma-bacara","18":"first","19":"instock","20":"sale","21":"shipping-taxable","22":"purchasable","23":"product-type-simple"},"_links":{"self":[{"href":"https:\/\/roveyayinevi.com.tr\/index.php\/wp-json\/wp\/v2\/product\/777505","targetHints":{"allow":["GET"]}}],"collection":[{"href":"https:\/\/roveyayinevi.com.tr\/index.php\/wp-json\/wp\/v2\/product"}],"about":[{"href":"https:\/\/roveyayinevi.com.tr\/index.php\/wp-json\/wp\/v2\/types\/product"}],"wp:featuredmedia":[{"embeddable":true,"href":"https:\/\/roveyayinevi.com.tr\/index.php\/wp-json\/wp\/v2\/media\/777506"}],"wp:attachment":[{"href":"https:\/\/roveyayinevi.com.tr\/index.php\/wp-json\/wp\/v2\/media?parent=777505"}],"wp:term":[{"taxonomy":"product_brand","embeddable":true,"href":"https:\/\/roveyayinevi.com.tr\/index.php\/wp-json\/wp\/v2\/product_brand?post=777505"},{"taxonomy":"product_cat","embeddable":true,"href":"https:\/\/roveyayinevi.com.tr\/index.php\/wp-json\/wp\/v2\/product_cat?post=777505"},{"taxonomy":"product_tag","embeddable":true,"href":"https:\/\/roveyayinevi.com.tr\/index.php\/wp-json\/wp\/v2\/product_tag?post=777505"}],"curies":[{"name":"wp","href":"https:\/\/api.w.org\/{rel}","templated":true}]}}