{"id":777487,"date":"2025-10-16T20:12:29","date_gmt":"2025-10-16T17:12:29","guid":{"rendered":"https:\/\/roveyayinevi.com.tr\/index.php\/urun\/bir-kecinin-izinde-turklerin-anadoluya-gelisi\/"},"modified":"2026-04-15T03:43:34","modified_gmt":"2026-04-15T00:43:34","slug":"bir-kecinin-izinde-turklerin-anadoluya-gelisi","status":"publish","type":"product","link":"https:\/\/roveyayinevi.com.tr\/index.php\/urun\/bir-kecinin-izinde-turklerin-anadoluya-gelisi\/","title":{"rendered":"Bir Ke\u00e7inin \u0130zinde \u2013 T\u00fcrklerin Anadolu\u2019ya Geli\u015fi"},"content":{"rendered":"<p>Tarihin y\u00f6n\u00fcn\u00fc kimi zaman b\u00fcy\u00fck sava\u015flar, kimi zaman da k\u00fc\u00e7\u00fck ayr\u0131nt\u0131lar belirler. \u0130\u015fte bu kitap, T\u00fcrklerin Anadolu\u2019ya uzanan uzun yolculu\u011funu bir ke\u00e7i metaforu \u00fczerinden ele alarak, g\u00f6\u00e7\u00fcn arkas\u0131ndaki k\u00fclt\u00fcrel, ekonomik ve toplumsal ger\u00e7eklikleri g\u00f6zler \u00f6n\u00fcne seriyor. G\u00f6\u00e7ebe ya\u015fam\u0131n zorluklar\u0131ndan Anadolu\u2019nun bereketli topraklar\u0131na, ke\u00e7i ve koyunun T\u00fcrk k\u00fclt\u00fcr\u00fcndeki sembolik rol\u00fcnden tar\u0131m ve hayvanc\u0131l\u0131kla yo\u011frulmu\u015f bir toplumsal haf\u0131zaya kadar geni\u015f bir perspektif sunan bu eser, yaln\u0131zca bir tarih okumas\u0131 de\u011fil; ayn\u0131 zamanda k\u00fclt\u00fcrel bir yolculuk. Yazar Hakan Y\u00fcksel, \u00e7ocuklu\u011funu Anadolu\u2019nun bir k\u00f6y\u00fcnde ge\u00e7irmi\u015f, k\u00f6klerini topraktan alarak d\u00fcnyaya a\u00e7\u0131lm\u0131\u015f bir isim. \u00c7eyrek asr\u0131 a\u015fan deneyimiyle \u00e7ift\u00e7i, giri\u015fimci, proje lideri ve uluslararas\u0131 d\u00fczeyde milyonlarca \u00fcreticiyi temsil eden sivil toplum genel ba\u015fkan\u0131 olarak kaleme ald\u0131\u011f\u0131 bu eser, bireysel bir tecr\u00fcbenin de\u011fil; bir milletin ortak haf\u0131zas\u0131n\u0131n yans\u0131mas\u0131d\u0131r. \u201cBir Ke\u00e7inin \u0130zinde\u201d, ge\u00e7mi\u015fle bug\u00fcn\u00fc bulu\u015fturan, kaybolmaya y\u00fcz tutmu\u015f miras\u0131n de\u011ferini hat\u0131rlatan ve gelecek nesillere g\u00fc\u00e7l\u00fc bir mesaj veren bir \u00e7a\u011fr\u0131d\u0131r:            Gelenekle modernlik aras\u0131nda denge kurmak, k\u00f6kleri ya\u015fatarak gelece\u011fi in\u015fa etmektir. <\/p>\n","protected":false},"excerpt":{"rendered":"<p>Tarihin y\u00f6n\u00fcn\u00fc kimi zaman b\u00fcy\u00fck sava\u015flar, kimi zaman da k\u00fc\u00e7\u00fck ayr\u0131nt\u0131lar belirler. \u0130\u015fte bu kitap, T\u00fcrklerin Anadolu\u2019ya uzanan uzun yolculu\u011funu bir ke\u00e7i metaforu \u00fczerinden ele alarak,<span class=\"excerpt-hellip\"> [\u2026]<\/span><\/p>\n","protected":false},"featured_media":0,"template":"","meta":{"_monsterinsights_skip_tracking":false,"_monsterinsights_sitenote_active":false,"_monsterinsights_sitenote_note":"","_monsterinsights_sitenote_category":0},"product_brand":[],"product_cat":[12304],"product_tag":[],"class_list":{"0":"post-777487","1":"product","2":"type-product","3":"status-publish","5":"product_cat-tarih","6":"pa_cilt-ciltsiz","7":"pa_tur-kitap","8":"pa_yayinevi-kalem-lugat-yayincilik","9":"pa_yazar-hakan-yuksel","11":"first","12":"instock","13":"sale","14":"shipping-taxable","15":"purchasable","16":"product-type-simple"},"_links":{"self":[{"href":"https:\/\/roveyayinevi.com.tr\/index.php\/wp-json\/wp\/v2\/product\/777487","targetHints":{"allow":["GET"]}}],"collection":[{"href":"https:\/\/roveyayinevi.com.tr\/index.php\/wp-json\/wp\/v2\/product"}],"about":[{"href":"https:\/\/roveyayinevi.com.tr\/index.php\/wp-json\/wp\/v2\/types\/product"}],"wp:attachment":[{"href":"https:\/\/roveyayinevi.com.tr\/index.php\/wp-json\/wp\/v2\/media?parent=777487"}],"wp:term":[{"taxonomy":"product_brand","embeddable":true,"href":"https:\/\/roveyayinevi.com.tr\/index.php\/wp-json\/wp\/v2\/product_brand?post=777487"},{"taxonomy":"product_cat","embeddable":true,"href":"https:\/\/roveyayinevi.com.tr\/index.php\/wp-json\/wp\/v2\/product_cat?post=777487"},{"taxonomy":"product_tag","embeddable":true,"href":"https:\/\/roveyayinevi.com.tr\/index.php\/wp-json\/wp\/v2\/product_tag?post=777487"}],"curies":[{"name":"wp","href":"https:\/\/api.w.org\/{rel}","templated":true}]}}