{"id":777483,"date":"2025-10-16T20:12:02","date_gmt":"2025-10-16T17:12:02","guid":{"rendered":"https:\/\/roveyayinevi.com.tr\/index.php\/urun\/sahika\/"},"modified":"2026-04-15T03:43:14","modified_gmt":"2026-04-15T00:43:14","slug":"sahika","status":"publish","type":"product","link":"https:\/\/roveyayinevi.com.tr\/index.php\/urun\/sahika\/","title":{"rendered":"\u015eahika"},"content":{"rendered":"<p>Baz\u0131 kar\u015f\u0131la\u015fmalar sessizdir ama kader, o sessizlikte en derin hik\u00e2yeyi f\u0131s\u0131ldar. Karen\u2026 Kat\u0131ld\u0131\u011f\u0131 kalabal\u0131k bir davette g\u00f6z g\u00f6ze geldi\u011fi adam\u0131 unuttu\u011funu san\u0131r. Ancak iki y\u0131l sonra \u015eahika Giray\u2019\u0131n g\u00f6l evinde yeniden kar\u015f\u0131la\u015ft\u0131klar\u0131nda bunun bir tesad\u00fcf de\u011fil, yar\u0131m kalm\u0131\u015f bir \u00e7a\u011fr\u0131n\u0131n cevab\u0131 oldu\u011funu anlayacakt\u0131r. Ve \u015eahika\u2026 G\u00f6rkemli ge\u00e7mi\u015finin suskun tan\u0131\u011f\u0131. Unutmakla hat\u0131rlamak aras\u0131nda, haf\u0131zas\u0131n\u0131n k\u0131y\u0131lar\u0131nda yaln\u0131z y\u00fcr\u00fcyen asil bir kad\u0131n. Silinmekte olan an\u0131lar\u0131n\u0131, ac\u0131lar\u0131n\u0131 ve kendisinden bile gizledi\u011fi s\u0131rlar\u0131n\u0131 Karen\u2019e emanet eder. Farkl\u0131 ge\u00e7mi\u015flere sahip bu iki kad\u0131n, ayn\u0131 ac\u0131n\u0131n g\u00f6lgesinde birbirine yaslan\u0131r; birinin sustuklar\u0131, di\u011ferinin kelimelerinin sesi olur. \u00c7\u00fcnk\u00fc her kad\u0131n sessizli\u011finde bir s\u0131r ta\u015f\u0131r. Ve baz\u0131 s\u0131rlar, bir ba\u015fka kad\u0131n\u0131n hik\u00e2yesinde yank\u0131lan\u0131r. FATMA ERDEK, \u015eahika\u2019da a\u015fk\u0131, sadakati, ihaneti ve haf\u0131zan\u0131n en derin yaralar\u0131n\u0131 ustal\u0131kla dokuyor. Okurunu, y\u00fcre\u011fi kavuran bir tutkuyla, kaybolan an\u0131lar\u0131n ve unutulmaz bir y\u00fczle\u015fmenin tam kalbine \u00e7ekiyor.<\/p>\n","protected":false},"excerpt":{"rendered":"<p>Baz\u0131 kar\u015f\u0131la\u015fmalar sessizdir ama kader, o sessizlikte en derin hik\u00e2yeyi f\u0131s\u0131ldar. Karen\u2026 Kat\u0131ld\u0131\u011f\u0131 kalabal\u0131k bir davette g\u00f6z g\u00f6ze geldi\u011fi adam\u0131 unuttu\u011funu san\u0131r. Ancak iki y\u0131l sonra<span class=\"excerpt-hellip\"> [\u2026]<\/span><\/p>\n","protected":false},"featured_media":0,"template":"","meta":{"_monsterinsights_skip_tracking":false,"_monsterinsights_sitenote_active":false,"_monsterinsights_sitenote_note":"","_monsterinsights_sitenote_category":0},"product_brand":[],"product_cat":[12291,12711],"product_tag":[],"class_list":{"0":"post-777483","1":"product","2":"type-product","3":"status-publish","5":"product_cat-edebiyat","6":"product_cat-roman-oyku","7":"pa_cilt-ciltsiz","8":"pa_tur-kitap","9":"pa_yayinevi-ephesus-yayinlari","10":"pa_yazar-fatma-erdek","12":"first","13":"instock","14":"sale","15":"shipping-taxable","16":"purchasable","17":"product-type-simple"},"_links":{"self":[{"href":"https:\/\/roveyayinevi.com.tr\/index.php\/wp-json\/wp\/v2\/product\/777483","targetHints":{"allow":["GET"]}}],"collection":[{"href":"https:\/\/roveyayinevi.com.tr\/index.php\/wp-json\/wp\/v2\/product"}],"about":[{"href":"https:\/\/roveyayinevi.com.tr\/index.php\/wp-json\/wp\/v2\/types\/product"}],"wp:attachment":[{"href":"https:\/\/roveyayinevi.com.tr\/index.php\/wp-json\/wp\/v2\/media?parent=777483"}],"wp:term":[{"taxonomy":"product_brand","embeddable":true,"href":"https:\/\/roveyayinevi.com.tr\/index.php\/wp-json\/wp\/v2\/product_brand?post=777483"},{"taxonomy":"product_cat","embeddable":true,"href":"https:\/\/roveyayinevi.com.tr\/index.php\/wp-json\/wp\/v2\/product_cat?post=777483"},{"taxonomy":"product_tag","embeddable":true,"href":"https:\/\/roveyayinevi.com.tr\/index.php\/wp-json\/wp\/v2\/product_tag?post=777483"}],"curies":[{"name":"wp","href":"https:\/\/api.w.org\/{rel}","templated":true}]}}