{"id":777465,"date":"2025-10-16T04:44:29","date_gmt":"2025-10-16T01:44:29","guid":{"rendered":"https:\/\/roveyayinevi.com.tr\/index.php\/urun\/hallac-i-mansur\/"},"modified":"2026-04-15T03:43:35","modified_gmt":"2026-04-15T00:43:35","slug":"hallac-i-mansur","status":"publish","type":"product","link":"https:\/\/roveyayinevi.com.tr\/index.php\/urun\/hallac-i-mansur\/","title":{"rendered":"Hallac-\u0131 Mansur"},"content":{"rendered":"<p>\u201cAllah\u2019\u0131m! \u015eu topluluk senin kullar\u0131nd\u0131r. Dinlerine olan ba\u011fl\u0131l\u0131klar\u0131 y\u00fcz\u00fcnden sana yak\u0131nla\u015fma umuduyla beni \u00f6ld\u00fcrmek i\u00e7in toplanm\u0131\u015flar. Onlar\u0131 affet! Onlar\u0131 cennetinin en g\u00fczel yerine al. \u0130yi biliyorum ki, bana a\u00e7t\u0131\u011f\u0131n s\u0131rlar\u0131 onlara a\u00e7san yahut onlardan gizledi\u011fin \u015feyleri benden de gizleseydin, bu h\u00e2l ba\u015f\u0131m\u0131za gelmezdi. Yapt\u0131\u011f\u0131n, murat etti\u011fin \u015feyler i\u00e7in sana sonsuz te\u015fekk\u00fcrler!\u201dHall\u00e2c-\u0131 Mans\u00fbr\u2019un dara\u011fac\u0131nda son nefesle Hakk\u2019\u0131n sonsuzlu\u011funa b\u0131rakt\u0131\u011f\u0131 bu niyaz, merhametin en ar\u0131 h\u00e2li, teslimiyetin dile gelen en derin yank\u0131s\u0131, a\u015fk\u0131n insana s\u0131\u011fmayan en yak\u0131c\u0131 s\u0131rr\u0131d\u0131r.Sad\u0131k Yals\u0131zu\u00e7anlar, bu eserde Mans\u00fbr&#8217;un s\u0131rlarla \u00f6r\u00fcl\u00fc yolculu\u011funu r\u00fcyalardan mahkemelere, dara\u011fa\u00e7lar\u0131ndan g\u00f6n\u00fcllere ta\u015f\u0131yor. Her sat\u0131rda, hakikatin ate\u015fiyle yan\u0131p k\u00fcl olan bir \u00e2\u015f\u0131\u011f\u0131n nefesi hissediliyor. <\/p>\n","protected":false},"excerpt":{"rendered":"<p>\u201cAllah\u2019\u0131m! \u015eu topluluk senin kullar\u0131nd\u0131r. Dinlerine olan ba\u011fl\u0131l\u0131klar\u0131 y\u00fcz\u00fcnden sana yak\u0131nla\u015fma umuduyla beni \u00f6ld\u00fcrmek i\u00e7in toplanm\u0131\u015flar. Onlar\u0131 affet! Onlar\u0131 cennetinin en g\u00fczel yerine al. \u0130yi biliyorum<span class=\"excerpt-hellip\"> [\u2026]<\/span><\/p>\n","protected":false},"featured_media":0,"template":"","meta":{"_monsterinsights_skip_tracking":false,"_monsterinsights_sitenote_active":false,"_monsterinsights_sitenote_note":"","_monsterinsights_sitenote_category":0},"product_brand":[],"product_cat":[141304],"product_tag":[],"class_list":{"0":"post-777465","1":"product","2":"type-product","3":"status-publish","5":"product_cat-yeni-cikanlar","6":"pa_cilt-ciltsiz","7":"pa_tur-kitap","8":"pa_yayinevi-profil-kitap","9":"pa_yazar-sadik-yalsizucanlar","11":"first","12":"instock","13":"sale","14":"shipping-taxable","15":"purchasable","16":"product-type-simple"},"_links":{"self":[{"href":"https:\/\/roveyayinevi.com.tr\/index.php\/wp-json\/wp\/v2\/product\/777465","targetHints":{"allow":["GET"]}}],"collection":[{"href":"https:\/\/roveyayinevi.com.tr\/index.php\/wp-json\/wp\/v2\/product"}],"about":[{"href":"https:\/\/roveyayinevi.com.tr\/index.php\/wp-json\/wp\/v2\/types\/product"}],"wp:attachment":[{"href":"https:\/\/roveyayinevi.com.tr\/index.php\/wp-json\/wp\/v2\/media?parent=777465"}],"wp:term":[{"taxonomy":"product_brand","embeddable":true,"href":"https:\/\/roveyayinevi.com.tr\/index.php\/wp-json\/wp\/v2\/product_brand?post=777465"},{"taxonomy":"product_cat","embeddable":true,"href":"https:\/\/roveyayinevi.com.tr\/index.php\/wp-json\/wp\/v2\/product_cat?post=777465"},{"taxonomy":"product_tag","embeddable":true,"href":"https:\/\/roveyayinevi.com.tr\/index.php\/wp-json\/wp\/v2\/product_tag?post=777465"}],"curies":[{"name":"wp","href":"https:\/\/api.w.org\/{rel}","templated":true}]}}